{"id":16,"date":"2012-01-30T08:18:00","date_gmt":"2012-01-30T08:18:00","guid":{"rendered":"http:\/\/semmelweis-egyetem.hu\/gytk\/?page_id=16"},"modified":"2026-04-17T12:19:05","modified_gmt":"2026-04-17T10:19:05","slug":"kari-bizottsagok","status":"publish","type":"page","link":"https:\/\/semmelweis.hu\/gytk\/a-karrol\/kari-bizottsagok\/","title":{"rendered":"Kari bizotts\u00e1gok"},"content":{"rendered":"<div class=\"keretes w-100\">\n<h1>A Szen\u00e1tus \u00e1ltal l\u00e9trehozott Karon m\u0171k\u00f6d\u0151 \u00e1lland\u00f3 bizotts\u00e1gok\u00a0<\/h1>\n<\/div>\n<h4><strong>1. Tanulm\u00e1nyi \u00e9s Vizsgabizotts\u00e1g<\/strong><\/h4>\n<h4><span style=\"font-size: 18pt;\">\u00a0ELN\u00d6K :<\/span><\/h4>\n<p><b>Dr. Maz\u00e1kn\u00e9 Dr. Kraszni M\u00e1rta egyetemi docens<br \/>\n(Gy\u00f3gyszer\u00e9szi K\u00e9miai Int\u00e9zet)<\/b><\/p>\n<h4>Tagok:<\/h4>\n<p>Dr. T\u00e1bi Tam\u00e1s egyetemi tan\u00e1r<br \/>\nDr. Budai L\u00edvia egyetemi adjunktus<br \/>\nDr. P\u00e1lla Tam\u00e1s egyetemi adjunktus<br \/>\nLankovics Lilla gy\u00f3gyszer\u00e9szhallgat\u00f3<br \/>\nSzil\u00e1gyi P\u00e9ter gy\u00f3gyszer\u00e9szhallgat\u00f3<br \/>\nVir\u00e1g Fi\u00f3na\u00a0 gy\u00f3gyszer\u00e9szhallgat\u00f3<\/p>\n<p><a href=\"https:\/\/semmelweis.hu\/gytk\/files\/2021\/10\/TVB-\u00fcgyrend_2021.pdf\" target=\"_blank\" rel=\"noopener noreferrer\">A Tanulm\u00e1nyi \u00e9s Vizsgabizotts\u00e1g \u00fcgyrendje (pdf)<\/a><\/p>\n<hr \/>\n<h4><strong>2. Kredit\u00e1tviteli \u00e9s Oktat\u00e1si Bizotts\u00e1g<br \/>\n<\/strong><\/h4>\n<h4>Eln\u00f6k:<\/h4>\n<p><strong>Dr. T\u00e1bi Tam\u00e1s egyetemi tan\u00e1r, d\u00e9k\u00e1nhelyettes <br \/>\n(Gy\u00f3gyszerhat\u00e1stani Int\u00e9zet)<\/strong><\/p>\n<h4>Tagok:<\/h4>\n<p>Dr. Sz\u00f6k\u0151 \u00c9va egyetemi tan\u00e1r\u00a0<br \/>\nDr. Zelk\u00f3 Rom\u00e1na egyetemi tan\u00e1r<br \/>\nDr. Hank\u00f3 Bal\u00e1zs egyetemi tan\u00e1r<br \/>\nDr. Maz\u00e1kn\u00e9 Dr. Kraszni M\u00e1rta egyetemi docens<br \/>\nKun Anna Ter\u00e9zia gy\u00f3gyszer\u00e9szhallgat\u00f3<br \/>\nLankovics Lilla gy\u00f3gyszer\u00e9szhallgat\u00f3<\/p>\n<p><a href=\"https:\/\/semmelweis.hu\/gytk\/files\/2026\/02\/KAOB-ugyrend.pdf\" target=\"_blank\" rel=\"noopener\">A Kredit\u00e1tviteli \u00e9s Oktat\u00e1si Bizotts\u00e1g \u00dcgyrendje (pdf)<\/a><\/p>\n<hr \/>\n<h4><strong>3. Etikai \u00e9s Fegyelmi Bizotts\u00e1g<br \/>\n<\/strong><\/h4>\n<h4>Eln\u00f6k:<\/h4>\n<p><strong>Dr. Zelk\u00f3 Rom\u00e1na egyetemi tan\u00e1r<br \/>\n<\/strong><strong> (Egyetemi Gy\u00f3gyszert\u00e1r Gy\u00f3gyszer\u00fcgyi Szervez\u00e9si Int\u00e9zet)<\/strong><\/p>\n<h4>Tagok:<\/h4>\n<p>Dr. K\u00e1llai-Szab\u00f3 Nikolett egyetemi docens<br \/>\nDr. Mirzahosseini Arash egyetemi docens<br \/>\nBar\u00e1th \u00c9va Eszter gy\u00f3gyszer\u00e9szhallgat\u00f3<br \/>\nP\u00e1lfi Fruzsina Karina gy\u00f3gyszer\u00e9szhallgat\u00f3<\/p>\n<p><a href=\"https:\/\/semmelweis.hu\/gytk\/files\/2021\/10\/SE-GYTK-SZMR-M04_KEFB_V\u00c9GLEGES_20210526_ZR_.pdf\" target=\"_blank\" rel=\"noopener noreferrer\">Az Etikai \u00e9s Fegyelmi Bizotts\u00e1g \u00fcgyrendje (pdf)<\/a><\/p>\n<div class=\"keretes w-100\">\n<h1>A Gy\u00f3gyszer\u00e9sztudom\u00e1nyi Karon m\u0171k\u00f6d\u0151 kari \u00e1lland\u00f3 bizotts\u00e1gok<strong>\u00a0 \u00a0<\/strong><\/h1>\n<\/div>\n<h4><strong>4. Tudom\u00e1nyos \u00e9s Min\u0151s\u00e9gbiztos\u00edt\u00e1si Bizotts\u00e1g<\/strong><\/h4>\n<h4>Eln\u00f6k:<\/h4>\n<p><strong>Dr. Lud\u00e1nyi Krisztina egyetemi docens, d\u00e9k\u00e1nhelyettes\u00a0<br \/>\n(Gy\u00f3gyszer\u00e9szeti Int\u00e9zet)<\/strong><\/p>\n<h4>Tagok:<\/h4>\n<p>Dr. Bagdy Gy\u00f6rgy professor emeritus<br \/>\nDr. Zelk\u00f3 Rom\u00e1na egyetemi tan\u00e1r<br \/>\nDr. Alberti \u00c1gnes egyetemi docens<br \/>\nDr. Maz\u00e1k K\u00e1roly egyetemi docens<br \/>\nDr. Mirzahosseini Arash egyetemi docens<br \/>\nDr. Basa B\u00e1lint egyetemi tan\u00e1rseg\u00e9d<br \/>\nFejes Istv\u00e1n gy\u00f3gyszer\u00e9szhallgat\u00f3<br \/>\nNagy Imre Rich\u00e1rd gy\u00f3gyszer\u00e9szhallgat\u00f3<\/p>\n<p><a href=\"https:\/\/semmelweis.hu\/gytk\/files\/2023\/04\/Tudomanyos-es-Minosebiztositasi-Bizottsag-Ugyrendje_2023.pdf\" target=\"_blank\" rel=\"noopener\">A Tudom\u00e1nyos \u00e9s Min\u0151s\u00e9biztos\u00edt\u00e1si Bizotts\u00e1g \u00dcgyrendj (pdf)<\/a><\/p>\n<h4 style=\"text-align: left;\"><strong style=\"font-size: 1rem;\">\u00a05. Szak- \u00e9s Tov\u00e1bbk\u00e9pz\u00e9si Bizotts\u00e1g<\/strong><strong><br \/>\n<\/strong><\/h4>\n<h4>Eln\u00f6k:<\/h4>\n<p><strong>Dr. Somogyi Orsolya egyetemi adjunktus<br \/>\n(Egyetemi Gy\u00f3gyszert\u00e1r Gy\u00f3gyszer\u00fcgyi Szervez\u00e9si Int\u00e9zet)<\/strong><\/p>\n<h4>Tagok:<\/h4>\n<p>Dr. T\u00e1bi Tam\u00e1s egyetemi tan\u00e1r<br \/>\nDr. Seb\u0151k Szilvia f\u0151gy\u00f3gyszer\u00e9sz<br \/>\nDr. Lengyel Mil\u00e9na egyetemi adjunktus<\/p>\n<p><a href=\"https:\/\/semmelweis.hu\/gytk\/files\/2023\/04\/Szak-es-Tovabbkepzesi-Bizottsag-Ugyrendje_2023.pdf\" target=\"_blank\" rel=\"noopener\">A Szak \u00e9s Tov\u00e1bbk\u00e9pz\u00e9si Bizotts\u00e1g \u00dcgyrendje (pdf)<\/a><\/p>\n<h4><strong>6. Idegen Nyelv\u0171 Oktat\u00e1si \u00e9s Nemzetk\u00f6zi Kapcsolatok Bizotts\u00e1g<\/strong><\/h4>\n<h4>Eln\u00f6k:<\/h4>\n<p><b>Dr. M\u00e1ndity Istv\u00e1n egyetemi docens<br \/>\n(Szerves Vegytani Int\u00e9zet)<\/b><\/p>\n<h4>Tagok:<\/h4>\n<p>Dr. Maz\u00e1kn\u00e9 Dr. Kraszni M\u00e1rta egyetemi docens<br \/>\nDr. M\u00e9sz\u00e1ros \u00c1gnes egyetemi docens<br \/>\nDr. Dunkel Petra egyetemi adjunktus<br \/>\nDr. Mirzahosseini Arash egyetemi docens<br \/>\nDr. P\u00e1lla Tam\u00e1s egyetemei adjunktus<br \/>\nNagy Imre Rich\u00e1rd gy\u00f3gyszer\u00e9szhallgat\u00f3<\/p>\n<p>\n<a href=\"https:\/\/semmelweis.hu\/gytk\/files\/2023\/04\/Idegennyelvu-Oktatasi-es-Nemzetkozi-Bizottsag-1.pdf\" target=\"_blank\" rel=\"noopener\">Az Idegennyelv\u0171 Oktat\u00e1si \u00e9s Nemzetk\u00f6zi Bizotts\u00e1g \u00fcgyrendje (pdf)<\/a><\/p>\n","protected":false},"excerpt":{"rendered":"<p>A Szen\u00e1tus \u00e1ltal l\u00e9trehozott Karon m\u0171k\u00f6d\u0151 \u00e1lland\u00f3 bizotts\u00e1gok\u00a0 1. Tanulm\u00e1nyi \u00e9s Vizsgabizotts\u00e1g \u00a0ELN\u00d6K : Dr. Maz\u00e1kn\u00e9 Dr. Kraszni M\u00e1rta egyetemi docens (Gy\u00f3gyszer\u00e9szi K\u00e9miai Int\u00e9zet) Tagok: Dr. T\u00e1bi Tam\u00e1s egyetemi tan\u00e1r Dr. Budai L\u00edvia egyetemi adjunktus Dr. P\u00e1lla Tam\u00e1s egyetemi adjunktus Lankovics Lilla gy\u00f3gyszer\u00e9szhallgat\u00f3 Szil\u00e1gyi P\u00e9ter gy\u00f3gyszer\u00e9szhallgat\u00f3 Vir\u00e1g Fi\u00f3na\u00a0 gy\u00f3gyszer\u00e9szhallgat\u00f3 <a href=\"https:\/\/semmelweis.hu\/gytk\/files\/2021\/10\/TVB-\u00fcgyrend_2021.pdf\" target=\"_blank\" rel=\"noopener noreferrer\">A Tanulm\u00e1nyi \u00e9s Vizsgabizotts\u00e1g \u00fcgyrendje (pdf)<\/a> 2. Kredit\u00e1tviteli \u00e9s Oktat\u00e1si Bizotts\u00e1g Eln\u00f6k: &hellip;<\/p>\n","protected":false},"author":8,"featured_media":0,"parent":21,"menu_order":7,"comment_status":"closed","ping_status":"closed","template":"","meta":{"_acf_changed":false,"footnotes":""},"categories":[],"tags":[],"class_list":["post-16","page","type-page","status-publish","hentry"],"acf":[],"_links":{"self":[{"href":"https:\/\/semmelweis.hu\/gytk\/wp-json\/wp\/v2\/pages\/16","targetHints":{"allow":["GET"]}}],"collection":[{"href":"https:\/\/semmelweis.hu\/gytk\/wp-json\/wp\/v2\/pages"}],"about":[{"href":"https:\/\/semmelweis.hu\/gytk\/wp-json\/wp\/v2\/types\/page"}],"author":[{"embeddable":true,"href":"https:\/\/semmelweis.hu\/gytk\/wp-json\/wp\/v2\/users\/8"}],"replies":[{"embeddable":true,"href":"https:\/\/semmelweis.hu\/gytk\/wp-json\/wp\/v2\/comments?post=16"}],"version-history":[{"count":12,"href":"https:\/\/semmelweis.hu\/gytk\/wp-json\/wp\/v2\/pages\/16\/revisions"}],"predecessor-version":[{"id":18439,"href":"https:\/\/semmelweis.hu\/gytk\/wp-json\/wp\/v2\/pages\/16\/revisions\/18439"}],"up":[{"embeddable":true,"href":"https:\/\/semmelweis.hu\/gytk\/wp-json\/wp\/v2\/pages\/21"}],"wp:attachment":[{"href":"https:\/\/semmelweis.hu\/gytk\/wp-json\/wp\/v2\/media?parent=16"}],"wp:term":[{"taxonomy":"category","embeddable":true,"href":"https:\/\/semmelweis.hu\/gytk\/wp-json\/wp\/v2\/categories?post=16"},{"taxonomy":"post_tag","embeddable":true,"href":"https:\/\/semmelweis.hu\/gytk\/wp-json\/wp\/v2\/tags?post=16"}],"curies":[{"name":"wp","href":"https:\/\/api.w.org\/{rel}","templated":true}]}}