{"id":15,"date":"2012-01-30T08:16:06","date_gmt":"2012-01-30T08:16:06","guid":{"rendered":"http:\/\/semmelweis-egyetem.hu\/gytk\/?page_id=15"},"modified":"2026-04-02T12:35:15","modified_gmt":"2026-04-02T10:35:15","slug":"kari-tanacs","status":"publish","type":"page","link":"https:\/\/semmelweis.hu\/gytk\/a-karrol\/kari-tanacs\/","title":{"rendered":"Kari Tan\u00e1cs"},"content":{"rendered":"<p><em>A Kar vezet\u0151 test\u00fclete a Kari Tan\u00e1cs, amely a Karhoz tartoz\u00f3 int\u00e9zetek-, klinik\u00e1k-, tansz\u00e9kek vezet\u0151inek, hallgat\u00f3inak, valamint a Kari Tan\u00e1cs m\u00e1s tagjainak k\u00f6z\u00f6s \u00f6nkorm\u00e1nyzati test\u00fclete. A Kari Tan\u00e1cs a Kar d\u00f6nt\u00e9si, javaslatt\u00e9teli, v\u00e9lem\u00e9nyez\u0151 \u00e9s ellen\u0151rz\u00e9si joggal felruh\u00e1zott vezet\u0151 test\u00fclete, amely a Szen\u00e1tus d\u00f6nt\u00e9s\u00e9nek figyelembe v\u00e9tel\u00e9vel hat\u00e1rozza meg a Kar k\u00e9pz\u00e9si \u00e9s kutat\u00e1si feladatait. A Kari Tan\u00e1cs tagjainak megb\u00edzat\u00e1sa h\u00e1rom \u00e9vre sz\u00f3l. A Kari Tan\u00e1cs eln\u00f6ke a d\u00e9k\u00e1n, akad\u00e1lyoztat\u00e1sa eset\u00e9n az \u00e1ltala kijel\u00f6lt d\u00e9k\u00e1nhelyettes.<\/em><\/p>\n<p><strong>A Kari Tan\u00e1cs szavazati joggal rendelkez\u0151 tagjainak n\u00e9vsora:<\/strong><\/p>\n<p><strong>Dr. Antal Istv\u00e1n<\/strong> egyetemi tan\u00e1r, igazgat\u00f3, d\u00e9k\u00e1n<br \/>\nGy\u00f3gyszer\u00e9szeti Int\u00e9zet<\/p>\n<p><strong>Dr. Zelk\u00f3 Rom\u00e1na<\/strong> egyetemi tan\u00e1r, igazgat\u00f3, Etikai \u00e9s Fegyelmi Bizotts\u00e1g eln\u00f6ke<br \/>\nEgyetemi Gy\u00f3gyszert\u00e1r Gy\u00f3gyszer\u00fcgyi Szervez\u00e9si Int\u00e9zet<\/p>\n<p><strong>Dr. Lud\u00e1nyi Krisztina<\/strong> egyetemi docens, igazgat\u00f3helyettes, d\u00e9k\u00e1nhelyettes, Tudom\u00e1nyos \u00e9s Min\u0151s\u00e9gbiztos\u00edt\u00e1si Bizotts\u00e1g eln\u00f6ke<br \/>\nGy\u00f3gyszer\u00e9szeti Int\u00e9zet<\/p>\n<p><strong>Dr. T\u00e1bi Tam\u00e1s<\/strong> egyetemi tan\u00e1r, igazgat\u00f3,\u00a0 d\u00e9k\u00e1nhelyettes, Kredit\u00e1tviteli Bizotts\u00e1g eln\u00f6ke<br \/>\nGy\u00f3gyszerhat\u00e1stani Int\u00e9zet<\/p>\n<p><strong>Dr. Balogh Gy\u00f6rgy Tibor<\/strong> egyetemi tan\u00e1r, igazgat\u00f3<br \/>\nGy\u00f3gyszer\u00e9szi K\u00e9miai Int\u00e9zet<\/p>\n<p><strong>Dr. Alberti-D\u00e9r \u00c1gnes<\/strong> egyetemi docens, igazgat\u00f3<br \/>\nFarmakogn\u00f3ziai Int\u00e9zet<\/p>\n<p><strong>Dr. M\u00e1ndity Istv\u00e1n<\/strong>\u00a0egyetemi docens, igazgat\u00f3<br \/>\nSzerves Vegytani Int\u00e9zet<\/p>\n<p><strong>Dr. Beny\u00f3 Zolt\u00e1n<\/strong> egyetemi tan\u00e1r, igazgat\u00f3, <br \/>\nDoktori Tan\u00e1cs eln\u00f6ke<\/p>\n<p><strong>Dr. Sz\u00f6k\u0151 \u00c9va<\/strong> egyetemi tan\u00e1r, a Doktori Tan\u00e1cs k\u00e9pvisel\u0151je, a Programakkredit\u00e1ci\u00f3s Bizotts\u00e1g eln\u00f6ke<br \/>\nGy\u00f3gyszerhat\u00e1stani Int\u00e9zet<\/p>\n<p><strong>Dr. T\u00f3thfalusi L\u00e1szl\u00f3<\/strong> egyetemi tan\u00e1r, <br \/>\nGy\u00f3gyszerhat\u00e1stani Int\u00e9zet<\/p>\n<p><strong>Dr. Maz\u00e1kn\u00e9 Dr. Kraszni M\u00e1rta<\/strong> egyetemi docens, Tanulm\u00e1nyi \u00e9s Vizsgabizotts\u00e1g eln\u00f6ke<br \/>\nGy\u00f3gyszer\u00e9szi K\u00e9miai Int\u00e9zet<\/p>\n<p><strong>Dr. Seb\u0151k Szilvia <\/strong>mb. f\u0151gy\u00f3gyszer\u00e9sz<br \/>\nEgyetemi Gy\u00f3gyszert\u00e1r Gy\u00f3gyszer\u00fcgyi Szervez\u00e9si Int\u00e9zet<\/p>\n<p><strong>Dr. Deme Ruth<\/strong> egyetemi tan\u00e1rseg\u00e9d,<br \/>\nSzerves Vegytani Int\u00e9zet<\/p>\n<p><strong>Dr. Kellermayer Mikl\u00f3s\u00a0<\/strong>\u00a0egyetemi tan\u00e1r, igazgat\u00f3,\u00a0<br \/>\nBiofizikai \u00e9s Sug\u00e1rbiol\u00f3giai Int\u00e9zet<\/p>\n<p><strong>Dr. Jedlovszky-Hajd\u00fa Ang\u00e9la<\/strong> egyetemi docens, <br \/>\nBiofizikai \u00e9s Sug\u00e1rbiol\u00f3giai Int\u00e9zet<\/p>\n<p><strong>Dr. Buz\u00e1s Edit<\/strong> egyetemi tan\u00e1r, igazgat\u00f3, <br \/>\nGenetikai, Sejt- \u00e9s Immunbiol\u00f3giai Int\u00e9zet<\/p>\n<p><strong>Dr. Hajd\u00fa M\u00e1ria<\/strong> S\u00c9SZ k\u00e9pviselet\u00e9ben<\/p>\n<p><strong>Dr. Koncz Szabolcs<\/strong> egyetemi tan\u00e1rseg\u00e9d,<br \/>\nGy\u00f3gyszerhat\u00e1stani Int\u00e9zet<\/p>\n<p><strong>Dr. Basa B\u00e1lint<\/strong> PhD hallgat\u00f3 a Kari Ifj\u00fas\u00e1gi Tan\u00e1cs eln\u00f6ke, OMHV eln\u00f6ke<\/p>\n<p><strong>Dr. Artner Anna<\/strong>\u00a0 PhD hallgat\u00f3, D\u00d6K k\u00e9pvisel\u0151<\/p>\n<p><strong>Dobi Tam\u00e1s <\/strong>V. \u00e9ves gy\u00f3gyszer\u00e9szhallgat\u00f3<\/p>\n<p><strong>Lankovics Lilla<\/strong> IV. \u00e9ves gy\u00f3gyszer\u00e9szhallgat\u00f3<\/p>\n<p><strong>Mikl\u00f3s Ren\u00e1ta Dalma<\/strong> V. \u00e9ves gy\u00f3gyszer\u00e9szhallgat\u00f3<\/p>\n<p><strong>Nagy Imre Rich\u00e1rd<\/strong> III. \u00e9ves gy\u00f3gyszer\u00e9szhallgat\u00f3<\/p>\n<p><strong>P\u00e1lfi Fanni Klaudia<\/strong> V. \u00e9ves gy\u00f3gyszer\u00e9szhallgat\u00f3<\/p>\n<p><strong>Fejes Istv\u00e1n<\/strong> III. \u00e9ves gy\u00f3gyszer\u00e9szhallgat\u00f3<\/p>\n<p>&nbsp;<\/p>\n<p>&nbsp;<\/p>\n<p>&nbsp;<\/p>\n<hr \/>\n<h2>Kari Tan\u00e1cs \u00fcl\u00e9sre \u00c1lland\u00f3 megh\u00edvottak<\/h2>\n<p><em>(tan\u00e1cskoz\u00e1si joggal, szavazati jog n\u00e9lk\u00fcl)<\/em><\/p>\n<p><strong>Dr. Merkely B\u00e9la<\/strong>\u00a0egyetemi tan\u00e1r, rektor<\/p>\n<p><strong>Dr. Pavlik L\u00edvia<\/strong> kancell\u00e1r<\/p>\n<p><b>\u00c1d\u00e1m \u00c9va <\/b>p\u00e9nz\u00fcgyi \u00e9s vagyongazd\u00e1lkod\u00e1si f\u0151igazgat\u00f3<\/p>\n<p><strong>Dr. Reichert P\u00e9ter<\/strong> emberier\u0151forr\u00e1s-gazd\u00e1lkod\u00e1si f\u0151igazgat\u00f3<\/p>\n<p><b>M\u00e9sz\u00e1ros Istv\u00e1n <\/b>m\u0171szaki f\u0151igazgat\u00f3<\/p>\n<p><b>Dr. Ant\u00f3ny Zsolt <\/b>szen\u00e1tusi f\u0151titk\u00e1r<\/p>\n<p><strong>Dr. Kov\u00e1cs Zsolt<\/strong> JIF f\u0151igazgat\u00f3<\/p>\n<p><strong>Orosz-Kecsk\u00e9s M\u00e1ria<\/strong> igazgat\u00f3 Ellen\u0151rz\u00e9si Igazgat\u00f3s\u00e1g<\/p>\n<p><strong>Dr. Somogyi Orsolya<\/strong> egyetemi adjunktus a Szak- \u00e9s Tov\u00e1bbk\u00e9pz\u00e9si Bizotts\u00e1g eln\u00f6ke<\/p>\n<p><strong>Dr. Kocsis Erika<\/strong> d\u00e9k\u00e1ni hivatalvezet\u0151<\/p>\n<p><strong>G\u00e1briel Edina<\/strong> kari gazdas\u00e1gi vezet\u0151<\/p>\n<p><strong>Dr. T\u00fari Ibolya<\/strong>\u00a0igazgat\u00f3 Oktat\u00e1sfejleszt\u00e9si, -m\u00f3dszertani \u00e9s- szervez\u00e9si K\u00f6zpont<\/p>\n<p><strong>Szepesi D\u00f3ra<\/strong> f\u0151igazgat\u00f3 Marketing \u00e9s Kommunik\u00e1ci\u00f3s F\u0151igazgat\u00f3s\u00e1g<\/p>\n<p><strong>Czinderi G\u00e1bor<\/strong> f\u0151igazgat\u00f3 Informatikai F\u0151igazgat\u00f3s\u00e1g<\/p>\n<p><strong>Dr. Ambrus Attila<\/strong> egyetemi tan\u00e1r<\/p>\n<p><strong>Cs\u00f6rgein\u00e9 Dr. Kurin Krisztina<\/strong> egyetemi docens, ELTE TTK<\/p>\n<p><strong>Dr. Szalai Istv\u00e1n<\/strong> egyetemi tan\u00e1r, ELTE TTK<\/p>\n<p><strong>Valyon Beatrix<\/strong>\u00a0 a K\u00f6zalkalmazotti Tan\u00e1cs deleg\u00e1ltja<\/p>\n<p>&nbsp;<\/p>\n<p>&nbsp;<\/p>\n<p>&nbsp;<\/p>\n","protected":false},"excerpt":{"rendered":"<p>A Kar vezet\u0151 test\u00fclete a Kari Tan\u00e1cs, amely a Karhoz tartoz\u00f3 int\u00e9zetek-, klinik\u00e1k-, tansz\u00e9kek vezet\u0151inek, hallgat\u00f3inak, valamint a Kari Tan\u00e1cs m\u00e1s tagjainak k\u00f6z\u00f6s \u00f6nkorm\u00e1nyzati test\u00fclete. A Kari Tan\u00e1cs a Kar d\u00f6nt\u00e9si, javaslatt\u00e9teli, v\u00e9lem\u00e9nyez\u0151 \u00e9s ellen\u0151rz\u00e9si joggal felruh\u00e1zott vezet\u0151 test\u00fclete, amely a Szen\u00e1tus d\u00f6nt\u00e9s\u00e9nek figyelembe v\u00e9tel\u00e9vel hat\u00e1rozza meg a Kar k\u00e9pz\u00e9si \u00e9s kutat\u00e1si feladatait. A Kari &hellip;<\/p>\n","protected":false},"author":8,"featured_media":0,"parent":21,"menu_order":6,"comment_status":"closed","ping_status":"closed","template":"","meta":{"_acf_changed":false,"footnotes":""},"categories":[],"tags":[],"class_list":["post-15","page","type-page","status-publish","hentry"],"acf":[],"_links":{"self":[{"href":"https:\/\/semmelweis.hu\/gytk\/wp-json\/wp\/v2\/pages\/15","targetHints":{"allow":["GET"]}}],"collection":[{"href":"https:\/\/semmelweis.hu\/gytk\/wp-json\/wp\/v2\/pages"}],"about":[{"href":"https:\/\/semmelweis.hu\/gytk\/wp-json\/wp\/v2\/types\/page"}],"author":[{"embeddable":true,"href":"https:\/\/semmelweis.hu\/gytk\/wp-json\/wp\/v2\/users\/8"}],"replies":[{"embeddable":true,"href":"https:\/\/semmelweis.hu\/gytk\/wp-json\/wp\/v2\/comments?post=15"}],"version-history":[{"count":14,"href":"https:\/\/semmelweis.hu\/gytk\/wp-json\/wp\/v2\/pages\/15\/revisions"}],"predecessor-version":[{"id":18365,"href":"https:\/\/semmelweis.hu\/gytk\/wp-json\/wp\/v2\/pages\/15\/revisions\/18365"}],"up":[{"embeddable":true,"href":"https:\/\/semmelweis.hu\/gytk\/wp-json\/wp\/v2\/pages\/21"}],"wp:attachment":[{"href":"https:\/\/semmelweis.hu\/gytk\/wp-json\/wp\/v2\/media?parent=15"}],"wp:term":[{"taxonomy":"category","embeddable":true,"href":"https:\/\/semmelweis.hu\/gytk\/wp-json\/wp\/v2\/categories?post=15"},{"taxonomy":"post_tag","embeddable":true,"href":"https:\/\/semmelweis.hu\/gytk\/wp-json\/wp\/v2\/tags?post=15"}],"curies":[{"name":"wp","href":"https:\/\/api.w.org\/{rel}","templated":true}]}}