{"id":14692,"date":"2023-09-15T14:45:09","date_gmt":"2023-09-15T12:45:09","guid":{"rendered":"https:\/\/semmelweis.hu\/gytk\/?page_id=14692"},"modified":"2025-10-01T15:03:28","modified_gmt":"2025-10-01T13:03:28","slug":"dekani-hivatal","status":"publish","type":"page","link":"https:\/\/semmelweis.hu\/gytk\/a-karrol\/dekani-hivatal\/","title":{"rendered":"D\u00e9k\u00e1ni Hivatal"},"content":{"rendered":"<h4><strong>D\u00e9k\u00e1ni hivatal<\/strong><\/h4>\n<p><strong>Dr. Kocsis Erika<\/strong>\u00a0\u00a0<br \/>\n<em>hivatalvezet\u0151<br \/>\n<\/em><a href=\"mailto:kocsis.erika@semmelweis.hu\">kocsis.erika@semmelweis.hu<\/a><em><br \/>\n<\/em>Telefon: +36 1 459-1500 \/55319<\/p>\n<h4><strong>titk\u00e1rs\u00e1g<\/strong><\/h4>\n<p><strong>Tokaji Szilvia<\/strong>\u00a0<br \/>\n<em>titk\u00e1rs\u00e1gi szak\u00e9rt\u0151<br \/>\n<\/em><a href=\"mailto:tokaji.szilvia@semmelweis.hu\">tokaji.szilvia@semmelweis.hu<\/a><br \/>\nTelefon: +36 1 459-1500\/55315<\/p>\n<p>Telefon: +36 1 266-0449<br \/>\nE-mail.: <a href=\"mailto:gytkhivatal@semmelweis.hu\" target=\"_blank\" rel=\"noopener\">gytkdhivatal@semmelweis.hu<\/a>\u00a0<br \/>\n1085 Budapest, VIII. \u00dcll\u0151i \u00fat 26. fszt.16.<\/p>\n<h4>\u00a0<\/h4>\n<h4><strong>Gradu\u00e1lis k\u00e9pz\u00e9s<\/strong><\/h4>\n<p class=\"tabcontent\"><strong>D\u00c9K\u00c1NI HIVATAL TANULM\u00c1NYI CSOPORT<br \/>\n<\/strong><\/p>\n<p>Tanulm\u00e1nyi \u00fcgyint\u00e9z\u00e9s, k\u00e9relmek, tanulm\u00e1nyokkal kapcsolatos t\u00e1j\u00e9koztat\u00e1s \u00e9s seg\u00edts\u00e9gny\u00fajt\u00e1s.<\/p>\n<div class=\"w-100\">\n<p><strong>\u00dcgyf\u00e9lfogad\u00e1s:<\/strong><\/p>\n<\/div>\n<div class=\"keretes w-100\">\n<table style=\"border-collapse: collapse;width: 100%\">\n<tbody>\n<tr>\n<td style=\"width: 50%\">\n<div class=\"w-100\"><strong>H\u00e9tf\u0151:<\/strong><\/div>\n<\/td>\n<td style=\"width: 50%\">\n<div class=\"w-100\"><strong>13.00- 15.00 \u00f3r\u00e1ig<\/strong><\/div>\n<\/td>\n<\/tr>\n<tr>\n<td style=\"width: 50%\">\n<div class=\"w-100\"><strong>Kedd:<\/strong><\/div>\n<\/td>\n<td style=\"width: 50%\">\n<div class=\"w-100\"><strong>13.00- 15.00 \u00f3r\u00e1ig<\/strong><\/div>\n<\/td>\n<\/tr>\n<tr>\n<td style=\"width: 50%\">\n<div class=\"w-100\"><strong>Szerda:<\/strong><\/div>\n<\/td>\n<td style=\"width: 50%\">\n<div class=\"w-100\"><strong>10.00-13.30 \u00f3r\u00e1ig<\/strong><\/div>\n<\/td>\n<\/tr>\n<tr>\n<td style=\"width: 50%\">\n<div class=\"w-100\"><strong>Cs\u00fct\u00f6rt\u00f6k:<\/strong><\/div>\n<\/td>\n<td style=\"width: 50%\">\n<div class=\"w-100\"><strong>13.00- 15.00 \u00f3r\u00e1ig<\/strong><\/div>\n<\/td>\n<\/tr>\n<tr>\n<td style=\"width: 50%\">\n<div class=\"w-100\"><strong>P\u00e9ntek:<\/strong><\/div>\n<\/td>\n<td style=\"width: 50%\"><strong>09.00-12.00 \u00f3r\u00e1ig<\/strong><\/td>\n<\/tr>\n<\/tbody>\n<\/table>\n<\/div>\n<p class=\"tabcontent\">Telefon: +36 1 266-8884<br \/>\nC\u00edm: 1085 Budapest, VIII. \u00dcll\u0151i \u00fat 26. fszt.15.<\/p>\n<h5>Munkat\u00e1rsak:<\/h5>\n<p><strong>Vajvod\u00e1n\u00e9 P\u00e9nzes Eszter<\/strong><em> <br \/>\nvezet\u0151 koordin\u00e1tor<br \/>\n<\/em><a href=\"mailto:gytkto@semmelweis.hu\">gytkto@semmelweis.hu<\/a><em><br \/>\n<\/em>+36 1 459-1500 \/55323<\/p>\n<p><strong>Czirj\u00e1kn\u00e9 B\u00e1nlaki T\u00edmea<\/strong> <br \/>\n<em>oktat\u00e1sszervez\u0151<br \/>\n<\/em><a href=\"mailto:gytkto@semmelweis.hu\">gytkto@semmelweis.hu<\/a><em><br \/>\n<\/em>+36 1 459-1500 \/55329<\/p>\n<p><strong>Ambrus P\u00e9ter<\/strong>\u00a0<br \/>\n<em>igazgat\u00e1si szak\u00e9rt\u0151<br \/>\n<\/em><a href=\"mailto:gytkto@semmelweis.hu\" target=\"_blank\" rel=\"noopener\">gytkto@semmelweis.hu<\/a><br \/>\n+36 1 459-1500 \/55322<\/p>\n<div class=\"w-100\">\n<p>&nbsp;<\/p>\n<\/div>\n<hr \/>\n<div><img loading=\"lazy\" decoding=\"async\" class=\"wp-image-14761  alignleft\" src=\"https:\/\/semmelweis.hu\/gytk\/files\/2023\/09\/depositphotos_174424260-stock-illustration-customer-satisfaction-meter-with-different-750x500-1-400x267.jpg\" alt=\"\" width=\"287\" height=\"191\" srcset=\"https:\/\/semmelweis.hu\/gytk\/files\/2023\/09\/depositphotos_174424260-stock-illustration-customer-satisfaction-meter-with-different-750x500-1-400x267.jpg 400w, https:\/\/semmelweis.hu\/gytk\/files\/2023\/09\/depositphotos_174424260-stock-illustration-customer-satisfaction-meter-with-different-750x500-1-203x135.jpg 203w, https:\/\/semmelweis.hu\/gytk\/files\/2023\/09\/depositphotos_174424260-stock-illustration-customer-satisfaction-meter-with-different-750x500-1.jpg 750w\" sizes=\"auto, (max-width: 287px) 100vw, 287px\" \/><a href=\"http:\/\/evasys.semmelweis.hu\/evasys\/public\/online\/index\/index?online_php=&amp;p=M5VSH&amp;ONLINEID=796682650673717707630505763620736750538082\" target=\"_blank\" rel=\"noopener\">D\u00e9k\u00e1ni Hivatal Hallgat\u00f3i el\u00e9gedetts\u00e9gm\u00e9r\u00e9s \u2192<\/a><\/div>\n<div class=\"w-100\">\n<p>&nbsp;<\/p>\n<\/div>\n","protected":false},"excerpt":{"rendered":"<p>D\u00e9k\u00e1ni hivatal Dr. Kocsis Erika\u00a0\u00a0 hivatalvezet\u0151 <a href=\"mailto:kocsis.erika@semmelweis.hu\">kocsis.erika@semmelweis.hu<\/a> Telefon: +36 1 459-1500 \/55319 titk\u00e1rs\u00e1g Tokaji Szilvia\u00a0 titk\u00e1rs\u00e1gi szak\u00e9rt\u0151 <a href=\"mailto:tokaji.szilvia@semmelweis.hu\">tokaji.szilvia@semmelweis.hu<\/a> Telefon: +36 1 459-1500\/55315 Telefon: +36 1 266-0449 E-mail.: <a href=\"mailto:gytkhivatal@semmelweis.hu\" target=\"_blank\" rel=\"noopener\">gytkdhivatal@semmelweis.hu<\/a> \u00a0 1085 Budapest, VIII. \u00dcll\u0151i \u00fat 26. fszt.16. \u00a0 Gradu\u00e1lis k\u00e9pz\u00e9s D\u00c9K\u00c1NI HIVATAL TANULM\u00c1NYI CSOPORT Tanulm\u00e1nyi \u00fcgyint\u00e9z\u00e9s, k\u00e9relmek, tanulm\u00e1nyokkal kapcsolatos t\u00e1j\u00e9koztat\u00e1s \u00e9s seg\u00edts\u00e9gny\u00fajt\u00e1s. \u00dcgyf\u00e9lfogad\u00e1s: H\u00e9tf\u0151: 13.00- 15.00 \u00f3r\u00e1ig Kedd: 13.00- &hellip;<\/p>\n","protected":false},"author":101431,"featured_media":0,"parent":21,"menu_order":5,"comment_status":"closed","ping_status":"closed","template":"","meta":{"_acf_changed":false,"footnotes":""},"categories":[],"tags":[],"class_list":["post-14692","page","type-page","status-publish","hentry"],"acf":[],"_links":{"self":[{"href":"https:\/\/semmelweis.hu\/gytk\/wp-json\/wp\/v2\/pages\/14692","targetHints":{"allow":["GET"]}}],"collection":[{"href":"https:\/\/semmelweis.hu\/gytk\/wp-json\/wp\/v2\/pages"}],"about":[{"href":"https:\/\/semmelweis.hu\/gytk\/wp-json\/wp\/v2\/types\/page"}],"author":[{"embeddable":true,"href":"https:\/\/semmelweis.hu\/gytk\/wp-json\/wp\/v2\/users\/101431"}],"replies":[{"embeddable":true,"href":"https:\/\/semmelweis.hu\/gytk\/wp-json\/wp\/v2\/comments?post=14692"}],"version-history":[{"count":10,"href":"https:\/\/semmelweis.hu\/gytk\/wp-json\/wp\/v2\/pages\/14692\/revisions"}],"predecessor-version":[{"id":17805,"href":"https:\/\/semmelweis.hu\/gytk\/wp-json\/wp\/v2\/pages\/14692\/revisions\/17805"}],"up":[{"embeddable":true,"href":"https:\/\/semmelweis.hu\/gytk\/wp-json\/wp\/v2\/pages\/21"}],"wp:attachment":[{"href":"https:\/\/semmelweis.hu\/gytk\/wp-json\/wp\/v2\/media?parent=14692"}],"wp:term":[{"taxonomy":"category","embeddable":true,"href":"https:\/\/semmelweis.hu\/gytk\/wp-json\/wp\/v2\/categories?post=14692"},{"taxonomy":"post_tag","embeddable":true,"href":"https:\/\/semmelweis.hu\/gytk\/wp-json\/wp\/v2\/tags?post=14692"}],"curies":[{"name":"wp","href":"https:\/\/api.w.org\/{rel}","templated":true}]}}