{"id":13798,"date":"2023-03-29T09:21:34","date_gmt":"2023-03-29T07:21:34","guid":{"rendered":"https:\/\/semmelweis.hu\/gytk\/?page_id=13798"},"modified":"2023-03-29T09:22:21","modified_gmt":"2023-03-29T07:22:21","slug":"2023-maricus-28","status":"publish","type":"page","link":"https:\/\/semmelweis.hu\/gytk\/a-karrol\/kari-tanacs\/kari-tanacs-eloterjesztesek\/2023-maricus-28\/","title":{"rendered":"2023. m\u00e1ricus 28."},"content":{"rendered":"<p style=\"text-align: center\"><strong>Kari Tan\u00e1cs\u00fcl\u00e9s 2023. m\u00e1rcius 28.<\/strong><\/p>\n<p><a href=\"https:\/\/semmelweis.hu\/gytk\/files\/2023\/03\/KT-meghivo-20230328.pdf\" target=\"_blank\" rel=\"noopener\">MEGH\u00cdV\u00d3<\/a><\/p>\n<p><strong>2. napirendi pont<\/strong><br \/>\nD\u00e9k\u00e1nhelyettesi p\u00e1ly\u00e1zat v\u00e9lem\u00e9nyez\u00e9se<\/p>\n<p style=\"padding-left: 40px\"><a href=\"https:\/\/semmelweis.hu\/gytk\/files\/2023\/03\/KT_Eloterjesztes-_GYTK_dekanhelyettesi_palyazat_velemenyezesehez.pdf.pdf\" target=\"_blank\" rel=\"noopener\">KT_El\u0151terjeszt\u00e9s_ d\u00e9k\u00e1nhelyettesi_p\u00e1ly\u00e1zat_v\u00e9lem\u00e9nyez\u00e9se<\/a><\/p>\n<p><strong>3. napirendi pont<br \/>\n<\/strong><span style=\"font-size: 1rem\">Kari \u00e1lland\u00f3 bizotts\u00e1gok \u00fcgyrendjeinek fel\u00fclvizsg\u00e1lata (K\u00c1OB, Tudom\u00e1nyos \u00e9s Min\u0151s\u00e9gbiztos\u00edt\u00e1si Bizotts\u00e1g, Idegen Nyelv\u0171 Oktat\u00e1si \u00e9s Nemzetk\u00f6zi Kapcsolatok Bizotts\u00e1ga, Szak- \u00e9s Tov\u00e1bbk\u00e9pz\u00e9si Bizotts\u00e1g)<\/span><\/p>\n<p style=\"padding-left: 40px\"><a href=\"https:\/\/semmelweis.hu\/gytk\/files\/2023\/03\/KT_Eloterjesztes_allando_bizottsagok_ugyrendjeinek_megujitasara.pdf.pdf\" target=\"_blank\" rel=\"noopener\">KT_El\u0151terjeszt\u00e9s_kari_\u00e1lland\u00f3_bizotts\u00e1gok_\u00fcgyrendjeinek_fel\u00fclvizsg\u00e1lata<\/a><\/p>\n<ul>\n<li><a href=\"https:\/\/semmelweis.hu\/gytk\/files\/2023\/03\/Idegennyelvu_es_Nemzetkozi_Kapcsolatok_Bizottsaga_ugyrendje_20230215_BSZ.pdf\" target=\"_blank\" rel=\"noopener\">3napirend_2mell\u00e9klet_Idegennyelv\u0171_Oktat\u00e1si \u00e9s Nemzetk\u00f6zi_Kapcsolatok_Bizotts\u00e1ga \u00fcgyrend <\/a>tervezet<\/li>\n<li><a href=\"https:\/\/semmelweis.hu\/gytk\/files\/2023\/03\/3napirend_2melleklet_Kredita\u0301tviteli-e\u0301s-Oktata\u0301si-Bizottsa\u0301g-u\u0308gyrendje_20230328.pdf\" target=\"_blank\" rel=\"noopener\">3napirend_3mell\u00e9klet_Kredita\u0301tviteli e\u0301s Oktata\u0301si Bizottsa\u0301g u\u0308gyrendje_20230328 <\/a>tervezet<\/li>\n<li><a href=\"https:\/\/semmelweis.hu\/gytk\/files\/2023\/03\/3napirend_4melleklet_Szak_es_Tovabbkepzesi_Bizottsag_u\u0308gyrendje_20230328.pdf\" target=\"_blank\" rel=\"noopener\">3napirend_4mell\u00e9klet_Szak_\u00e9s_Tov\u00e1bbk\u00e9pz\u00e9si_Bizotts\u00e1g_u\u0308gyrendje_20230328 <\/a>tervezet<\/li>\n<li><a href=\"https:\/\/semmelweis.hu\/gytk\/files\/2023\/03\/3napirend_3melleklet_Tudomanyos_Minosegbiztositasi_Bizottsa\u0301g-u\u0308gyrendje_20230328.pdf\" target=\"_blank\" rel=\"noopener\">3napirend_5mell\u00e9klet_Tudom\u00e1nyos_Min\u0151s\u00e9gbiztos\u00edt\u00e1si_Bizottsa\u0301g u\u0308gyrendje_20230328 <\/a>tervezet<\/li>\n<\/ul>\n<p><strong>4. napirendi pont<br \/>\n<\/strong>T\u00e1j\u00e9koztat\u00e1s a 2022 \u2013 2023. tan\u00e9v 1. f\u00e9l\u00e9v\u00e9nek tanulm\u00e1nyi eredm\u00e9nyeir\u0151l<\/p>\n<ul>\n<li><a href=\"https:\/\/semmelweis.hu\/gytk\/files\/2023\/03\/2022_23_1_felev_tanulmanyi_eredmeny_magyar-1.xlsx\" target=\"_blank\" rel=\"noopener\">4. napirendi pont 1a.sz. mell\u00e9klet T\u00e1j\u00e9koztat\u00f3 a 2022\/23 tan\u00e9v 1. f\u00e9l\u00e9v\u00e9nek tanulm\u00e1nyi eredm\u00e9nyeir\u0151l magyar<\/a><\/li>\n<li><a href=\"https:\/\/semmelweis.hu\/gytk\/files\/2023\/03\/2022_23_1_felev_tanulmanyi_eredmeny_angol-2.xlsx\" target=\"_blank\" rel=\"noopener\">4. napirendi pont 1b.sz. mell\u00e9klet T\u00e1j\u00e9koztat\u00f3 a 2022\/23 tan\u00e9v 1. f\u00e9l\u00e9v\u00e9nek tanulm\u00e1nyi eredm\u00e9nyeir\u0151l angol<\/a><\/li>\n<li><a href=\"https:\/\/semmelweis.hu\/gytk\/files\/2023\/03\/2022_23_1_felev_tanulmanyi_eredmeny_nemet-1.xlsx\" target=\"_blank\" rel=\"noopener\">4. napirendi pont 1c.sz. mell\u00e9klet T\u00e1j\u00e9koztat\u00f3 a 2022\/23 tan\u00e9v 1. f\u00e9l\u00e9v\u00e9nek tanulm\u00e1nyi eredm\u00e9nyeir\u0151l n\u00e9met<\/a><\/li>\n<\/ul>\n<p><strong>5. napirendi pont<br \/>\n<\/strong><a href=\"https:\/\/semmelweis.hu\/gytk\/files\/2023\/03\/5napirend_1melleklet_Akkreditalt_gyogyszertarak_listaja.pdf\" target=\"_blank\" rel=\"noopener\">Szakk\u00e9pz\u0151 helyek akkredit\u00e1ci\u00f3s k\u00e9relmeinek v\u00e9lem\u00e9nyez\u00e9se<\/a><\/p>\n<p>&nbsp;<\/p>\n<p><strong>\u00a0<\/strong><\/p>\n","protected":false},"excerpt":{"rendered":"<p>Kari Tan\u00e1cs\u00fcl\u00e9s 2023. m\u00e1rcius 28. <a href=\"https:\/\/semmelweis.hu\/gytk\/files\/2023\/03\/KT-meghivo-20230328.pdf\" target=\"_blank\" rel=\"noopener\">MEGH\u00cdV\u00d3<\/a> 2. napirendi pont D\u00e9k\u00e1nhelyettesi p\u00e1ly\u00e1zat v\u00e9lem\u00e9nyez\u00e9se <a href=\"https:\/\/semmelweis.hu\/gytk\/files\/2023\/03\/KT_Eloterjesztes-_GYTK_dekanhelyettesi_palyazat_velemenyezesehez.pdf.pdf\" target=\"_blank\" rel=\"noopener\">KT_El\u0151terjeszt\u00e9s_ d\u00e9k\u00e1nhelyettesi_p\u00e1ly\u00e1zat_v\u00e9lem\u00e9nyez\u00e9se<\/a> 3. napirendi pont Kari \u00e1lland\u00f3 bizotts\u00e1gok \u00fcgyrendjeinek fel\u00fclvizsg\u00e1lata (K\u00c1OB, Tudom\u00e1nyos \u00e9s Min\u0151s\u00e9gbiztos\u00edt\u00e1si Bizotts\u00e1g, Idegen Nyelv\u0171 Oktat\u00e1si \u00e9s Nemzetk\u00f6zi Kapcsolatok Bizotts\u00e1ga, Szak- \u00e9s Tov\u00e1bbk\u00e9pz\u00e9si Bizotts\u00e1g) <a href=\"https:\/\/semmelweis.hu\/gytk\/files\/2023\/03\/KT_Eloterjesztes_allando_bizottsagok_ugyrendjeinek_megujitasara.pdf.pdf\" target=\"_blank\" rel=\"noopener\">KT_El\u0151terjeszt\u00e9s_kari_\u00e1lland\u00f3_bizotts\u00e1gok_\u00fcgyrendjeinek_fel\u00fclvizsg\u00e1lata<\/a> <a href=\"https:\/\/semmelweis.hu\/gytk\/files\/2023\/03\/Idegennyelvu_es_Nemzetkozi_Kapcsolatok_Bizottsaga_ugyrendje_20230215_BSZ.pdf\" target=\"_blank\" rel=\"noopener\">3napirend_2mell\u00e9klet_Idegennyelv\u0171_Oktat\u00e1si \u00e9s Nemzetk\u00f6zi_Kapcsolatok_Bizotts\u00e1ga \u00fcgyrend <\/a> tervezet <a href=\"https:\/\/semmelweis.hu\/gytk\/files\/2023\/03\/3napirend_2melleklet_Kredita\u0301tviteli-e\u0301s-Oktata\u0301si-Bizottsa\u0301g-u\u0308gyrendje_20230328.pdf\" target=\"_blank\" rel=\"noopener\">3napirend_3mell\u00e9klet_Kredita\u0301tviteli e\u0301s Oktata\u0301si Bizottsa\u0301g u\u0308gyrendje_20230328 <\/a> tervezet <a href=\"https:\/\/semmelweis.hu\/gytk\/files\/2023\/03\/3napirend_4melleklet_Szak_es_Tovabbkepzesi_Bizottsag_u\u0308gyrendje_20230328.pdf\" target=\"_blank\" rel=\"noopener\">3napirend_4mell\u00e9klet_Szak_\u00e9s_Tov\u00e1bbk\u00e9pz\u00e9si_Bizotts\u00e1g_u\u0308gyrendje_20230328 <\/a> tervezet <a href=\"https:\/\/semmelweis.hu\/gytk\/files\/2023\/03\/3napirend_3melleklet_Tudomanyos_Minosegbiztositasi_Bizottsa\u0301g-u\u0308gyrendje_20230328.pdf\" target=\"_blank\" rel=\"noopener\">3napirend_5mell\u00e9klet_Tudom\u00e1nyos_Min\u0151s\u00e9gbiztos\u00edt\u00e1si_Bizottsa\u0301g u\u0308gyrendje_20230328 <\/a> tervezet 4. napirendi pont T\u00e1j\u00e9koztat\u00e1s a 2022 \u2013 2023. tan\u00e9v 1. f\u00e9l\u00e9v\u00e9nek tanulm\u00e1nyi eredm\u00e9nyeir\u0151l <a href=\"https:\/\/semmelweis.hu\/gytk\/files\/2023\/03\/2022_23_1_felev_tanulmanyi_eredmeny_magyar-1.xlsx\" target=\"_blank\" rel=\"noopener\">4. napirendi pont 1a.sz. mell\u00e9klet T\u00e1j\u00e9koztat\u00f3 a 2022\/23 tan\u00e9v 1. f\u00e9l\u00e9v\u00e9nek tanulm\u00e1nyi eredm\u00e9nyeir\u0151l magyar<\/a> <a href=\"https:\/\/semmelweis.hu\/gytk\/files\/2023\/03\/2022_23_1_felev_tanulmanyi_eredmeny_angol-2.xlsx\" target=\"_blank\" rel=\"noopener\">4. napirendi pont 1b.sz. mell\u00e9klet T\u00e1j\u00e9koztat\u00f3 a 2022\/23 tan\u00e9v 1. f\u00e9l\u00e9v\u00e9nek tanulm\u00e1nyi eredm\u00e9nyeir\u0151l angol<\/a> <a href=\"https:\/\/semmelweis.hu\/gytk\/files\/2023\/03\/2022_23_1_felev_tanulmanyi_eredmeny_nemet-1.xlsx\" target=\"_blank\" rel=\"noopener\">4. napirendi pont 1c.sz. mell\u00e9klet T\u00e1j\u00e9koztat\u00f3 a 2022\/23 tan\u00e9v 1. f\u00e9l\u00e9v\u00e9nek tanulm\u00e1nyi eredm\u00e9nyeir\u0151l n\u00e9met<\/a> 5. napirendi pont &hellip;<\/p>\n","protected":false},"author":101431,"featured_media":0,"parent":5323,"menu_order":47,"comment_status":"closed","ping_status":"closed","template":"","meta":{"_acf_changed":false,"footnotes":""},"categories":[],"tags":[],"class_list":["post-13798","page","type-page","status-publish","hentry"],"acf":[],"_links":{"self":[{"href":"https:\/\/semmelweis.hu\/gytk\/wp-json\/wp\/v2\/pages\/13798","targetHints":{"allow":["GET"]}}],"collection":[{"href":"https:\/\/semmelweis.hu\/gytk\/wp-json\/wp\/v2\/pages"}],"about":[{"href":"https:\/\/semmelweis.hu\/gytk\/wp-json\/wp\/v2\/types\/page"}],"author":[{"embeddable":true,"href":"https:\/\/semmelweis.hu\/gytk\/wp-json\/wp\/v2\/users\/101431"}],"replies":[{"embeddable":true,"href":"https:\/\/semmelweis.hu\/gytk\/wp-json\/wp\/v2\/comments?post=13798"}],"version-history":[{"count":2,"href":"https:\/\/semmelweis.hu\/gytk\/wp-json\/wp\/v2\/pages\/13798\/revisions"}],"predecessor-version":[{"id":13800,"href":"https:\/\/semmelweis.hu\/gytk\/wp-json\/wp\/v2\/pages\/13798\/revisions\/13800"}],"up":[{"embeddable":true,"href":"https:\/\/semmelweis.hu\/gytk\/wp-json\/wp\/v2\/pages\/5323"}],"wp:attachment":[{"href":"https:\/\/semmelweis.hu\/gytk\/wp-json\/wp\/v2\/media?parent=13798"}],"wp:term":[{"taxonomy":"category","embeddable":true,"href":"https:\/\/semmelweis.hu\/gytk\/wp-json\/wp\/v2\/categories?post=13798"},{"taxonomy":"post_tag","embeddable":true,"href":"https:\/\/semmelweis.hu\/gytk\/wp-json\/wp\/v2\/tags?post=13798"}],"curies":[{"name":"wp","href":"https:\/\/api.w.org\/{rel}","templated":true}]}}