{"id":12828,"date":"2022-05-19T08:25:06","date_gmt":"2022-05-19T06:25:06","guid":{"rendered":"https:\/\/semmelweis.hu\/gytk\/?page_id=12828"},"modified":"2022-05-19T08:25:06","modified_gmt":"2022-05-19T06:25:06","slug":"2022-majus-18","status":"publish","type":"page","link":"https:\/\/semmelweis.hu\/gytk\/a-karrol\/kari-tanacs\/kari-tanacs-eloterjesztesek\/2022-majus-18\/","title":{"rendered":"2022. m\u00e1jus 18."},"content":{"rendered":"<p style=\"text-align: center\"><strong>Kari Tan\u00e1cs &#8211; 2022. m\u00e1jus 18. 14:30<\/strong><\/p>\n<p><a href=\"https:\/\/semmelweis.hu\/gytk\/files\/2022\/05\/Meghivo.pdf\" target=\"_blank\" rel=\"noopener\">MEGH\u00cdV\u00d3<\/a><\/p>\n<p><strong>2. napirendi pont: <\/strong>Professor Emerita c\u00edm adom\u00e1nyoz\u00e1s\u00e1ra vonatkoz\u00f3 el\u0151terjeszt\u00e9s v\u00e9lem\u00e9nyez\u00e9se<\/p>\n<p style=\"padding-left: 40px\"><a href=\"https:\/\/semmelweis.hu\/gytk\/files\/2022\/05\/2_napirendi_pont_KT_Eloterjesztes_Professor_Emerita_cim_adomanyozasanak_velemenyezesehez_TNK.pdf\" target=\"_blank\" rel=\"noopener\">KT_El\u0151terjeszt\u00e9s_Professor_Emerita_c\u00edm_adom\u00e1nyoz\u00e1s\u00e1nak_v\u00e9lem\u00e9nyez\u00e9s\u00e9hez_TNK<\/a><\/p>\n<ul>\n<li><a href=\"https:\/\/semmelweis.hu\/gytk\/files\/2022\/05\/2_napirendi_pont_2_sz_melleklet_javaslat_TNK.pdf\" target=\"_blank\" rel=\"noopener\">2_napirendi_pont_2_sz_mell\u00e9klet_javaslat_TNK<\/a><\/li>\n<li><a href=\"https:\/\/semmelweis.hu\/gytk\/files\/2022\/05\/2_napirendi_pont_3_sz_melleklet_kerdoiv_TNK.pdf\" target=\"_blank\" rel=\"noopener\">2_napirendi_pont_3_sz_mell\u00e9klet_k\u00e9rd\u0151\u00edv_TNK<\/a><\/li>\n<\/ul>\n<p><strong>3. napirendi pont: <\/strong>T\u00e1j\u00e9koztat\u00f3 a 2022. \u00e9vi z\u00e1r\u00f3vizsg\u00e1k megszervez\u00e9s\u00e9r\u0151l, valamint javaslat a z\u00e1r\u00f3vizsga bizotts\u00e1gok \u00f6sszet\u00e9tel\u00e9re.<\/p>\n<p style=\"padding-left: 40px\"><a href=\"https:\/\/semmelweis.hu\/gytk\/files\/2022\/05\/3_napirendi_pont_KT_Eloterjesztes_GYTK-KT_szamara_a_2022_evi_zv_bizottsagok_szemelyi_osszetetelenek_meghatarozasahoz.pdf\" target=\"_blank\" rel=\"noopener\">KT_El\u0151terjeszt\u00e9s_GYTK_KT_sz\u00e1m\u00e1ra_a_2022_\u00e9vi_zv_bizotts\u00e1gok_szem\u00e9lyi_\u00f6sszet\u00e9tel\u00e9nek_meghat\u00e1roz\u00e1s\u00e1hoz<\/a><\/p>\n<p><strong>4. napirendi pont: <\/strong>Kari \u00e1lland\u00f3 bizotts\u00e1gok szem\u00e9lyi \u00f6sszet\u00e9tel\u00e9nek meg\u00faj\u00edt\u00e1sa (hallgat\u00f3i k\u00e9pvisel\u0151k)<\/p>\n<p style=\"padding-left: 40px\"><a href=\"https:\/\/semmelweis.hu\/gytk\/files\/2022\/05\/4_napirendi_pont_KT_Eloterjesztes_kari_allndo_bizottsagok_szemelyi_osszetetelenek_megujitasa_hallgatoi_kepviselok.pdf\" target=\"_blank\" rel=\"noopener\">KT_El\u0151terjeszt\u00e9s_kari_\u00e1lland\u00f3_bizotts\u00e1gok_szem\u00e9lyi_\u00f6sszet\u00e9tel\u00e9nek_meg\u00faj\u00edt\u00e1sa_hallgat\u00f3i_k\u00e9pvisel\u0151k<\/a><\/p>\n<p><strong>5. napirendi pont: <\/strong>\u00daj szabadon v\u00e1laszthat\u00f3 tant\u00e1rgy bevezet\u00e9s\u00e9re vonatkoz\u00f3 el\u0151terjeszt\u00e9s v\u00e9lem\u00e9nyez\u00e9se<\/p>\n<p style=\"padding-left: 40px\"><a href=\"https:\/\/semmelweis.hu\/gytk\/files\/2022\/05\/5.-napirend_KT_Eloterjesztes_uj_szabadon_valaszthato_tantargy_bevezeteserol_Interkulturalis_kommunikacio.pdf\" target=\"_blank\" rel=\"noopener\">KT_El\u0151terjeszt\u00e9s_\u00faj_szabadon_v\u00e1laszthat\u00f3_tant\u00e1rgy_bevezet\u00e9s\u00e9r\u0151l_Interkultur\u00e1lis_kommunik\u00e1ci\u00f3<\/a><\/p>\n<ul>\n<li><a href=\"https:\/\/semmelweis.hu\/gytk\/files\/2022\/05\/5_napirend_2_sz_melleklet_tanargyi_adatlap_magyar.pdf\" target=\"_blank\" rel=\"noopener\">5_napirend_2_sz_mell\u00e9klet_tan\u00e1rgyi_adatlap_magyar<\/a><\/li>\n<li><a href=\"https:\/\/semmelweis.hu\/gytk\/files\/2022\/05\/5_napirendi_3_sz_melleklet_tantargyi_adatlap_nemet.pdf\" target=\"_blank\" rel=\"noopener\">5_napirendi_3_sz_mell\u00e9klet_tant\u00e1rgyi_adatlap_n\u00e9met<\/a><\/li>\n<\/ul>\n<p><strong>6. napirendi pont: <\/strong>Jubileumi d\u00edszoklevelek oda\u00edt\u00e9l\u00e9se 2022. \u00e9vben<\/p>\n<p style=\"padding-left: 40px\"><a href=\"https:\/\/semmelweis.hu\/gytk\/files\/2022\/05\/6_napirendi_pont_KT_Eloterjesztes_a_2022_evi_Jubileumi-_diszoklevelek_odaitelesehez.pdf\" target=\"_blank\" rel=\"noopener\">KT_El\u0151terjeszt\u00e9s_a_2022_\u00e9vi_Jubileumi _d\u00edszoklevelek_oda\u00edt\u00e9l\u00e9s\u00e9hez<\/a><\/p>\n<ul>\n<li><a href=\"https:\/\/semmelweis.hu\/gytk\/files\/2022\/05\/6_napirendi_pont_2022-ben_jubileumi_diszoklevelet_igenylok_nevsora-1.pdf\" target=\"_blank\" rel=\"noopener\">6_napirendi_pont_2022-ben_jubileumi_d\u00edszoklevelet_ig\u00e9nyl\u0151k_n\u00e9vsora<\/a><\/li>\n<\/ul>\n<p><strong>7. napirendi pont: <\/strong>T\u00e1j\u00e9koztat\u00e1s a 2021-2022. tan\u00e9v 1. f\u00e9l\u00e9v\u00e9nek tanulm\u00e1nyi eredm\u00e9nyeir\u0151l<\/p>\n<ul>\n<li><a href=\"https:\/\/semmelweis.hu\/gytk\/files\/2022\/05\/7_napirendi_pont_GYTK_tantargyi_eredmenyek_magyar.pdf\" target=\"_blank\" rel=\"noopener\">GYTK_tant\u00e1rgyi_eredm\u00e9nyek_magyar_nyelv\u0171_k\u00e9pz\u00e9s<\/a><\/li>\n<li><a href=\"https:\/\/semmelweis.hu\/gytk\/files\/2022\/05\/7_napirendi_pont_GYTK-tantargyi-eredmenyek_angol.pdf\" target=\"_blank\" rel=\"noopener\">GYTK tantargyi eredm\u00e9nyek_angol_nyelv\u0171_ k\u00e9pz\u00e9s<\/a><\/li>\n<li><a href=\"https:\/\/semmelweis.hu\/gytk\/files\/2022\/05\/7_napirendi_pont_GYTK_tantargyi_eredmenyek_nemet.pdf\" target=\"_blank\" rel=\"noopener\">GYTK_tant\u00e1rgyi_eredm\u00e9nyek_n\u00e9met_nyelv\u0171_k\u00e9pz\u00e9s<\/a><\/li>\n<\/ul>\n<p><strong>8. napirendi pont: <\/strong>Szakk\u00e9pz\u0151 helyek akkredit\u00e1ci\u00f3s k\u00e9relmeinek v\u00e9lem\u00e9nyez\u00e9se<\/p>\n<ul>\n<li><a href=\"https:\/\/semmelweis.hu\/gytk\/files\/2022\/05\/8_napirendi-pont_akkreditacios_lista_20211210_20220518-1.pdf\" target=\"_blank\" rel=\"noopener\">Szakk\u00e9pz\u0151 helyek akkredit\u00e1ci\u00f3s k\u00e9relmeinek v\u00e9lem\u00e9nyez\u00e9se<\/a><\/li>\n<\/ul>\n<p>&nbsp;<\/p>\n<p>&nbsp;<\/p>\n","protected":false},"excerpt":{"rendered":"<p>Kari Tan\u00e1cs &#8211; 2022. m\u00e1jus 18. 14:30 <a href=\"https:\/\/semmelweis.hu\/gytk\/files\/2022\/05\/Meghivo.pdf\" target=\"_blank\" rel=\"noopener\">MEGH\u00cdV\u00d3<\/a> 2. napirendi pont: Professor Emerita c\u00edm adom\u00e1nyoz\u00e1s\u00e1ra vonatkoz\u00f3 el\u0151terjeszt\u00e9s v\u00e9lem\u00e9nyez\u00e9se <a href=\"https:\/\/semmelweis.hu\/gytk\/files\/2022\/05\/2_napirendi_pont_KT_Eloterjesztes_Professor_Emerita_cim_adomanyozasanak_velemenyezesehez_TNK.pdf\" target=\"_blank\" rel=\"noopener\">KT_El\u0151terjeszt\u00e9s_Professor_Emerita_c\u00edm_adom\u00e1nyoz\u00e1s\u00e1nak_v\u00e9lem\u00e9nyez\u00e9s\u00e9hez_TNK<\/a> <a href=\"https:\/\/semmelweis.hu\/gytk\/files\/2022\/05\/2_napirendi_pont_2_sz_melleklet_javaslat_TNK.pdf\" target=\"_blank\" rel=\"noopener\">2_napirendi_pont_2_sz_mell\u00e9klet_javaslat_TNK<\/a> <a href=\"https:\/\/semmelweis.hu\/gytk\/files\/2022\/05\/2_napirendi_pont_3_sz_melleklet_kerdoiv_TNK.pdf\" target=\"_blank\" rel=\"noopener\">2_napirendi_pont_3_sz_mell\u00e9klet_k\u00e9rd\u0151\u00edv_TNK<\/a> 3. napirendi pont: T\u00e1j\u00e9koztat\u00f3 a 2022. \u00e9vi z\u00e1r\u00f3vizsg\u00e1k megszervez\u00e9s\u00e9r\u0151l, valamint javaslat a z\u00e1r\u00f3vizsga bizotts\u00e1gok \u00f6sszet\u00e9tel\u00e9re. <a href=\"https:\/\/semmelweis.hu\/gytk\/files\/2022\/05\/3_napirendi_pont_KT_Eloterjesztes_GYTK-KT_szamara_a_2022_evi_zv_bizottsagok_szemelyi_osszetetelenek_meghatarozasahoz.pdf\" target=\"_blank\" rel=\"noopener\">KT_El\u0151terjeszt\u00e9s_GYTK_KT_sz\u00e1m\u00e1ra_a_2022_\u00e9vi_zv_bizotts\u00e1gok_szem\u00e9lyi_\u00f6sszet\u00e9tel\u00e9nek_meghat\u00e1roz\u00e1s\u00e1hoz<\/a> 4. napirendi pont: Kari \u00e1lland\u00f3 bizotts\u00e1gok szem\u00e9lyi \u00f6sszet\u00e9tel\u00e9nek meg\u00faj\u00edt\u00e1sa (hallgat\u00f3i k\u00e9pvisel\u0151k) <a href=\"https:\/\/semmelweis.hu\/gytk\/files\/2022\/05\/4_napirendi_pont_KT_Eloterjesztes_kari_allndo_bizottsagok_szemelyi_osszetetelenek_megujitasa_hallgatoi_kepviselok.pdf\" target=\"_blank\" rel=\"noopener\">KT_El\u0151terjeszt\u00e9s_kari_\u00e1lland\u00f3_bizotts\u00e1gok_szem\u00e9lyi_\u00f6sszet\u00e9tel\u00e9nek_meg\u00faj\u00edt\u00e1sa_hallgat\u00f3i_k\u00e9pvisel\u0151k<\/a> 5. napirendi pont: \u00daj szabadon v\u00e1laszthat\u00f3 tant\u00e1rgy bevezet\u00e9s\u00e9re vonatkoz\u00f3 el\u0151terjeszt\u00e9s v\u00e9lem\u00e9nyez\u00e9se <a href=\"https:\/\/semmelweis.hu\/gytk\/files\/2022\/05\/5.-napirend_KT_Eloterjesztes_uj_szabadon_valaszthato_tantargy_bevezeteserol_Interkulturalis_kommunikacio.pdf\" target=\"_blank\" rel=\"noopener\">KT_El\u0151terjeszt\u00e9s_\u00faj_szabadon_v\u00e1laszthat\u00f3_tant\u00e1rgy_bevezet\u00e9s\u00e9r\u0151l_Interkultur\u00e1lis_kommunik\u00e1ci\u00f3<\/a> <a href=\"https:\/\/semmelweis.hu\/gytk\/files\/2022\/05\/5_napirend_2_sz_melleklet_tanargyi_adatlap_magyar.pdf\" target=\"_blank\" rel=\"noopener\">5_napirend_2_sz_mell\u00e9klet_tan\u00e1rgyi_adatlap_magyar<\/a> <a href=\"https:\/\/semmelweis.hu\/gytk\/files\/2022\/05\/5_napirendi_3_sz_melleklet_tantargyi_adatlap_nemet.pdf\" target=\"_blank\" rel=\"noopener\">5_napirendi_3_sz_mell\u00e9klet_tant\u00e1rgyi_adatlap_n\u00e9met<\/a> 6. &hellip;<\/p>\n","protected":false},"author":101431,"featured_media":0,"parent":5323,"menu_order":40,"comment_status":"closed","ping_status":"closed","template":"","meta":{"_acf_changed":false,"footnotes":""},"categories":[],"tags":[],"class_list":["post-12828","page","type-page","status-publish","hentry"],"acf":[],"_links":{"self":[{"href":"https:\/\/semmelweis.hu\/gytk\/wp-json\/wp\/v2\/pages\/12828","targetHints":{"allow":["GET"]}}],"collection":[{"href":"https:\/\/semmelweis.hu\/gytk\/wp-json\/wp\/v2\/pages"}],"about":[{"href":"https:\/\/semmelweis.hu\/gytk\/wp-json\/wp\/v2\/types\/page"}],"author":[{"embeddable":true,"href":"https:\/\/semmelweis.hu\/gytk\/wp-json\/wp\/v2\/users\/101431"}],"replies":[{"embeddable":true,"href":"https:\/\/semmelweis.hu\/gytk\/wp-json\/wp\/v2\/comments?post=12828"}],"version-history":[{"count":1,"href":"https:\/\/semmelweis.hu\/gytk\/wp-json\/wp\/v2\/pages\/12828\/revisions"}],"predecessor-version":[{"id":12829,"href":"https:\/\/semmelweis.hu\/gytk\/wp-json\/wp\/v2\/pages\/12828\/revisions\/12829"}],"up":[{"embeddable":true,"href":"https:\/\/semmelweis.hu\/gytk\/wp-json\/wp\/v2\/pages\/5323"}],"wp:attachment":[{"href":"https:\/\/semmelweis.hu\/gytk\/wp-json\/wp\/v2\/media?parent=12828"}],"wp:term":[{"taxonomy":"category","embeddable":true,"href":"https:\/\/semmelweis.hu\/gytk\/wp-json\/wp\/v2\/categories?post=12828"},{"taxonomy":"post_tag","embeddable":true,"href":"https:\/\/semmelweis.hu\/gytk\/wp-json\/wp\/v2\/tags?post=12828"}],"curies":[{"name":"wp","href":"https:\/\/api.w.org\/{rel}","templated":true}]}}

2022. május 18.

<p style="text-align: center"><strong>Kari Tanács &#8211; 2022. május 18. 14:30</strong></p>
<p><a href="https://semmelweis.hu/gytk/files/2022/05/Meghivo.pdf" target="_blank" rel="noopener">MEGHÍVÓ</a></p>
<p><strong>2. napirendi pont: </strong>Professor Emerita cím adományozására vonatkozó előterjesztés véleményezése</p>
<p style="padding-left: 40px"><a href="https://semmelweis.hu/gytk/files/2022/05/2_napirendi_pont_KT_Eloterjesztes_Professor_Emerita_cim_adomanyozasanak_velemenyezesehez_TNK.pdf" target="_blank" rel="noopener">KT_Előterjesztés_Professor_Emerita_cím_adományozásának_véleményezéséhez_TNK</a></p>
<ul>
<li><a href="https://semmelweis.hu/gytk/files/2022/05/2_napirendi_pont_2_sz_melleklet_javaslat_TNK.pdf" target="_blank" rel="noopener">2_napirendi_pont_2_sz_melléklet_javaslat_TNK</a></li>
<li><a href="https://semmelweis.hu/gytk/files/2022/05/2_napirendi_pont_3_sz_melleklet_kerdoiv_TNK.pdf" target="_blank" rel="noopener">2_napirendi_pont_3_sz_melléklet_kérdőív_TNK</a></li>
</ul>
<p><strong>3. napirendi pont: </strong>Tájékoztató a 2022. évi záróvizsgák megszervezéséről, valamint javaslat a záróvizsga bizottságok összetételére.</p>
<p style="padding-left: 40px"><a href="https://semmelweis.hu/gytk/files/2022/05/3_napirendi_pont_KT_Eloterjesztes_GYTK-KT_szamara_a_2022_evi_zv_bizottsagok_szemelyi_osszetetelenek_meghatarozasahoz.pdf" target="_blank" rel="noopener">KT_Előterjesztés_GYTK_KT_számára_a_2022_évi_zv_bizottságok_személyi_összetételének_meghatározásához</a></p>
<p><strong>4. napirendi pont: </strong>Kari állandó bizottságok személyi összetételének megújítása (hallgatói képviselők)</p>
<p style="padding-left: 40px"><a href="https://semmelweis.hu/gytk/files/2022/05/4_napirendi_pont_KT_Eloterjesztes_kari_allndo_bizottsagok_szemelyi_osszetetelenek_megujitasa_hallgatoi_kepviselok.pdf" target="_blank" rel="noopener">KT_Előterjesztés_kari_állandó_bizottságok_személyi_összetételének_megújítása_hallgatói_képviselők</a></p>
<p><strong>5. napirendi pont: </strong>Új szabadon választható tantárgy bevezetésére vonatkozó előterjesztés véleményezése</p>
<p style="padding-left: 40px"><a href="https://semmelweis.hu/gytk/files/2022/05/5.-napirend_KT_Eloterjesztes_uj_szabadon_valaszthato_tantargy_bevezeteserol_Interkulturalis_kommunikacio.pdf" target="_blank" rel="noopener">KT_Előterjesztés_új_szabadon_választható_tantárgy_bevezetéséről_Interkulturális_kommunikáció</a></p>
<ul>
<li><a href="https://semmelweis.hu/gytk/files/2022/05/5_napirend_2_sz_melleklet_tanargyi_adatlap_magyar.pdf" target="_blank" rel="noopener">5_napirend_2_sz_melléklet_tanárgyi_adatlap_magyar</a></li>
<li><a href="https://semmelweis.hu/gytk/files/2022/05/5_napirendi_3_sz_melleklet_tantargyi_adatlap_nemet.pdf" target="_blank" rel="noopener">5_napirendi_3_sz_melléklet_tantárgyi_adatlap_német</a></li>
</ul>
<p><strong>6. napirendi pont: </strong>Jubileumi díszoklevelek odaítélése 2022. évben</p>
<p style="padding-left: 40px"><a href="https://semmelweis.hu/gytk/files/2022/05/6_napirendi_pont_KT_Eloterjesztes_a_2022_evi_Jubileumi-_diszoklevelek_odaitelesehez.pdf" target="_blank" rel="noopener">KT_Előterjesztés_a_2022_évi_Jubileumi _díszoklevelek_odaítéléséhez</a></p>
<ul>
<li><a href="https://semmelweis.hu/gytk/files/2022/05/6_napirendi_pont_2022-ben_jubileumi_diszoklevelet_igenylok_nevsora-1.pdf" target="_blank" rel="noopener">6_napirendi_pont_2022-ben_jubileumi_díszoklevelet_igénylők_névsora</a></li>
</ul>
<p><strong>7. napirendi pont: </strong>Tájékoztatás a 2021-2022. tanév 1. félévének tanulmányi eredményeiről</p>
<ul>
<li><a href="https://semmelweis.hu/gytk/files/2022/05/7_napirendi_pont_GYTK_tantargyi_eredmenyek_magyar.pdf" target="_blank" rel="noopener">GYTK_tantárgyi_eredmények_magyar_nyelvű_képzés</a></li>
<li><a href="https://semmelweis.hu/gytk/files/2022/05/7_napirendi_pont_GYTK-tantargyi-eredmenyek_angol.pdf" target="_blank" rel="noopener">GYTK tantargyi eredmények_angol_nyelvű_ képzés</a></li>
<li><a href="https://semmelweis.hu/gytk/files/2022/05/7_napirendi_pont_GYTK_tantargyi_eredmenyek_nemet.pdf" target="_blank" rel="noopener">GYTK_tantárgyi_eredmények_német_nyelvű_képzés</a></li>
</ul>
<p><strong>8. napirendi pont: </strong>Szakképző helyek akkreditációs kérelmeinek véleményezése</p>
<ul>
<li><a href="https://semmelweis.hu/gytk/files/2022/05/8_napirendi-pont_akkreditacios_lista_20211210_20220518-1.pdf" target="_blank" rel="noopener">Szakképző helyek akkreditációs kérelmeinek véleményezése</a></li>
</ul>
<p>&nbsp;</p>
<p>&nbsp;</p>

<p>Kari Tanács &#8211; 2022. május 18. 14:30 <a href="https://semmelweis.hu/gytk/files/2022/05/Meghivo.pdf" target="_blank" rel="noopener">MEGHÍVÓ</a> 2. napirendi pont: Professor Emerita cím adományozására vonatkozó előterjesztés véleményezése <a href="https://semmelweis.hu/gytk/files/2022/05/2_napirendi_pont_KT_Eloterjesztes_Professor_Emerita_cim_adomanyozasanak_velemenyezesehez_TNK.pdf" target="_blank" rel="noopener">KT_Előterjesztés_Professor_Emerita_cím_adományozásának_véleményezéséhez_TNK</a> <a href="https://semmelweis.hu/gytk/files/2022/05/2_napirendi_pont_2_sz_melleklet_javaslat_TNK.pdf" target="_blank" rel="noopener">2_napirendi_pont_2_sz_melléklet_javaslat_TNK</a> <a href="https://semmelweis.hu/gytk/files/2022/05/2_napirendi_pont_3_sz_melleklet_kerdoiv_TNK.pdf" target="_blank" rel="noopener">2_napirendi_pont_3_sz_melléklet_kérdőív_TNK</a> 3. napirendi pont: Tájékoztató a 2022. évi záróvizsgák megszervezéséről, valamint javaslat a záróvizsga bizottságok összetételére. <a href="https://semmelweis.hu/gytk/files/2022/05/3_napirendi_pont_KT_Eloterjesztes_GYTK-KT_szamara_a_2022_evi_zv_bizottsagok_szemelyi_osszetetelenek_meghatarozasahoz.pdf" target="_blank" rel="noopener">KT_Előterjesztés_GYTK_KT_számára_a_2022_évi_zv_bizottságok_személyi_összetételének_meghatározásához</a> 4. napirendi pont: Kari állandó bizottságok személyi összetételének megújítása (hallgatói képviselők) <a href="https://semmelweis.hu/gytk/files/2022/05/4_napirendi_pont_KT_Eloterjesztes_kari_allndo_bizottsagok_szemelyi_osszetetelenek_megujitasa_hallgatoi_kepviselok.pdf" target="_blank" rel="noopener">KT_Előterjesztés_kari_állandó_bizottságok_személyi_összetételének_megújítása_hallgatói_képviselők</a> 5. napirendi pont: Új szabadon választható tantárgy bevezetésére vonatkozó előterjesztés véleményezése <a href="https://semmelweis.hu/gytk/files/2022/05/5.-napirend_KT_Eloterjesztes_uj_szabadon_valaszthato_tantargy_bevezeteserol_Interkulturalis_kommunikacio.pdf" target="_blank" rel="noopener">KT_Előterjesztés_új_szabadon_választható_tantárgy_bevezetéséről_Interkulturális_kommunikáció</a> <a href="https://semmelweis.hu/gytk/files/2022/05/5_napirend_2_sz_melleklet_tanargyi_adatlap_magyar.pdf" target="_blank" rel="noopener">5_napirend_2_sz_melléklet_tanárgyi_adatlap_magyar</a> <a href="https://semmelweis.hu/gytk/files/2022/05/5_napirendi_3_sz_melleklet_tantargyi_adatlap_nemet.pdf" target="_blank" rel="noopener">5_napirendi_3_sz_melléklet_tantárgyi_adatlap_német</a> 6. &hellip;</p>
