{"id":12403,"date":"2021-10-29T15:16:13","date_gmt":"2021-10-29T13:16:13","guid":{"rendered":"https:\/\/semmelweis.hu\/gytk\/?page_id=12403"},"modified":"2021-10-29T15:17:03","modified_gmt":"2021-10-29T13:17:03","slug":"kari-tanacsules-2021-oktober-27","status":"publish","type":"page","link":"https:\/\/semmelweis.hu\/gytk\/a-karrol\/kari-tanacs\/kari-tanacs-eloterjesztesek\/kari-tanacsules-2021-oktober-27\/","title":{"rendered":"2021. okt\u00f3ber 27."},"content":{"rendered":"<p style=\"text-align: center\">Kari Tan\u00e1cs\u00fcl\u00e9s 2021. okt\u00f3ber 27. 16:30.<\/p>\n<p><a href=\"https:\/\/semmelweis.hu\/gytk\/files\/2021\/10\/MEGH\u00cdV\u00d3.pdf\" target=\"_blank\" rel=\"noopener noreferrer\">MEGH\u00cdV\u00d3<\/a><\/p>\n<p><strong>3. napirendi pont<br \/>\n<\/strong>A Kari Tan\u00e1cs 2021-2022. tan\u00e9vi \u00fcl\u00e9s- \u00e9s munkaterv\u00e9nek elfogad\u00e1sa<\/p>\n<ul>\n<li><a href=\"https:\/\/semmelweis.hu\/gytk\/files\/2021\/10\/3_napirend_KT_el\u0151terjeszt\u00e9s_KT_2021_22_tan\u00e9vi_\u00fcl\u00e9s_\u00e9s_munkaterv\u00e9r\u0151l.pdf\" target=\"_blank\" rel=\"noopener noreferrer\">3_napirend_KT_el\u0151terjeszt\u00e9s_KT_2021_22_tan\u00e9vi_\u00fcl\u00e9s_\u00e9s_munkaterv\u00e9r\u0151l<\/a><\/li>\n<\/ul>\n<p><strong>4. napirendi pont<br \/>\n<\/strong>A 2022. \u00e9vi <em>egyetemi szint\u0171<\/em> kit\u00fcntet\u00e9si javaslatok v\u00e9lem\u00e9nyez\u00e9se \u2013 <em>\u201ePro Universitate d\u00edj\u201d \u00e9s \u201eSemmelweis Egyetem Kiv\u00e1l\u00f3 Oktat\u00f3ja\u201d <br \/>\n<\/em><\/p>\n<ul>\n<li><a href=\"https:\/\/semmelweis.hu\/gytk\/files\/2021\/10\/4_napirend_KT_El\u0151terjeszt\u00e9s_egyetemi_kit\u00fcntet\u00e9s_v\u00e9lem\u00e9nyez\u00e9se_2022.pdf\" target=\"_blank\" rel=\"noopener noreferrer\">4_napirend_KT_El\u0151terjeszt\u00e9s_egyetemi_kit\u00fcntet\u00e9s_v\u00e9lem\u00e9nyez\u00e9se_2022<\/a><\/li>\n<\/ul>\n<p style=\"padding-left: 40px\"><a href=\"https:\/\/semmelweis.hu\/gytk\/files\/2021\/10\/4.-napirendi_pont_2_sz_mell\u00e9klet_Pro_Universitate.pdf\" target=\"_blank\" rel=\"noopener noreferrer\">4_napirend_2_sz_mell\u00e9klet_Pro_Universitate<\/a><br \/>\n<a href=\"https:\/\/semmelweis.hu\/gytk\/files\/2021\/10\/4.-napirendi_pont_3_sz_mell\u00e9klet_Kiv\u00e1l\u00f3_Oktat\u00f3.pdf\" target=\"_blank\" rel=\"noopener noreferrer\">4_napirend_3_sz_mell\u00e9klet_Kiv\u00e1l\u00f3_Oktat\u00f3<\/a><br \/>\n<a href=\"https:\/\/semmelweis.hu\/gytk\/files\/2021\/10\/4.-npirendi-pont-4.-sz.-mell\u00e9klet-H\u00d6K.pdf\" target=\"_blank\" rel=\"noopener noreferrer\">4_ napirend_4_sz_mell\u00e9klet_H\u00d6K_felterjeszt\u00e9s_kiv\u00e1l\u00f3_oktat\u00f3<\/a><\/p>\n<p><strong>5. napirendi pont<br \/>\n<\/strong>A \u201e<em>GYTK Oktat\u00f3 Gy\u00f3gyszer\u00e9sze\u201d<\/em> \u00e9s a<em> \u201eGYTK T\u00e1rsult Oktat\u00f3ja\u201d<\/em> elismer\u0151 oklevelek adom\u00e1nyoz\u00e1s\u00e1ra vonatkoz\u00f3 javaslatok v\u00e9lem\u00e9nyez\u00e9se<\/p>\n<ul>\n<li><a href=\"https:\/\/semmelweis.hu\/gytk\/files\/2021\/10\/5a_napirend_KT_El\u0151terjeszt\u00e9s_GYTK_Oktat\u00f3Gy\u00f3gyszer\u00e9sze_elismer\u0151_oklev\u00e9l_adom\u00e1nyoz\u00e1sa_2021.pdf\" target=\"_blank\" rel=\"noopener noreferrer\">5a_napirend_KT_El\u0151terjeszt\u00e9s_GYTK_Oktat\u00f3Gy\u00f3gyszer\u00e9sze_elismer\u0151_oklev\u00e9l_adom\u00e1nyoz\u00e1sa_2021<\/a><\/li>\n<\/ul>\n<p style=\"padding-left: 40px\"><a href=\"https:\/\/semmelweis.hu\/gytk\/files\/2021\/10\/5a_napirend_2_mell\u00e9klet_okt_gy\u00f3gysz_\u00c1cs_Zolt\u00e1n-1.pdf\" target=\"_blank\" rel=\"noopener noreferrer\">5a_napirend_2_sz_mell\u00e9klet_okt_gy\u00f3gysz_\u00c1cs_Zolt\u00e1n<\/a><\/p>\n<p style=\"padding-left: 40px\"><a href=\"https:\/\/semmelweis.hu\/gytk\/files\/2021\/10\/5a_napirend_3_mell\u00e9klet_okt_gy\u00f3gysz_Heged\u0171s_Lajos-1.pdf\" target=\"_blank\" rel=\"noopener noreferrer\">5a_napirend_3_sz_mell\u00e9klet_okt_gy\u00f3gysz_Heged\u0171s_Lajos<\/a><\/p>\n<p style=\"padding-left: 40px\"><a href=\"https:\/\/semmelweis.hu\/gytk\/files\/2021\/10\/5a_napirend_4_mell\u00e9klet_okt_gy\u00f3gysz_Koll\u00e1r_\u00c9va-1.pdf\" target=\"_blank\" rel=\"noopener noreferrer\">5a_napirend_4_sz_mell\u00e9klet_okt_gy\u00f3gysz_Koll\u00e1r_\u00c9va<\/a><\/p>\n<p style=\"padding-left: 40px\"><a href=\"https:\/\/semmelweis.hu\/gytk\/files\/2021\/10\/5a_napirend_5_mell\u00e9klet_okt_gy\u00f3gysz_K\u00f3nya_Panka-1.pdf\" target=\"_blank\" rel=\"noopener noreferrer\">5a_napirend_5_sz_mell\u00e9klet_okt_gy\u00f3gysz_K\u00f3nya_Panka<\/a><\/p>\n<p style=\"padding-left: 40px\"><a href=\"https:\/\/semmelweis.hu\/gytk\/files\/2021\/10\/5a_napirend_6_mell\u00e9klet_okt_gy\u00f3gysz_Laszlovszky_I-1.pdf\" target=\"_blank\" rel=\"noopener noreferrer\">5a_napirend_6_sz_mell\u00e9klet_okt_gy\u00f3gysz_Laszlovszky_I<\/a><\/p>\n<p style=\"padding-left: 40px\"><a href=\"https:\/\/semmelweis.hu\/gytk\/files\/2021\/10\/5a_napirend_7_mell\u00e9klet_okt_gy\u00f3gysz_Mittner_Andr\u00e1s-1.pdf\" target=\"_blank\" rel=\"noopener noreferrer\">5a_napirend_7_sz_mell\u00e9klet_okt_gy\u00f3gysz_Mittner_Andr\u00e1s<\/a><\/p>\n<p>&nbsp;<\/p>\n<ul>\n<li><a href=\"https:\/\/semmelweis.hu\/gytk\/files\/2021\/10\/5b_napirend_KT_El\u0151terjeszt\u00e9s_GYTK_T\u00e1rsultoktat\u00f3ja_elismer\u0151_oklev\u00e9l_adom\u00e1nyoz\u00e1sa_2021.pdf\" target=\"_blank\" rel=\"noopener noreferrer\">5b_napirend_KT_El\u0151terjeszt\u00e9s_GYTK_T\u00e1rsultOktat\u00f3ja_elismer\u0151_oklev\u00e9l_adom\u00e1nyoz\u00e1sa_2021<\/a><\/li>\n<\/ul>\n<p style=\"padding-left: 40px\"><a href=\"https:\/\/semmelweis.hu\/gytk\/files\/2021\/10\/5bnapirend_2_mell\u00e9klet_Felterjesztes_t\u00e1rsult_oktat\u00f3_Bogsch-E-1.pdf\" target=\"_blank\" rel=\"noopener noreferrer\">5bnapirend_2_mell\u00e9klet_Felterjesztes_t\u00e1rsult_oktat\u00f3_Bogsch E<\/a><\/p>\n<p><strong>6. napirendi pont<br \/>\n<\/strong>Kari \u00e1lland\u00f3 bizotts\u00e1gok szem\u00e9lyi \u00f6sszet\u00e9tel\u00e9nek meg\u00faj\u00edt\u00e1sa (hallgat\u00f3i k\u00e9pvisel\u0151k)<\/p>\n<ul>\n<li><a href=\"https:\/\/semmelweis.hu\/gytk\/files\/2021\/10\/6_napirend_KT_el\u0151terjeszt\u00e9s_kari_\u00e1lland\u00f3_biz_szem\u00e9lyi_\u00f6sszet\u00e9tel\u00e9nek_meg\u00faj\u00edt\u00e1sa.pdf\" target=\"_blank\" rel=\"noopener noreferrer\">6_napirend_KT_el\u0151terjeszt\u00e9s_kari_\u00e1lland\u00f3_biz_szem\u00e9lyi_\u00f6sszet\u00e9tel\u00e9nek_meg\u00faj\u00edt\u00e1sa<\/a><\/li>\n<\/ul>\n<p><strong>7. napirendi pont<br \/>\n<\/strong>Kari \u00e1lland\u00f3 bizotts\u00e1gok szervezeti \u00fcgyrendj\u00e9nek meg\u00faj\u00edt\u00e1sa (Programakkredit\u00e1ci\u00f3s Bizotts\u00e1g, OMHV Bizotts\u00e1g, Szak- \u00e9s Tov\u00e1bbk\u00e9pz\u00e9si Bizotts\u00e1g, Min\u0151s\u00e9gbiztos\u00edt\u00e1si Bizotts\u00e1g)<\/p>\n<ul>\n<li><a href=\"https:\/\/semmelweis.hu\/gytk\/files\/2021\/10\/7_napirend_KT_El\u0151terjeszt\u00e9s_Kari_\u00e1lland\u00f3_bizotts\u00e1gok_\u00fcgyrendjeinek_meg\u00faj\u00edt\u00e1sa.pdf\" target=\"_blank\" rel=\"noopener noreferrer\">7_napirend_KT_El\u0151terjeszt\u00e9s_Kari_\u00e1lland\u00f3_bizotts\u00e1gok_\u00fcgyrendjeinek_meg\u00faj\u00edt\u00e1sa<\/a><br \/>\n<a href=\"https:\/\/semmelweis.hu\/gytk\/files\/2021\/10\/7_napirend_2mell\u00e9klet_PAB_\u00fcgyrendje_20211021.pdf\" target=\"_blank\" rel=\"noopener noreferrer\">7_napirendi_pont_2_sz_mell\u00e9klet_PAB_\u00fcgyrendje<\/a><br \/>\n<a href=\"https:\/\/semmelweis.hu\/gytk\/files\/2021\/10\/7_napirendi-pont_3_sz_mell\u00e9klet_OMHV_\u00fcgyrend.pdf\" target=\"_blank\" rel=\"noopener noreferrer\">7_napirendi_pont_3_sz_mell\u00e9klet_OMHV_Bizotts\u00e1g_\u00fcgyrend<\/a><br \/>\n<a href=\"https:\/\/semmelweis.hu\/gytk\/files\/2021\/10\/7_napirendi_pont_4_sz_mell\u00e9klet_Szakk\u00e9ppz\u00e9s_\u00fcgyrend-1.pdf\" target=\"_blank\" rel=\"noopener noreferrer\">7_napirendi_pont_4_sz_mell\u00e9klet_Szak-\u00e9s Tov\u00e1bbk\u00e9pz\u00e9si_Bizotts\u00e1g_\u00fcgyrend<\/a><br \/>\n<a href=\"https:\/\/semmelweis.hu\/gytk\/files\/2021\/10\/7_napirend_5mell\u00e9klet_Minbizt_Bizotts\u00e1g_\u00fcgyrendje_20211021.pdf\" target=\"_blank\" rel=\"noopener noreferrer\">7_napirendi_pont_5_sz_mell\u00e9klet_Minbizt_Bizotts\u00e1g_\u00fcgyrendje<\/a><\/li>\n<\/ul>\n<p><strong>8. napirendi pont<br \/>\n<\/strong><a href=\"https:\/\/semmelweis.hu\/gytk\/files\/2021\/10\/8_napirend_T\u00e1j\u00e9koztat\u00f3_2021_\u00e9vi_z\u00e1r\u00f3vizsg\u00e1kr\u00f3l.pdf\" target=\"_blank\" rel=\"noopener noreferrer\">T\u00e1j\u00e9koztat\u00f3 a 2021. \u00e9vi z\u00e1r\u00f3vizsg\u00e1kr\u00f3l<\/a><\/p>\n<p><strong style=\"font-size: 1rem\">9. napirendi pont<br \/>\n<\/strong><a href=\"https:\/\/semmelweis.hu\/gytk\/files\/2021\/10\/9_napirend_T\u00e1j\u00e9koztat\u00f3_2021_\u00e9vi_felv\u00e9teli-elj\u00e1r\u00e1sr\u00f3l_beiratkoz\u00e1si_adatokr\u00f3l.pdf\" target=\"_blank\" rel=\"noopener noreferrer\">T\u00e1j\u00e9koztat\u00f3 a 2021. \u00e9vi felv\u00e9teli elj\u00e1r\u00e1sr\u00f3l, beiratkoz\u00e1si\/bejelentkez\u00e9si adatokr\u00f3l<\/a><\/p>\n<p><strong>10. napirendi pont<br \/>\n<\/strong>T\u00e1j\u00e9koztat\u00e1s a 2020-2021. tan\u00e9v 2. f\u00e9l\u00e9v\u00e9nek tanulm\u00e1nyi eredm\u00e9nyeir\u0151l<\/p>\n<ul>\n<li><a href=\"https:\/\/semmelweis.hu\/gytk\/files\/2021\/10\/10.-napirendi-pont-1a-mell\u00e9klet.xlsx\" target=\"_blank\" rel=\"noopener noreferrer\">10_napirendi_pont_1a_mell\u00e9klet_magyar k\u00e9pz\u00e9s<\/a><\/li>\n<li><a href=\"https:\/\/semmelweis.hu\/gytk\/files\/2021\/10\/10.napirendi-pont-1b-mell\u00e9klet.pdf\" target=\"_blank\" rel=\"noopener noreferrer\">10_napirendi_pont_1b_mell\u00e9klet_angol k\u00e9pz\u00e9s<\/a><\/li>\n<li><a href=\"https:\/\/semmelweis.hu\/gytk\/files\/2021\/10\/10.napirendipont-1c-mell\u00e9klet.pdf\" target=\"_blank\" rel=\"noopener noreferrer\">10_napirendi_pont _1c_mell\u00e9klet_n\u00e9met_k\u00e9pz\u00e9s<\/a><\/li>\n<\/ul>\n<p><strong>11. napirendi pont<br \/>\n<\/strong><a href=\"https:\/\/semmelweis.hu\/gytk\/files\/2021\/10\/11.-napirendi-pont-Szakk\u00e9pz\u0151-helyek-akkredit\u00e1ci\u00f3s-k\u00e9relmeinek-v\u00e9lem\u00e9nyez\u00e9se.pdf\" target=\"_blank\" rel=\"noopener noreferrer\">Szakk\u00e9pz\u0151 helyek akkredit\u00e1ci\u00f3s k\u00e9relmeinek v\u00e9lem\u00e9nyez\u00e9se<\/a><strong><br \/>\n<\/strong><\/p>\n<p>&nbsp;<\/p>\n","protected":false},"excerpt":{"rendered":"<p>Kari Tan\u00e1cs\u00fcl\u00e9s 2021. okt\u00f3ber 27. 16:30. <a href=\"https:\/\/semmelweis.hu\/gytk\/files\/2021\/10\/MEGH\u00cdV\u00d3.pdf\" target=\"_blank\" rel=\"noopener noreferrer\">MEGH\u00cdV\u00d3<\/a> 3. napirendi pont A Kari Tan\u00e1cs 2021-2022. tan\u00e9vi \u00fcl\u00e9s- \u00e9s munkaterv\u00e9nek elfogad\u00e1sa <a href=\"https:\/\/semmelweis.hu\/gytk\/files\/2021\/10\/3_napirend_KT_el\u0151terjeszt\u00e9s_KT_2021_22_tan\u00e9vi_\u00fcl\u00e9s_\u00e9s_munkaterv\u00e9r\u0151l.pdf\" target=\"_blank\" rel=\"noopener noreferrer\">3_napirend_KT_el\u0151terjeszt\u00e9s_KT_2021_22_tan\u00e9vi_\u00fcl\u00e9s_\u00e9s_munkaterv\u00e9r\u0151l<\/a> 4. napirendi pont A 2022. \u00e9vi egyetemi szint\u0171 kit\u00fcntet\u00e9si javaslatok v\u00e9lem\u00e9nyez\u00e9se \u2013 \u201ePro Universitate d\u00edj\u201d \u00e9s \u201eSemmelweis Egyetem Kiv\u00e1l\u00f3 Oktat\u00f3ja\u201d <a href=\"https:\/\/semmelweis.hu\/gytk\/files\/2021\/10\/4_napirend_KT_El\u0151terjeszt\u00e9s_egyetemi_kit\u00fcntet\u00e9s_v\u00e9lem\u00e9nyez\u00e9se_2022.pdf\" target=\"_blank\" rel=\"noopener noreferrer\">4_napirend_KT_El\u0151terjeszt\u00e9s_egyetemi_kit\u00fcntet\u00e9s_v\u00e9lem\u00e9nyez\u00e9se_2022<\/a> <a href=\"https:\/\/semmelweis.hu\/gytk\/files\/2021\/10\/4.-napirendi_pont_2_sz_mell\u00e9klet_Pro_Universitate.pdf\" target=\"_blank\" rel=\"noopener noreferrer\">4_napirend_2_sz_mell\u00e9klet_Pro_Universitate<\/a> <a href=\"https:\/\/semmelweis.hu\/gytk\/files\/2021\/10\/4.-napirendi_pont_3_sz_mell\u00e9klet_Kiv\u00e1l\u00f3_Oktat\u00f3.pdf\" target=\"_blank\" rel=\"noopener noreferrer\">4_napirend_3_sz_mell\u00e9klet_Kiv\u00e1l\u00f3_Oktat\u00f3<\/a> <a href=\"https:\/\/semmelweis.hu\/gytk\/files\/2021\/10\/4.-npirendi-pont-4.-sz.-mell\u00e9klet-H\u00d6K.pdf\" target=\"_blank\" rel=\"noopener noreferrer\">4_ napirend_4_sz_mell\u00e9klet_H\u00d6K_felterjeszt\u00e9s_kiv\u00e1l\u00f3_oktat\u00f3<\/a> 5. napirendi pont A \u201eGYTK Oktat\u00f3 Gy\u00f3gyszer\u00e9sze\u201d \u00e9s a \u201eGYTK T\u00e1rsult Oktat\u00f3ja\u201d elismer\u0151 oklevelek adom\u00e1nyoz\u00e1s\u00e1ra vonatkoz\u00f3 javaslatok &hellip;<\/p>\n","protected":false},"author":101431,"featured_media":0,"parent":5323,"menu_order":38,"comment_status":"closed","ping_status":"closed","template":"","meta":{"_acf_changed":false,"footnotes":""},"categories":[],"tags":[],"class_list":["post-12403","page","type-page","status-publish","hentry"],"acf":[],"_links":{"self":[{"href":"https:\/\/semmelweis.hu\/gytk\/wp-json\/wp\/v2\/pages\/12403","targetHints":{"allow":["GET"]}}],"collection":[{"href":"https:\/\/semmelweis.hu\/gytk\/wp-json\/wp\/v2\/pages"}],"about":[{"href":"https:\/\/semmelweis.hu\/gytk\/wp-json\/wp\/v2\/types\/page"}],"author":[{"embeddable":true,"href":"https:\/\/semmelweis.hu\/gytk\/wp-json\/wp\/v2\/users\/101431"}],"replies":[{"embeddable":true,"href":"https:\/\/semmelweis.hu\/gytk\/wp-json\/wp\/v2\/comments?post=12403"}],"version-history":[{"count":3,"href":"https:\/\/semmelweis.hu\/gytk\/wp-json\/wp\/v2\/pages\/12403\/revisions"}],"predecessor-version":[{"id":12406,"href":"https:\/\/semmelweis.hu\/gytk\/wp-json\/wp\/v2\/pages\/12403\/revisions\/12406"}],"up":[{"embeddable":true,"href":"https:\/\/semmelweis.hu\/gytk\/wp-json\/wp\/v2\/pages\/5323"}],"wp:attachment":[{"href":"https:\/\/semmelweis.hu\/gytk\/wp-json\/wp\/v2\/media?parent=12403"}],"wp:term":[{"taxonomy":"category","embeddable":true,"href":"https:\/\/semmelweis.hu\/gytk\/wp-json\/wp\/v2\/categories?post=12403"},{"taxonomy":"post_tag","embeddable":true,"href":"https:\/\/semmelweis.hu\/gytk\/wp-json\/wp\/v2\/tags?post=12403"}],"curies":[{"name":"wp","href":"https:\/\/api.w.org\/{rel}","templated":true}]}}