{"id":9908,"date":"2024-03-05T11:44:44","date_gmt":"2024-03-05T10:44:44","guid":{"rendered":"https:\/\/semmelweis.hu\/gyogyszertar\/?page_id=9908"},"modified":"2025-11-03T13:48:09","modified_gmt":"2025-11-03T12:48:09","slug":"diplomamunka","status":"publish","type":"page","link":"https:\/\/semmelweis.hu\/gyogyszertar\/oktatas\/gradualis-kepzes\/diplomamunka\/","title":{"rendered":"Diplomamunka &#8211; TDK munka"},"content":{"rendered":"<div class=\"responsive-tabs\">\n<h2 class=\"tabtitle\">Diplomamunka<\/h2>\n<div class=\"tabcontent\">\n\n<ul>\n<li><a href=\"https:\/\/semmelweis.hu\/gyogyszertar\/files\/2025\/11\/Diplomamunka_temak_2025-2026-1029.pdf\" target=\"_blank\" rel=\"noopener\">Diplomamunka t\u00e9m\u00e1k 2025-26<\/a><\/li>\n<li><a href=\"https:\/\/semmelweis.hu\/gyogyszertar\/files\/2019\/04\/Hasznos-tan\u00e1csok-a-diplomamunka-v\u00e9d\u00e9s-\u00f6ssze\u00e1ll\u00edt\u00e1s\u00e1hoz_SO_SZA_v\u00e9gleges.pdf\" target=\"_blank\" rel=\"noopener noreferrer\">!Hasznos tan\u00e1csok a Diplomamunka v\u00e9d\u00e9s \u00f6ssze\u00e1ll\u00edt\u00e1s\u00e1hoz!<\/a><\/li>\n<li><a href=\"https:\/\/semmelweis.hu\/gyogyszertar\/files\/2023\/02\/Diplomamunka_utmutato_EGYGYSZI_2022-23.pdf\" target=\"_blank\" rel=\"noopener\">Diplomamunka k\u00e9sz\u00edt\u00e9s\u00e9nek k\u00f6vetelm\u00e9nyei<\/a><\/li>\n<li><a href=\"https:\/\/semmelweis.hu\/gyogyszertar\/files\/2023\/02\/plagium_nyilatkozat.doc\">Pl\u00e1gium nyilatkozat<\/a><\/li>\n<\/ul>\n\n<\/div><h2 class=\"tabtitle\">TDK munka<\/h2>\n<div class=\"tabcontent\">\n\n<ul style=\"list-style-type: disc\">\n<li><a href=\"https:\/\/semmelweis.hu\/gyogyszertar\/files\/2025\/09\/TDK-2025-26.pdf\" target=\"_blank\" rel=\"noopener\">TDK t\u00e9m\u00e1k 2025-26<\/a><\/li>\n<\/ul>\n<\/div><\/div>\n","protected":false},"excerpt":{"rendered":"<p><a href=\"https:\/\/semmelweis.hu\/gyogyszertar\/files\/2025\/11\/Diplomamunka_temak_2025-2026-1029.pdf\" target=\"_blank\" rel=\"noopener\">Diplomamunka t\u00e9m\u00e1k 2025-26<\/a><br \/>\n<a href=\"https:\/\/semmelweis.hu\/gyogyszertar\/files\/2019\/04\/Hasznos-tan\u00e1csok-a-diplomamunka-v\u00e9d\u00e9s-\u00f6ssze\u00e1ll\u00edt\u00e1s\u00e1hoz_SO_SZA_v\u00e9gleges.pdf\" target=\"_blank\" rel=\"noopener noreferrer\">!Hasznos tan\u00e1csok a Diplomamunka v\u00e9d\u00e9s \u00f6ssze\u00e1ll\u00edt\u00e1s\u00e1hoz!<\/a><br \/>\n<a href=\"https:\/\/semmelweis.hu\/gyogyszertar\/files\/2023\/02\/Diplomamunka_utmutato_EGYGYSZI_2022-23.pdf\" target=\"_blank\" rel=\"noopener\">Diplomamunka k\u00e9sz\u00edt\u00e9s\u00e9nek k\u00f6vetelm\u00e9nyei<\/a><br \/>\n<a href=\"https:\/\/semmelweis.hu\/gyogyszertar\/files\/2023\/02\/plagium_nyilatkozat.doc\">Pl\u00e1gium nyilatkozat<\/a><\/p>\n<p><a href=\"https:\/\/semmelweis.hu\/gyogyszertar\/files\/2025\/09\/TDK-2025-26.pdf\" target=\"_blank\" rel=\"noopener\">TDK t\u00e9m\u00e1k 2025-26<\/a><\/p>\n","protected":false},"author":357,"featured_media":0,"parent":90,"menu_order":10,"comment_status":"closed","ping_status":"closed","template":"","meta":{"_acf_changed":false,"footnotes":""},"categories":[],"tags":[],"class_list":["post-9908","page","type-page","status-publish","hentry"],"acf":[],"_links":{"self":[{"href":"https:\/\/semmelweis.hu\/gyogyszertar\/wp-json\/wp\/v2\/pages\/9908","targetHints":{"allow":["GET"]}}],"collection":[{"href":"https:\/\/semmelweis.hu\/gyogyszertar\/wp-json\/wp\/v2\/pages"}],"about":[{"href":"https:\/\/semmelweis.hu\/gyogyszertar\/wp-json\/wp\/v2\/types\/page"}],"author":[{"embeddable":true,"href":"https:\/\/semmelweis.hu\/gyogyszertar\/wp-json\/wp\/v2\/users\/357"}],"replies":[{"embeddable":true,"href":"https:\/\/semmelweis.hu\/gyogyszertar\/wp-json\/wp\/v2\/comments?post=9908"}],"version-history":[{"count":10,"href":"https:\/\/semmelweis.hu\/gyogyszertar\/wp-json\/wp\/v2\/pages\/9908\/revisions"}],"predecessor-version":[{"id":11172,"href":"https:\/\/semmelweis.hu\/gyogyszertar\/wp-json\/wp\/v2\/pages\/9908\/revisions\/11172"}],"up":[{"embeddable":true,"href":"https:\/\/semmelweis.hu\/gyogyszertar\/wp-json\/wp\/v2\/pages\/90"}],"wp:attachment":[{"href":"https:\/\/semmelweis.hu\/gyogyszertar\/wp-json\/wp\/v2\/media?parent=9908"}],"wp:term":[{"taxonomy":"category","embeddable":true,"href":"https:\/\/semmelweis.hu\/gyogyszertar\/wp-json\/wp\/v2\/categories?post=9908"},{"taxonomy":"post_tag","embeddable":true,"href":"https:\/\/semmelweis.hu\/gyogyszertar\/wp-json\/wp\/v2\/tags?post=9908"}],"curies":[{"name":"wp","href":"https:\/\/api.w.org\/{rel}","templated":true}]}}