{"id":9288,"date":"2022-09-28T07:28:42","date_gmt":"2022-09-28T05:28:42","guid":{"rendered":"https:\/\/semmelweis.hu\/gyogyszertar\/?page_id=9288"},"modified":"2024-02-19T11:54:26","modified_gmt":"2024-02-19T10:54:26","slug":"gyogyszer-vlogger-kids","status":"publish","type":"page","link":"https:\/\/semmelweis.hu\/gyogyszertar\/rolunk\/gyogyszer-vlogger-kids\/","title":{"rendered":"Gy\u00f3gyszer Vlogger Kids"},"content":{"rendered":"<p><img loading=\"lazy\" decoding=\"async\" class=\"aligncenter\" src=\"https:\/\/semmelweis.hu\/gyogyszertar\/files\/2022\/09\/vlogger_logo.png\" width=\"280\" height=\"280\" \/><\/p>\n<p style=\"text-align: justify\">Napjainkban meglehet\u0151sen sokf\u00e9le, s\u0151t \u00fajabbn\u00e1l \u00fajabb, \u00fagynevezett nem konvencion\u00e1lis gy\u00f3gyszerform\u00e1val tal\u00e1lkozhatnak a betegek. A gyermekgy\u00f3gy\u00e1szat ter\u00fclet\u00e9n bel\u00fcl pedig kiemelked\u0151en sok \u00e9s k\u00fcl\u00f6nb\u00f6z\u0151 gy\u00f3gyszerforma l\u00e9tezik, amelyek haszn\u00e1lata nem mindig egyszer\u0171 m\u00e9g a gyakorlott sz\u00fcl\u0151knek sem, nemhogy az els\u0151 gyermek\u00fcket nevel\u0151 p\u00e1roknak. A Gy\u00f3gyszer Vlogger Kids projekt a leggyakoribb betegs\u00e9gek kapcs\u00e1n felvet\u0151d\u0151 gy\u00f3gyszeres kezel\u00e9sekkel ismerteti meg a sz\u00fcl\u0151ket r\u00f6vid, l\u00e1tv\u00e1nyos vide\u00f3kon kereszt\u00fcl.<\/p>\n<p style=\"text-align: justify\">Egyes gy\u00f3gyszerek felhaszn\u00e1l\u00e1s\u00e1t sz\u00e1mos t\u00e9vhit \u00f6vezi, \u00e9s a patikai tan\u00e1csad\u00e1ssal szemben a vil\u00e1gh\u00e1l\u00f3n fellelhet\u0151 inform\u00e1ci\u00f3k alapj\u00e1n t\u00e1j\u00e9koz\u00f3dik a lakoss\u00e1g nagy r\u00e9sze. A k\u00e9sz\u00edtm\u00e9nyek bev\u00e9tel\u00e9vel \u00e9s\/vagy elk\u00e9sz\u00edt\u00e9s\u00e9vel kapcsolatban a fiatal anyuk\u00e1k k\u00f6zt az online t\u00e9rben sz\u00e1mos praktikusnak t\u0171n\u0151 inform\u00e1ci\u00f3 terjed, amelyek gy\u00f3gyszer\u00e9szi szemmel n\u00e9zve jobb esetben a ter\u00e1pi\u00e1s hat\u00e1s cs\u00f6kken\u00e9s\u00e9hez vezethetnek, de rosszabb esetben a ter\u00e1pi\u00e1s kock\u00e1zatok n\u00f6veked\u00e9s\u00e9t is okozhatj\u00e1k.<\/p>\n<p style=\"font-weight: 400\"><a href=\"https:\/\/www.youtube.com\/channel\/UCqmFkbLYXBygl0mSHnkjyVA\" target=\"_blank\" rel=\"noopener\"><strong>Ide kattintva l\u00e1togasson el YouTube csatorn\u00e1nkra!<\/strong><\/a><\/p>\n<p style=\"font-weight: 400\">A Gy\u00f3gyszer Vlogger Kids csapat\u00e1nak tagjai:<\/p>\n<p style=\"font-weight: 400\"><img loading=\"lazy\" decoding=\"async\" class=\"aligncenter\" src=\"https:\/\/semmelweis.hu\/gyogyszertar\/files\/2022\/09\/BDG_4858-scaled.jpg\" width=\"600\" height=\"400\" \/><br \/>\n<strong>Dr. Zelk\u00f3 Rom\u00e1na PhD, DSc<\/strong> \u2013 int\u00e9zet\u00fcnk igazgat\u00f3ja (szakgy\u00f3gyszer\u00e9sz)<br \/>\n<strong>Dr. Somogyi Orsolya PhD<\/strong> \u2013 int\u00e9zet\u00fcnk adjunktusa (szakgy\u00f3gyszer\u00e9sz)<br \/>\n<strong>Dr. Palcs\u00f3 Barnab\u00e1s<\/strong> \u2013 int\u00e9zet\u00fcnk tan\u00e1rseg\u00e9de, PhD-hallgat\u00f3ja (gy\u00f3gyszer\u00e9sz)<br \/>\n<strong>Dr. Betlehemi Vikt\u00f3ria<\/strong> \u2013 int\u00e9zet\u00fcnk volt demonstr\u00e1tora (gy\u00f3gyszer\u00e9sz)<br \/>\n<strong>Pint\u00e9r Kinga<\/strong> \u2013 int\u00e9zet\u00fcnk volt demonstr\u00e1tora (gy\u00f3gyszer\u00e9szhallgat\u00f3)<\/p>\n<p style=\"font-weight: 400\">Seg\u00edts\u00e9g\u00fcnk:<br \/>\n<strong>Dr. Sz\u00e9pe Orsolya PhD<\/strong> \u2013 int\u00e9zet\u00fcnk kommunik\u00e1ci\u00f3s munkat\u00e1rsa<\/p>\n<p style=\"font-weight: 400\">T\u00e1mogat\u00f3nk:<br \/>\nRichter Anna D\u00edj \u2013 Sz\u00edv\u00fcgy\u00fcnk a fejl\u0151d\u00e9s<\/p>\n<p><img loading=\"lazy\" decoding=\"async\" class=\"aligncenter\" src=\"https:\/\/semmelweis.hu\/gyogyszertar\/files\/2022\/09\/GyogyszerVloggerKids-scaled.jpg\" width=\"600\" height=\"400\" \/><\/p>\n<p><img loading=\"lazy\" decoding=\"async\" class=\"aligncenter\" src=\"https:\/\/semmelweis.hu\/gyogyszertar\/files\/2022\/09\/GyogyszerVloggerKids2-scaled.jpg\" width=\"600\" height=\"400\" \/><\/p>\n<p><img loading=\"lazy\" decoding=\"async\" class=\"aligncenter\" src=\"https:\/\/semmelweis.hu\/gyogyszertar\/files\/2022\/09\/vlogger_logo3.png\" width=\"399\" height=\"300\" \/><\/p>\n","protected":false},"excerpt":{"rendered":"<p>Napjainkban meglehet\u0151sen sokf\u00e9le, s\u0151t \u00fajabbn\u00e1l \u00fajabb, \u00fagynevezett nem konvencion\u00e1lis gy\u00f3gyszerform\u00e1val tal\u00e1lkozhatnak a betegek. A gyermekgy\u00f3gy\u00e1szat ter\u00fclet\u00e9n bel\u00fcl pedig kiemelked\u0151en sok \u00e9s k\u00fcl\u00f6nb\u00f6z\u0151 gy\u00f3gyszerforma l\u00e9tezik, amelyek haszn\u00e1lata nem mindig egyszer\u0171 m\u00e9g a gyakorlott sz\u00fcl\u0151knek sem, nemhogy az els\u0151 gyermek\u00fcket nevel\u0151 p\u00e1roknak. A Gy\u00f3gyszer Vlogger Kids projekt a leggyakoribb betegs\u00e9gek kapcs\u00e1n felvet\u0151d\u0151 gy\u00f3gyszeres kezel\u00e9sekkel ismerteti meg a &hellip;<\/p>\n","protected":false},"author":357,"featured_media":0,"parent":5,"menu_order":3,"comment_status":"closed","ping_status":"closed","template":"","meta":{"_acf_changed":false,"footnotes":""},"categories":[],"tags":[],"class_list":["post-9288","page","type-page","status-publish","hentry"],"acf":[],"_links":{"self":[{"href":"https:\/\/semmelweis.hu\/gyogyszertar\/wp-json\/wp\/v2\/pages\/9288","targetHints":{"allow":["GET"]}}],"collection":[{"href":"https:\/\/semmelweis.hu\/gyogyszertar\/wp-json\/wp\/v2\/pages"}],"about":[{"href":"https:\/\/semmelweis.hu\/gyogyszertar\/wp-json\/wp\/v2\/types\/page"}],"author":[{"embeddable":true,"href":"https:\/\/semmelweis.hu\/gyogyszertar\/wp-json\/wp\/v2\/users\/357"}],"replies":[{"embeddable":true,"href":"https:\/\/semmelweis.hu\/gyogyszertar\/wp-json\/wp\/v2\/comments?post=9288"}],"version-history":[{"count":10,"href":"https:\/\/semmelweis.hu\/gyogyszertar\/wp-json\/wp\/v2\/pages\/9288\/revisions"}],"predecessor-version":[{"id":9320,"href":"https:\/\/semmelweis.hu\/gyogyszertar\/wp-json\/wp\/v2\/pages\/9288\/revisions\/9320"}],"up":[{"embeddable":true,"href":"https:\/\/semmelweis.hu\/gyogyszertar\/wp-json\/wp\/v2\/pages\/5"}],"wp:attachment":[{"href":"https:\/\/semmelweis.hu\/gyogyszertar\/wp-json\/wp\/v2\/media?parent=9288"}],"wp:term":[{"taxonomy":"category","embeddable":true,"href":"https:\/\/semmelweis.hu\/gyogyszertar\/wp-json\/wp\/v2\/categories?post=9288"},{"taxonomy":"post_tag","embeddable":true,"href":"https:\/\/semmelweis.hu\/gyogyszertar\/wp-json\/wp\/v2\/tags?post=9288"}],"curies":[{"name":"wp","href":"https:\/\/api.w.org\/{rel}","templated":true}]}}