{"id":8386,"date":"2021-05-13T14:28:12","date_gmt":"2021-05-13T12:28:12","guid":{"rendered":"https:\/\/semmelweis.hu\/gyogyszertar\/?page_id=8386"},"modified":"2025-02-05T09:27:31","modified_gmt":"2025-02-05T08:27:31","slug":"gyogyszereszi-tanacsadas-utazoknak","status":"publish","type":"page","link":"https:\/\/semmelweis.hu\/gyogyszertar\/oktatas\/gradualis-kepzes\/gyogyszereszi-tanacsadas-utazoknak\/","title":{"rendered":"Gy\u00f3gyszer\u00e9szi tan\u00e1csad\u00e1s utaz\u00f3knak"},"content":{"rendered":"<div class=\"responsive-tabs\">\n<h2 class=\"tabtitle\">Ismertet\u0151<\/h2>\n<div class=\"tabcontent\">\n\n<p>Az utaz\u00e1si lehet\u0151s\u00e9gek kib\u0151v\u00fcl\u00e9s\u00e9t nem k\u00f6vette az utaz\u00e1si eg\u00e9szs\u00e9g\u00fcgyi kult\u00fara ir\u00e1nti ig\u00e9ny n\u00f6veked\u00e9se. Nemzetk\u00f6zi adatok szerint m\u00e9g a tr\u00f3pusokra utaz\u00f3k k\u00f6z\u00f6tt is csak az utaz\u00f3k 30%-a folyamodik utaz\u00e1si tan\u00e1csad\u00e1s\u00e9rt \u2013 ami a gyakorlatban csup\u00e1n a vakcin\u00e1ci\u00f3t jelenti.<\/p>\n<p>Az utaz\u00e1si orvostan Magyarorsz\u00e1gon igen fiatal diszcipl\u00edna, m\u00e9g hi\u00e1nyzik a megfelel\u0151 tan\u00e1csad\u00f3i h\u00e1l\u00f3zat. Az utaz\u00e1si tan\u00e1csad\u00e1s nem az orvosok privil\u00e9giuma: ott kell tan\u00e1csot adni, ahol a j\u00f6vend\u0151 utaz\u00f3 nagy val\u00f3sz\u00edn\u0171s\u00e9ggel megjelenik, pl. egy gy\u00f3gyszert\u00e1r frekvent\u00e1ltabb hely, mint a rendel\u0151. Az alapell\u00e1t\u00e1si orvos tan\u00e1csad\u00f3 munk\u00e1j\u00e1t ki kell, hogy eg\u00e9sz\u00edtse, meg kell, hogy alapozza a gy\u00f3gyszer\u00e9sz\u00e9: az egy\u00fcttm\u0171k\u00f6d\u00e9s megval\u00f3s\u00edthat\u00f3, k\u00edv\u00e1natos \u00e9s eredm\u00e9nnyel kecsegtet. Ehhez ny\u00fajt lehet\u0151s\u00e9get a gy\u00f3gyszer\u00e9szkaron a k\u00f6telez\u0151en v\u00e1laszthat\u00f3 t\u00e1rgy, az utaz\u00e1si orvostan.<\/p>\n\n<\/div><h2 class=\"tabtitle\">Tant\u00e1rgyi Adatlap<\/h2>\n<div class=\"tabcontent\">\n\n<p><a href=\"https:\/\/semmelweis.hu\/gyogyszertar\/files\/2024\/02\/Gyogyszereszi-tanacsadas-utazoknak_2023-24.pdf\" target=\"_blank\" rel=\"noopener\">2023\/24. Tan\u00e9v<\/a><\/p>\n<p>2024\/25. Tan\u00e9v folyam\u00e1n a kurzus nem ker\u00fcl meghirdet\u00e9sre!<br \/>\n[Friss\u00edtve: 2025.02.05.]<\/p>\n<\/div><\/div>\n","protected":false},"excerpt":{"rendered":"<p>Az utaz\u00e1si lehet\u0151s\u00e9gek kib\u0151v\u00fcl\u00e9s\u00e9t nem k\u00f6vette az utaz\u00e1si eg\u00e9szs\u00e9g\u00fcgyi kult\u00fara ir\u00e1nti ig\u00e9ny n\u00f6veked\u00e9se. Nemzetk\u00f6zi adatok szerint m\u00e9g a tr\u00f3pusokra utaz\u00f3k k\u00f6z\u00f6tt is csak az utaz\u00f3k 30%-a folyamodik utaz\u00e1si tan\u00e1csad\u00e1s\u00e9rt \u2013 ami a gyakorlatban csup\u00e1n a vakcin\u00e1ci\u00f3t jelenti. Az utaz\u00e1si orvostan Magyarorsz\u00e1gon igen fiatal diszcipl\u00edna, m\u00e9g hi\u00e1nyzik a megfelel\u0151 tan\u00e1csad\u00f3i h\u00e1l\u00f3zat. Az utaz\u00e1si tan\u00e1csad\u00e1s nem az &hellip;<\/p>\n","protected":false},"author":357,"featured_media":0,"parent":90,"menu_order":9,"comment_status":"closed","ping_status":"closed","template":"","meta":{"_acf_changed":false,"footnotes":""},"categories":[],"tags":[],"class_list":["post-8386","page","type-page","status-publish","hentry"],"acf":[],"_links":{"self":[{"href":"https:\/\/semmelweis.hu\/gyogyszertar\/wp-json\/wp\/v2\/pages\/8386","targetHints":{"allow":["GET"]}}],"collection":[{"href":"https:\/\/semmelweis.hu\/gyogyszertar\/wp-json\/wp\/v2\/pages"}],"about":[{"href":"https:\/\/semmelweis.hu\/gyogyszertar\/wp-json\/wp\/v2\/types\/page"}],"author":[{"embeddable":true,"href":"https:\/\/semmelweis.hu\/gyogyszertar\/wp-json\/wp\/v2\/users\/357"}],"replies":[{"embeddable":true,"href":"https:\/\/semmelweis.hu\/gyogyszertar\/wp-json\/wp\/v2\/comments?post=8386"}],"version-history":[{"count":10,"href":"https:\/\/semmelweis.hu\/gyogyszertar\/wp-json\/wp\/v2\/pages\/8386\/revisions"}],"predecessor-version":[{"id":10827,"href":"https:\/\/semmelweis.hu\/gyogyszertar\/wp-json\/wp\/v2\/pages\/8386\/revisions\/10827"}],"up":[{"embeddable":true,"href":"https:\/\/semmelweis.hu\/gyogyszertar\/wp-json\/wp\/v2\/pages\/90"}],"wp:attachment":[{"href":"https:\/\/semmelweis.hu\/gyogyszertar\/wp-json\/wp\/v2\/media?parent=8386"}],"wp:term":[{"taxonomy":"category","embeddable":true,"href":"https:\/\/semmelweis.hu\/gyogyszertar\/wp-json\/wp\/v2\/categories?post=8386"},{"taxonomy":"post_tag","embeddable":true,"href":"https:\/\/semmelweis.hu\/gyogyszertar\/wp-json\/wp\/v2\/tags?post=8386"}],"curies":[{"name":"wp","href":"https:\/\/api.w.org\/{rel}","templated":true}]}}