{"id":8051,"date":"2021-03-09T11:30:51","date_gmt":"2021-03-09T10:30:51","guid":{"rendered":"https:\/\/semmelweis.hu\/gyogyszertar\/?page_id=8051"},"modified":"2025-05-12T10:02:14","modified_gmt":"2025-05-12T08:02:14","slug":"szent-rokus-klinikai-tomb-intezeti-gyogyszertar","status":"publish","type":"page","link":"https:\/\/semmelweis.hu\/gyogyszertar\/rolunk\/osztalyok\/szent-rokus-klinikai-tomb-intezeti-gyogyszertar\/","title":{"rendered":"Szent R\u00f3kus Klinikai T\u00f6mb Int\u00e9zeti R\u00e9szleg"},"content":{"rendered":"<div class=\"responsive-tabs\">\n<h2 class=\"tabtitle\">Bemutat\u00e1s<\/h2>\n<div class=\"tabcontent\">\n\n<p><strong>El\u00e9rhet\u0151s\u00e9geink<\/strong><br \/>\n1085 Budapest, Gyulai P\u00e1l u.2<br \/>\ntelefon: +36-235-6649<br \/>\nE-mail: rokus.gyogyszertar[kukac]med.semmelweis-univ.hu<\/p>\n<p style=\"text-align: justify\">A Szent R\u00f3kus Klinikai T\u00f6mb Int\u00e9zeti Gy\u00f3gyszert\u00e1ra az Egyetemi Gy\u00f3gyszert\u00e1r r\u00e9szek\u00e9nt az itt m\u0171k\u00f6d\u0151 fekv\u0151- \u00e9s j\u00e1r\u00f3betegell\u00e1t\u00f3 r\u00e9szlegek gy\u00f3gyszer, k\u00f6tszer \u00e9s fert\u0151tlen\u00edt\u0151szer ell\u00e1t\u00e1s\u00e1t v\u00e9gzi. Gy\u00f3gyszert\u00e1runk a St\u00e1hly utcai rendel\u0151int\u00e9zeti \u00e9p\u00fcletb\u0151l \u00e1tmenetileg a k\u00f3rh\u00e1zi \u00e9p\u00fcletbe k\u00f6lt\u00f6z\u00f6tt. Magisztr\u00e1lis gy\u00f3gyszerk\u00e9sz\u00edt\u0151 tev\u00e9kenys\u00e9g\u00fcnk jelenleg sz\u00fcnetel.<\/p>\n\n<\/div><h2 class=\"tabtitle\">Munkat\u00e1rsak<\/h2>\n<div class=\"tabcontent\">\n\n<p><strong>MUNKAT\u00c1RSAK<\/strong><\/p>\n<p><strong>R\u00e9szlegvezet\u0151:<\/strong><\/p>\n<ul>\n<li>Dr. Horv\u00e1th Istv\u00e1n L\u00e1szl\u00f3 szakgy\u00f3gyszer\u00e9sz<\/li>\n<\/ul>\n<p><strong>Szakgy\u00f3gyszer\u00e9szek:<\/strong><\/p>\n<ul>\n<li>Dr. Demeter Zolt\u00e1n szakgy\u00f3gyszer\u00e9sz<br \/>\negyetemi mobil: +36-20-670-1784<\/li>\n<li>Dr. Moln\u00e1r Zsuzsa szakgy\u00f3gyszer\u00e9sz<\/li>\n<\/ul>\n<p><strong>Szakasszisztensek:<\/strong><\/p>\n<ul>\n<li>Sz\u00e1zados T\u00fcnde<br \/>\negyetemi mobil: +36-20-670-1783<\/li>\n<\/ul>\n<p><strong>Seg\u00e9dmunk\u00e1s, takar\u00edt\u00f3:<\/strong><\/p>\n<ul style=\"list-style-type: disc\">\n<li>M\u00e9sz\u00e1ros Zolt\u00e1n<\/li>\n<\/ul>\n<\/div><\/div>\n","protected":false},"excerpt":{"rendered":"<p>El\u00e9rhet\u0151s\u00e9geink 1085 Budapest, Gyulai P\u00e1l u.2 telefon: +36-235-6649 E-mail: rokus.gyogyszertar[kukac]med.semmelweis-univ.hu A Szent R\u00f3kus Klinikai T\u00f6mb Int\u00e9zeti Gy\u00f3gyszert\u00e1ra az Egyetemi Gy\u00f3gyszert\u00e1r r\u00e9szek\u00e9nt az itt m\u0171k\u00f6d\u0151 fekv\u0151- \u00e9s j\u00e1r\u00f3betegell\u00e1t\u00f3 r\u00e9szlegek gy\u00f3gyszer, k\u00f6tszer \u00e9s fert\u0151tlen\u00edt\u0151szer ell\u00e1t\u00e1s\u00e1t v\u00e9gzi. Gy\u00f3gyszert\u00e1runk a St\u00e1hly utcai rendel\u0151int\u00e9zeti \u00e9p\u00fcletb\u0151l \u00e1tmenetileg a k\u00f3rh\u00e1zi \u00e9p\u00fcletbe k\u00f6lt\u00f6z\u00f6tt. Magisztr\u00e1lis gy\u00f3gyszerk\u00e9sz\u00edt\u0151 tev\u00e9kenys\u00e9g\u00fcnk jelenleg sz\u00fcnetel. MUNKAT\u00c1RSAK R\u00e9szlegvezet\u0151: Dr. Horv\u00e1th Istv\u00e1n &hellip;<\/p>\n","protected":false},"author":357,"featured_media":0,"parent":129,"menu_order":0,"comment_status":"closed","ping_status":"closed","template":"","meta":{"_acf_changed":false,"footnotes":""},"categories":[],"tags":[],"class_list":["post-8051","page","type-page","status-publish","hentry"],"acf":[],"_links":{"self":[{"href":"https:\/\/semmelweis.hu\/gyogyszertar\/wp-json\/wp\/v2\/pages\/8051","targetHints":{"allow":["GET"]}}],"collection":[{"href":"https:\/\/semmelweis.hu\/gyogyszertar\/wp-json\/wp\/v2\/pages"}],"about":[{"href":"https:\/\/semmelweis.hu\/gyogyszertar\/wp-json\/wp\/v2\/types\/page"}],"author":[{"embeddable":true,"href":"https:\/\/semmelweis.hu\/gyogyszertar\/wp-json\/wp\/v2\/users\/357"}],"replies":[{"embeddable":true,"href":"https:\/\/semmelweis.hu\/gyogyszertar\/wp-json\/wp\/v2\/comments?post=8051"}],"version-history":[{"count":11,"href":"https:\/\/semmelweis.hu\/gyogyszertar\/wp-json\/wp\/v2\/pages\/8051\/revisions"}],"predecessor-version":[{"id":10991,"href":"https:\/\/semmelweis.hu\/gyogyszertar\/wp-json\/wp\/v2\/pages\/8051\/revisions\/10991"}],"up":[{"embeddable":true,"href":"https:\/\/semmelweis.hu\/gyogyszertar\/wp-json\/wp\/v2\/pages\/129"}],"wp:attachment":[{"href":"https:\/\/semmelweis.hu\/gyogyszertar\/wp-json\/wp\/v2\/media?parent=8051"}],"wp:term":[{"taxonomy":"category","embeddable":true,"href":"https:\/\/semmelweis.hu\/gyogyszertar\/wp-json\/wp\/v2\/categories?post=8051"},{"taxonomy":"post_tag","embeddable":true,"href":"https:\/\/semmelweis.hu\/gyogyszertar\/wp-json\/wp\/v2\/tags?post=8051"}],"curies":[{"name":"wp","href":"https:\/\/api.w.org\/{rel}","templated":true}]}}