{"id":6116,"date":"2019-05-07T10:50:42","date_gmt":"2019-05-07T08:50:42","guid":{"rendered":"http:\/\/semmelweis.hu\/gyogyszertar\/?page_id=6116"},"modified":"2024-09-16T10:02:13","modified_gmt":"2024-09-16T08:02:13","slug":"kutatas-oktatas","status":"publish","type":"page","link":"https:\/\/semmelweis.hu\/gyogyszertar\/minosegiranyitasi-rendszer\/kutatas-oktatas\/","title":{"rendered":"Kutat\u00e1s, Oktat\u00e1s"},"content":{"rendered":"<h2 class=\"piros_h4\" style=\"text-align: left\">Kutat\u00e1s<\/h2>\n<ul>\n<li style=\"text-align: left\"><a href=\"https:\/\/semmelweis.hu\/gyogyszertar\/files\/2021\/06\/SE-EGYI-ME-02.doc\">SE-EGYI-ME-02<\/a> MIN\u0150S\u00c9G- \u00c9S K\u00d6RNYEZETIR\u00c1NY\u00cdT\u00c1SI ELJ\u00c1R\u00c1S &#8211; Az Int\u00e9zet kutat\u00e1si tev\u00e9kenys\u00e9ge<\/li>\n<li style=\"text-align: left\"><a href=\"https:\/\/semmelweis.hu\/gyogyszertar\/files\/2021\/06\/SE-EGYI-ME-02-A01.doc\">SE-EGYI-ME-02-A01<\/a> Tudom\u00e1nyos munkatervek, p\u00e1ly\u00e1zatok \u00e9s ezekkel kapcsolatos jegyz\u0151k\u00f6nyvek, besz\u00e1mol\u00f3k \u00e9s egy\u00e9b iratok nyilv\u00e1ntart\u00f3 lapja<\/li>\n<li style=\"text-align: left\"><a href=\"https:\/\/semmelweis.hu\/gyogyszertar\/files\/2021\/06\/SE-EGYI-ME-02-A02.doc\">SE-EGYI-ME-02-A02<\/a> Tudom\u00e1nyos kiadv\u00e1ny nyilv\u00e1ntart\u00f3 lapja<\/li>\n<li style=\"text-align: left\"><a href=\"https:\/\/semmelweis.hu\/gyogyszertar\/files\/2021\/06\/SE-EGYI-ME-02-A03.doc\">SE-EGYI-ME-02-A03<\/a> \u00d6sszefoglal\u00f3 t\u00e1bl\u00e1zat az int\u00e9zetben t\u00f6rt\u00e9n\u0151 kutat\u00e1si munk\u00e1kr\u00f3l<\/li>\n<\/ul>\n<h2>Oktat\u00e1s<\/h2>\n<ul>\n<li style=\"text-align: left\"><a href=\"https:\/\/semmelweis.hu\/gyogyszertar\/files\/2021\/06\/SE-EGYI-ME-01.doc\">SE-EGYI-ME-01<\/a> MIN\u0150S\u00c9G- \u00c9S K\u00d6RNYEZETIR\u00c1NY\u00cdT\u00c1SI ELJ\u00c1R\u00c1S &#8211; Az Int\u00e9zet oktat\u00e1si tev\u00e9kenys\u00e9ge<\/li>\n<li style=\"text-align: left\"><a href=\"https:\/\/semmelweis.hu\/gyogyszertar\/files\/2021\/06\/SE-EGYI-MU_04_M01.doc\">SE-EGYI-MU-04-M01<\/a> Jegyz\u0151k\u00f6nyv a diplomamunka k\u00e9sz\u00edt\u00e9s\u00e9r\u0151l \u00e9s v\u00e9d\u00e9s\u00e9r\u0151l<\/li>\n<li style=\"text-align: left\"><a href=\"https:\/\/semmelweis.hu\/gyogyszertar\/files\/2021\/06\/SE-EGYI-MU-04.doc\">SE-EGYI-MU-04<\/a> MUNKAUTAS\u00cdT\u00c1S\/PROTOKOLL &#8211; A diplomamunka \u00e9s elk\u00e9sz\u00edt\u00e9s\u00e9nek v\u00e9d\u00e9s\u00e9nek \u00e9s \u00e9rt\u00e9kel\u00e9s\u00e9nek szempontjai<\/li>\n<li style=\"text-align: left\"><a href=\"https:\/\/semmelweis.hu\/gyogyszertar\/files\/2021\/06\/z\u00e1r\u00f3vizsga_gyakorlat_oktat\u00e1si-seg\u00e9dlet_klinik\u00e1kkal_2021.doc\">Oktat\u00e1si seg\u00e9dlet:<\/a> Z\u00e1r\u00f3vizsga el\u0151tti szakmai gyakorlat-K\u00f3rh\u00e1zi, klinikai gyakorlat<\/li>\n<li style=\"text-align: left\"><a href=\"https:\/\/semmelweis.hu\/gyogyszertar\/files\/2021\/06\/Z\u00e1r\u00f3vizsga_gyakorlat_oktat\u00e1siseg\u00e9dlet_angol_2021.doc\">Oktat\u00e1si seg\u00e9dlet:<\/a> Hospital Pharmacy Practice<\/li>\n<\/ul>\n","protected":false},"excerpt":{"rendered":"<p>Kutat\u00e1s <a href=\"https:\/\/semmelweis.hu\/gyogyszertar\/files\/2021\/06\/SE-EGYI-ME-02.doc\">SE-EGYI-ME-02<\/a> MIN\u0150S\u00c9G- \u00c9S K\u00d6RNYEZETIR\u00c1NY\u00cdT\u00c1SI ELJ\u00c1R\u00c1S &#8211; Az Int\u00e9zet kutat\u00e1si tev\u00e9kenys\u00e9ge <a href=\"https:\/\/semmelweis.hu\/gyogyszertar\/files\/2021\/06\/SE-EGYI-ME-02-A01.doc\">SE-EGYI-ME-02-A01<\/a> Tudom\u00e1nyos munkatervek, p\u00e1ly\u00e1zatok \u00e9s ezekkel kapcsolatos jegyz\u0151k\u00f6nyvek, besz\u00e1mol\u00f3k \u00e9s egy\u00e9b iratok nyilv\u00e1ntart\u00f3 lapja <a href=\"https:\/\/semmelweis.hu\/gyogyszertar\/files\/2021\/06\/SE-EGYI-ME-02-A02.doc\">SE-EGYI-ME-02-A02<\/a> Tudom\u00e1nyos kiadv\u00e1ny nyilv\u00e1ntart\u00f3 lapja <a href=\"https:\/\/semmelweis.hu\/gyogyszertar\/files\/2021\/06\/SE-EGYI-ME-02-A03.doc\">SE-EGYI-ME-02-A03<\/a> \u00d6sszefoglal\u00f3 t\u00e1bl\u00e1zat az int\u00e9zetben t\u00f6rt\u00e9n\u0151 kutat\u00e1si munk\u00e1kr\u00f3l Oktat\u00e1s <a href=\"https:\/\/semmelweis.hu\/gyogyszertar\/files\/2021\/06\/SE-EGYI-ME-01.doc\">SE-EGYI-ME-01<\/a> MIN\u0150S\u00c9G- \u00c9S K\u00d6RNYEZETIR\u00c1NY\u00cdT\u00c1SI ELJ\u00c1R\u00c1S &#8211; Az Int\u00e9zet oktat\u00e1si tev\u00e9kenys\u00e9ge <a href=\"https:\/\/semmelweis.hu\/gyogyszertar\/files\/2021\/06\/SE-EGYI-MU_04_M01.doc\">SE-EGYI-MU-04-M01<\/a> Jegyz\u0151k\u00f6nyv a diplomamunka k\u00e9sz\u00edt\u00e9s\u00e9r\u0151l \u00e9s v\u00e9d\u00e9s\u00e9r\u0151l <a href=\"https:\/\/semmelweis.hu\/gyogyszertar\/files\/2021\/06\/SE-EGYI-MU-04.doc\">SE-EGYI-MU-04<\/a> MUNKAUTAS\u00cdT\u00c1S\/PROTOKOLL &#8211; A diplomamunka \u00e9s &hellip;<\/p>\n","protected":false},"author":357,"featured_media":0,"parent":166,"menu_order":8,"comment_status":"closed","ping_status":"closed","template":"","meta":{"_acf_changed":false,"footnotes":""},"categories":[],"tags":[],"class_list":["post-6116","page","type-page","status-publish","hentry"],"acf":[],"_links":{"self":[{"href":"https:\/\/semmelweis.hu\/gyogyszertar\/wp-json\/wp\/v2\/pages\/6116","targetHints":{"allow":["GET"]}}],"collection":[{"href":"https:\/\/semmelweis.hu\/gyogyszertar\/wp-json\/wp\/v2\/pages"}],"about":[{"href":"https:\/\/semmelweis.hu\/gyogyszertar\/wp-json\/wp\/v2\/types\/page"}],"author":[{"embeddable":true,"href":"https:\/\/semmelweis.hu\/gyogyszertar\/wp-json\/wp\/v2\/users\/357"}],"replies":[{"embeddable":true,"href":"https:\/\/semmelweis.hu\/gyogyszertar\/wp-json\/wp\/v2\/comments?post=6116"}],"version-history":[{"count":12,"href":"https:\/\/semmelweis.hu\/gyogyszertar\/wp-json\/wp\/v2\/pages\/6116\/revisions"}],"predecessor-version":[{"id":8651,"href":"https:\/\/semmelweis.hu\/gyogyszertar\/wp-json\/wp\/v2\/pages\/6116\/revisions\/8651"}],"up":[{"embeddable":true,"href":"https:\/\/semmelweis.hu\/gyogyszertar\/wp-json\/wp\/v2\/pages\/166"}],"wp:attachment":[{"href":"https:\/\/semmelweis.hu\/gyogyszertar\/wp-json\/wp\/v2\/media?parent=6116"}],"wp:term":[{"taxonomy":"category","embeddable":true,"href":"https:\/\/semmelweis.hu\/gyogyszertar\/wp-json\/wp\/v2\/categories?post=6116"},{"taxonomy":"post_tag","embeddable":true,"href":"https:\/\/semmelweis.hu\/gyogyszertar\/wp-json\/wp\/v2\/tags?post=6116"}],"curies":[{"name":"wp","href":"https:\/\/api.w.org\/{rel}","templated":true}]}}