{"id":4731,"date":"2018-02-14T11:51:59","date_gmt":"2018-02-14T10:51:59","guid":{"rendered":"http:\/\/semmelweis.hu\/gyogyszertar\/?page_id=4731"},"modified":"2025-02-05T10:14:10","modified_gmt":"2025-02-05T09:14:10","slug":"szakmai-gyakorlati-szeminariumi-napok","status":"publish","type":"page","link":"https:\/\/semmelweis.hu\/gyogyszertar\/oktatas\/gradualis-kepzes\/szakmai-gyakorlati-szeminariumi-napok\/","title":{"rendered":"Szakmai gyakorlati szemin\u00e1riumi napok"},"content":{"rendered":"<div class=\"responsive-tabs\">\n<h2 class=\"tabtitle\">Ismertet\u0151<\/h2>\n<div class=\"tabcontent\">\n\n<p>A Semmelweis Egyetem Gy\u00f3gyszer\u00e9sztudom\u00e1nyi Kara a Magyar Gy\u00f3gyszer\u00e9szi Kamar\u00e1val k\u00f6z\u00f6sen val\u00f3s\u00edtja meg azt az oktat\u00e1si programot, amelynek a c\u00e9lja, hogy seg\u00edtse a z\u00e1r\u00f3vizsg\u00e1ra val\u00f3 felk\u00e9sz\u00fcl\u00e9st, valamint a diploma ut\u00e1ni munkav\u00e9gz\u00e9st, f\u0151k\u00e9nt k\u00f6zforgalm\u00fa gy\u00f3gyszert\u00e1ri vonatkoz\u00e1sban. A n\u00e9gy alkalomb\u00f3l \u00e1ll\u00f3 oktat\u00e1si program a kor\u00e1bbi tanulm\u00e1nyok sor\u00e1n t\u00e1rgyalt egyes t\u00e9m\u00e1k gyakorlati aspektusainak megismer\u00e9s\u00e9t c\u00e9lozza.<\/p>\n\n<\/div><h2 class=\"tabtitle\">Tant\u00e1rgyi Adatlap<\/h2>\n<div class=\"tabcontent\">\n\n<p>2024\/25. Tan\u00e9v [Friss\u00edtve: 2025.02.05.]<\/p>\n<ul>\n<li><a href=\"https:\/\/semmelweis.hu\/gyogyszertar\/files\/2025\/02\/Tajekoztato_level_hallgatoi_2025.pdf\" target=\"_blank\" rel=\"noopener\">T\u00e9j\u00e1koztat\u00f3 lev\u00e9l<\/a> &#8211; Hallgat\u00f3<\/li>\n<li><a href=\"https:\/\/semmelweis.hu\/gyogyszertar\/files\/2025\/02\/Tajekoztato_level_gyogyszertarvezetoi_2025.pdf\" target=\"_blank\" rel=\"noopener\">Taj\u00e9koztat\u00f3 lev\u00e9l<\/a> &#8211; Gy\u00f3gyszert\u00e1r vezet\u0151<\/li>\n<\/ul>\n<\/div><\/div>\n","protected":false},"excerpt":{"rendered":"<p>A Semmelweis Egyetem Gy\u00f3gyszer\u00e9sztudom\u00e1nyi Kara a Magyar Gy\u00f3gyszer\u00e9szi Kamar\u00e1val k\u00f6z\u00f6sen val\u00f3s\u00edtja meg azt az oktat\u00e1si programot, amelynek a c\u00e9lja, hogy seg\u00edtse a z\u00e1r\u00f3vizsg\u00e1ra val\u00f3 felk\u00e9sz\u00fcl\u00e9st, valamint a diploma ut\u00e1ni munkav\u00e9gz\u00e9st, f\u0151k\u00e9nt k\u00f6zforgalm\u00fa gy\u00f3gyszert\u00e1ri vonatkoz\u00e1sban. A n\u00e9gy alkalomb\u00f3l \u00e1ll\u00f3 oktat\u00e1si program a kor\u00e1bbi tanulm\u00e1nyok sor\u00e1n t\u00e1rgyalt egyes t\u00e9m\u00e1k gyakorlati aspektusainak megismer\u00e9s\u00e9t c\u00e9lozza. 2024\/25. Tan\u00e9v [Friss\u00edtve: 2025.02.05.] &hellip;<\/p>\n","protected":false},"author":357,"featured_media":0,"parent":90,"menu_order":8,"comment_status":"closed","ping_status":"closed","template":"","meta":{"_acf_changed":false,"footnotes":""},"categories":[],"tags":[],"class_list":["post-4731","page","type-page","status-publish","hentry"],"acf":[],"_links":{"self":[{"href":"https:\/\/semmelweis.hu\/gyogyszertar\/wp-json\/wp\/v2\/pages\/4731","targetHints":{"allow":["GET"]}}],"collection":[{"href":"https:\/\/semmelweis.hu\/gyogyszertar\/wp-json\/wp\/v2\/pages"}],"about":[{"href":"https:\/\/semmelweis.hu\/gyogyszertar\/wp-json\/wp\/v2\/types\/page"}],"author":[{"embeddable":true,"href":"https:\/\/semmelweis.hu\/gyogyszertar\/wp-json\/wp\/v2\/users\/357"}],"replies":[{"embeddable":true,"href":"https:\/\/semmelweis.hu\/gyogyszertar\/wp-json\/wp\/v2\/comments?post=4731"}],"version-history":[{"count":11,"href":"https:\/\/semmelweis.hu\/gyogyszertar\/wp-json\/wp\/v2\/pages\/4731\/revisions"}],"predecessor-version":[{"id":10851,"href":"https:\/\/semmelweis.hu\/gyogyszertar\/wp-json\/wp\/v2\/pages\/4731\/revisions\/10851"}],"up":[{"embeddable":true,"href":"https:\/\/semmelweis.hu\/gyogyszertar\/wp-json\/wp\/v2\/pages\/90"}],"wp:attachment":[{"href":"https:\/\/semmelweis.hu\/gyogyszertar\/wp-json\/wp\/v2\/media?parent=4731"}],"wp:term":[{"taxonomy":"category","embeddable":true,"href":"https:\/\/semmelweis.hu\/gyogyszertar\/wp-json\/wp\/v2\/categories?post=4731"},{"taxonomy":"post_tag","embeddable":true,"href":"https:\/\/semmelweis.hu\/gyogyszertar\/wp-json\/wp\/v2\/tags?post=4731"}],"curies":[{"name":"wp","href":"https:\/\/api.w.org\/{rel}","templated":true}]}}