{"id":241,"date":"2013-12-16T15:35:27","date_gmt":"2013-12-16T14:35:27","guid":{"rendered":"http:\/\/semmelweis.hu\/gyogyszertar\/?page_id=241"},"modified":"2025-09-10T13:44:34","modified_gmt":"2025-09-10T11:44:34","slug":"gyogyszereszet-es-egyetemtortenet","status":"publish","type":"page","link":"https:\/\/semmelweis.hu\/gyogyszertar\/oktatas\/gradualis-kepzes\/gyogyszereszet-es-egyetemtortenet\/","title":{"rendered":"Gy\u00f3gyszer\u00e9szet- \u00e9s egyetemt\u00f6rt\u00e9net"},"content":{"rendered":"<div class=\"responsive-tabs\">\n<h2 class=\"tabtitle\">Ismertet\u0151<\/h2>\n<div class=\"tabcontent\">\n\n<div class=\"x_elementToProof\" style=\"text-align: left\">Az orvos- \u00e9s gy\u00f3gyszer\u00e9szett\u00f6rt\u00e9nelem az \u00e1ltal\u00e1nos t\u00f6rt\u00e9nelem fontos r\u00e9sze, egyszersmind fontos r\u00e9sze a gy\u00f3gyszer\u00e9szi ismereteknek a gy\u00f3gy\u00edt\u00e1s-t\u00f6rt\u00e9nelmi h\u00e1tt\u00e9r. A t\u00e1rgy feladata a gy\u00f3gyszer\u00e9szett\u00f6rt\u00e9nelem megismertet\u00e9se a hallgat\u00f3kkal az \u0151skort\u00f3l napjainkig, illetve bemutatni az elm\u00falt \u00e9vezredek gy\u00f3gy\u00edt\u00f3 folyamatainak f\u0151bb l\u00e9p\u00e9seit, eszk\u00f6zeit, irodalm\u00e1t \u00e9s szakembereit. A tant\u00e1rgy c\u00e9lja tov\u00e1bb\u00e1, hogy bemutassa a gy\u00f3gyszer\u00e9szk\u00e9pz\u00e9s hazai \u00e9s nemzetk\u00f6zi t\u00f6rt\u00e9net\u00e9t. K\u00fcl\u00f6n foglalkozik a Semmelweis Egyetem, \u00e9s azon bel\u00fcl a Gy\u00f3gyszer\u00e9sztudom\u00e1nyi Kar t\u00f6rt\u00e9net\u00e9vel.\u00a0<\/div>\n\n<\/div><h2 class=\"tabtitle\">Tant\u00e1rgyi Adatlap<\/h2>\n<div class=\"tabcontent\">\n\n<p style=\"text-align: left\"><a href=\"https:\/\/semmelweis.hu\/gyogyszertar\/files\/2025\/09\/Gyogyszereszet-es-egyetemtortenet-2025.pdf\" target=\"_blank\" rel=\"noopener\">2025\/26. Tan\u00e9v<\/a> [Friss\u00edtve: 2025.09.10.]<\/p>\n<\/div><\/div>\n<h3>\u00a0<\/h3>\n","protected":false},"excerpt":{"rendered":"<p>Az orvos- \u00e9s gy\u00f3gyszer\u00e9szett\u00f6rt\u00e9nelem az \u00e1ltal\u00e1nos t\u00f6rt\u00e9nelem fontos r\u00e9sze, egyszersmind fontos r\u00e9sze a gy\u00f3gyszer\u00e9szi ismereteknek a gy\u00f3gy\u00edt\u00e1s-t\u00f6rt\u00e9nelmi h\u00e1tt\u00e9r. A t\u00e1rgy feladata a gy\u00f3gyszer\u00e9szett\u00f6rt\u00e9nelem megismertet\u00e9se a hallgat\u00f3kkal az \u0151skort\u00f3l napjainkig, illetve bemutatni az elm\u00falt \u00e9vezredek gy\u00f3gy\u00edt\u00f3 folyamatainak f\u0151bb l\u00e9p\u00e9seit, eszk\u00f6zeit, irodalm\u00e1t \u00e9s szakembereit. A tant\u00e1rgy c\u00e9lja tov\u00e1bb\u00e1, hogy bemutassa a gy\u00f3gyszer\u00e9szk\u00e9pz\u00e9s hazai \u00e9s nemzetk\u00f6zi t\u00f6rt\u00e9net\u00e9t. K\u00fcl\u00f6n &hellip;<\/p>\n","protected":false},"author":113,"featured_media":0,"parent":90,"menu_order":4,"comment_status":"closed","ping_status":"closed","template":"","meta":{"_acf_changed":false,"footnotes":""},"categories":[],"tags":[],"class_list":["post-241","page","type-page","status-publish","hentry"],"acf":[],"_links":{"self":[{"href":"https:\/\/semmelweis.hu\/gyogyszertar\/wp-json\/wp\/v2\/pages\/241","targetHints":{"allow":["GET"]}}],"collection":[{"href":"https:\/\/semmelweis.hu\/gyogyszertar\/wp-json\/wp\/v2\/pages"}],"about":[{"href":"https:\/\/semmelweis.hu\/gyogyszertar\/wp-json\/wp\/v2\/types\/page"}],"author":[{"embeddable":true,"href":"https:\/\/semmelweis.hu\/gyogyszertar\/wp-json\/wp\/v2\/users\/113"}],"replies":[{"embeddable":true,"href":"https:\/\/semmelweis.hu\/gyogyszertar\/wp-json\/wp\/v2\/comments?post=241"}],"version-history":[{"count":12,"href":"https:\/\/semmelweis.hu\/gyogyszertar\/wp-json\/wp\/v2\/pages\/241\/revisions"}],"predecessor-version":[{"id":11102,"href":"https:\/\/semmelweis.hu\/gyogyszertar\/wp-json\/wp\/v2\/pages\/241\/revisions\/11102"}],"up":[{"embeddable":true,"href":"https:\/\/semmelweis.hu\/gyogyszertar\/wp-json\/wp\/v2\/pages\/90"}],"wp:attachment":[{"href":"https:\/\/semmelweis.hu\/gyogyszertar\/wp-json\/wp\/v2\/media?parent=241"}],"wp:term":[{"taxonomy":"category","embeddable":true,"href":"https:\/\/semmelweis.hu\/gyogyszertar\/wp-json\/wp\/v2\/categories?post=241"},{"taxonomy":"post_tag","embeddable":true,"href":"https:\/\/semmelweis.hu\/gyogyszertar\/wp-json\/wp\/v2\/tags?post=241"}],"curies":[{"name":"wp","href":"https:\/\/api.w.org\/{rel}","templated":true}]}}