{"id":2235,"date":"2016-01-14T12:00:04","date_gmt":"2016-01-14T11:00:04","guid":{"rendered":"http:\/\/semmelweis.hu\/gyogyszertar\/?page_id=2235"},"modified":"2026-03-24T08:06:07","modified_gmt":"2026-03-24T07:06:07","slug":"dokumentumok-nyomtatvanyok","status":"publish","type":"page","link":"https:\/\/semmelweis.hu\/gyogyszertar\/gyogyszerellatas-index\/dokumentumok-nyomtatvanyok\/","title":{"rendered":"Dokumentumok, nyomtatv\u00e1nyok"},"content":{"rendered":"<ul>\n<li><a href=\"https:\/\/unisemmelweis.sharepoint.com\/:f:\/r\/sites\/EGYSZI\/Megosztott%20dokumentumok\/Gy%C3%B3gyszerell%C3%A1t%C3%A1s\/%C3%81ltal%C3%A1nos%20t%C3%A1j%C3%A9koztat%C3%B3k%20dolgoz%C3%B3k%20r%C3%A9sz%C3%A9re\/Akci%C3%B3s%20%C3%A9s%20adom%C3%A1nyos%20gy%C3%B3gyszerek?csf=1&amp;web=1&amp;e=Ikdxpt\" target=\"_blank\" rel=\"noopener\">Akci\u00f3s \u00e9s adom\u00e1nyos gy\u00f3gyszerek<\/a><\/li>\n<li><a href=\"https:\/\/unisemmelweis.sharepoint.com\/:f:\/r\/sites\/EGYSZI\/Megosztott%20dokumentumok\/Gy%C3%B3gyszerell%C3%A1t%C3%A1s\/%C3%81ltal%C3%A1nos%20t%C3%A1j%C3%A9koztat%C3%B3k%20dolgoz%C3%B3k%20r%C3%A9sz%C3%A9re\/Alaki%20hib%C3%A1s%20gy%C3%B3gyszerek%20t%C3%A1j%C3%A9koztat%C3%B3i?csf=1&amp;web=1&amp;e=e8eldL\" target=\"_blank\" rel=\"noopener\">Alaki hib\u00e1s gy\u00f3gyszerek t\u00e1j\u00e9koztat\u00f3i<\/a><\/li>\n<li><a href=\"https:\/\/unisemmelweis.sharepoint.com\/:f:\/r\/sites\/EGYSZI\/Megosztott%20dokumentumok\/Gy%C3%B3gyszerell%C3%A1t%C3%A1s\/%C3%81ltal%C3%A1nos%20t%C3%A1j%C3%A9koztat%C3%B3k%20dolgoz%C3%B3k%20r%C3%A9sz%C3%A9re\/Egyedi%20import%20alkalmaz%C3%A1si%20el%C5%91%C3%ADr%C3%A1sok?csf=1&amp;web=1&amp;e=QSOMFu\" target=\"_blank\" rel=\"noopener\">Egyedi importos gy\u00f3gyszerek alkalmaz\u00e1si el\u0151\u00edr\u00e1sa<\/a><\/li>\n<li><a href=\"https:\/\/unisemmelweis.sharepoint.com\/:f:\/r\/sites\/EGYSZI\/Megosztott%20dokumentumok\/Gy%C3%B3gyszerell%C3%A1t%C3%A1s\/%C3%81ltal%C3%A1nos%20t%C3%A1j%C3%A9koztat%C3%B3k%20dolgoz%C3%B3k%20r%C3%A9sz%C3%A9re\/Kontingens?csf=1&amp;web=1&amp;e=OTc1Kg\" target=\"_blank\" rel=\"noopener\">Kontingens enged\u00e9lyes gy\u00f3gyszerek t\u00e1j\u00e9koztat\u00f3i<\/a><\/li>\n<li><a href=\"https:\/\/unisemmelweis.sharepoint.com\/:f:\/r\/sites\/EGYSZI\/Megosztott%20dokumentumok\/Gy%C3%B3gyszerell%C3%A1t%C3%A1s\/%C3%81ltal%C3%A1nos%20t%C3%A1j%C3%A9koztat%C3%B3k%20dolgoz%C3%B3k%20r%C3%A9sz%C3%A9re\/Reagensek%20t%C3%A1j%C3%A9koztat%C3%B3i?csf=1&amp;web=1&amp;e=zvGHxG\" target=\"_blank\" rel=\"noopener\">Reagensek t\u00e1j\u00e9koztat\u00f3i<\/a><\/li>\n<li style=\"text-align: left\">Gy\u00f3gyszersz\u00e1ll\u00edt\u00e1si rend<\/li>\n<li style=\"text-align: left\">Gy\u00f3gyszerell\u00e1t\u00e1si reklam\u00e1ci\u00f3s lap<\/li>\n<li style=\"text-align: left\">Megb\u00edz\u00e1s gy\u00f3gyszerrendel\u00e9sre<\/li>\n<li style=\"text-align: left\">Megb\u00edz\u00e1s gy\u00f3gyszerrendel\u00e9sre szabads\u00e1g miatt<\/li>\n<li style=\"text-align: left\">T\u00e1j\u00e9koztat\u00e1s klinikai gy\u00f3gyszervizsg\u00e1latr\u00f3l<\/li>\n<\/ul>\n<h2>\u00a0Indik\u00e1ci\u00f3n t\u00fali gy\u00f3gyszerrendel\u00e9s<\/h2>\n<ul>\n<li style=\"text-align: left\">Indik\u00e1ci\u00f3n t\u00fali gy\u00f3gyszerrendel\u00e9s &#8211; le\u00edr\u00e1s<\/li>\n<li style=\"text-align: left\">Indik\u00e1ci\u00f3n t\u00fali gy\u00f3gyszerrendel\u00e9shez sz\u00fcks\u00e9ges dokumentumok<\/li>\n<li style=\"text-align: left\">Indik\u00e1ci\u00f3n t\u00fali gy\u00f3gyszerrendel\u00e9s &#8211; le\u00edr\u00e1s<\/li>\n<li style=\"text-align: left\">Indik\u00e1ci\u00f3n t\u00fali gy\u00f3gyszerrendel\u00e9s &#8211; beteg beleegyez\u0151 nyilatkozat<\/li>\n<li style=\"text-align: left\">Indik\u00e1ci\u00f3n t\u00fali gy\u00f3gyszerrendel\u00e9s &#8211; nyilatkozatt\u00e9telre jogosult beleegyez\u0151 nyilatkozata<\/li>\n<li style=\"text-align: left\">Indik\u00e1ci\u00f3n t\u00fali gy\u00f3gyszerrendel\u00e9s &#8211; kezel\u0151orvos nyilatkozata<\/li>\n<li style=\"text-align: left\"><a class=\"keklink\" href=\"http:\/\/www.ogyi.hu\/dynamic\/ujadatlapind20090826.doc\" target=\"_blank\" rel=\"noopener noreferrer\">K\u00c9RELEM INDIK\u00c1CI\u00d3N T\u00daLI GY\u00d3GYSZERRENDEL\u00c9S ENGED\u00c9LYEZ\u00c9S\u00c9RE<\/a><\/li>\n<\/ul>\n<h2>\u00a0Egyetemi nyomtatv\u00e1nyok<\/h2>\n<ul>\n<li style=\"text-align: left\"><a href=\"https:\/\/semmelweis.hu\/gyogyszertar\/files\/2018\/08\/kabszerFelelMegbizas-1.doc\">K\u00e1b\u00edt\u00f3szer felel\u0151s megb\u00edz\u00e1s<\/a>\u00a0<\/li>\n<li style=\"text-align: left\">\u00a0<a href=\"https:\/\/semmelweis.hu\/gyogyszertar\/files\/2018\/08\/ellenorzottSzerSelejtezesJegyz-1.doc\">Ellen\u0151rz\u00f6tt szer selejtez\u00e9si jegyz\u0151k\u00f6nyv\u00a0<\/a><\/li>\n<li style=\"text-align: left\">\u00a0Ellen\u0151rz\u00f6tt szer nyilv\u00e1ntart\u00e1si lap\u00a0<\/li>\n<li style=\"text-align: left\">\u00a0<a href=\"https:\/\/semmelweis.hu\/gyogyszertar\/files\/2018\/08\/ellenorzottSzerKaresetiJegyzokonyv.doc\">Ellen\u0151rz\u00f6tt szer k\u00e1reseti jegyz\u0151k\u00f6nyv<\/a><\/li>\n<\/ul>\n<h2>\u00a0Fokozottan ellen\u0151rz\u00f6tt szer<\/h2>\n<ul>\n<li style=\"text-align: left\"><a class=\"keklink\" href=\"https:\/\/semmelweis.hu\/gyogyszertar\/files\/2014\/03\/kabitoszer_tajekoztato_131003.pdf\" target=\"_blank\" rel=\"noopener noreferrer\">K\u00e1b\u00edt\u00f3szer t\u00e1j\u00e9koztat\u00f3<\/a><\/li>\n<li style=\"text-align: left\"><a class=\"keklink\" href=\"http:\/\/www.complex.hu\/jr\/gen\/hjegy_doc.cgi?docid=A0400142.KOR\" target=\"_blank\" rel=\"noopener noreferrer\">142\/2004. sz. Korm\u00e1nyrendelet, anyag lista<\/a>&#8211; <a class=\"keklink\" href=\"http:\/\/www.ogyei.gov.hu\/dynamic\/Kabitoszer_pszichotrop20151103.xls\" target=\"_blank\" rel=\"noopener noreferrer\">K\u00e9sz\u00edtm\u00e9ny lista<\/a><\/li>\n<li style=\"text-align: left\">P1, P2, K1, K2 list\u00e1k<\/li>\n<li style=\"text-align: left\">K\u00e1b\u00edt\u00f3szert \u00e9s pszichotr\u00f3p anyagokat tartalmaz\u00f3 gy\u00f3gyszerek<\/li>\n<li style=\"text-align: left\">A K\u00e1b\u00edt\u00f3szerrendel\u00e9s megv\u00e1ltozott szab\u00e1lyai<\/li>\n<\/ul>\n<p>&nbsp;<\/p>\n","protected":false},"excerpt":{"rendered":"<p><a href=\"https:\/\/unisemmelweis.sharepoint.com\/:f:\/r\/sites\/EGYSZI\/Megosztott%20dokumentumok\/Gy%C3%B3gyszerell%C3%A1t%C3%A1s\/%C3%81ltal%C3%A1nos%20t%C3%A1j%C3%A9koztat%C3%B3k%20dolgoz%C3%B3k%20r%C3%A9sz%C3%A9re\/Akci%C3%B3s%20%C3%A9s%20adom%C3%A1nyos%20gy%C3%B3gyszerek?csf=1&amp;web=1&amp;e=Ikdxpt\" target=\"_blank\" rel=\"noopener\">Akci\u00f3s \u00e9s adom\u00e1nyos gy\u00f3gyszerek<\/a> <a href=\"https:\/\/unisemmelweis.sharepoint.com\/:f:\/r\/sites\/EGYSZI\/Megosztott%20dokumentumok\/Gy%C3%B3gyszerell%C3%A1t%C3%A1s\/%C3%81ltal%C3%A1nos%20t%C3%A1j%C3%A9koztat%C3%B3k%20dolgoz%C3%B3k%20r%C3%A9sz%C3%A9re\/Alaki%20hib%C3%A1s%20gy%C3%B3gyszerek%20t%C3%A1j%C3%A9koztat%C3%B3i?csf=1&amp;web=1&amp;e=e8eldL\" target=\"_blank\" rel=\"noopener\">Alaki hib\u00e1s gy\u00f3gyszerek t\u00e1j\u00e9koztat\u00f3i<\/a> <a href=\"https:\/\/unisemmelweis.sharepoint.com\/:f:\/r\/sites\/EGYSZI\/Megosztott%20dokumentumok\/Gy%C3%B3gyszerell%C3%A1t%C3%A1s\/%C3%81ltal%C3%A1nos%20t%C3%A1j%C3%A9koztat%C3%B3k%20dolgoz%C3%B3k%20r%C3%A9sz%C3%A9re\/Egyedi%20import%20alkalmaz%C3%A1si%20el%C5%91%C3%ADr%C3%A1sok?csf=1&amp;web=1&amp;e=QSOMFu\" target=\"_blank\" rel=\"noopener\">Egyedi importos gy\u00f3gyszerek alkalmaz\u00e1si el\u0151\u00edr\u00e1sa<\/a> <a href=\"https:\/\/unisemmelweis.sharepoint.com\/:f:\/r\/sites\/EGYSZI\/Megosztott%20dokumentumok\/Gy%C3%B3gyszerell%C3%A1t%C3%A1s\/%C3%81ltal%C3%A1nos%20t%C3%A1j%C3%A9koztat%C3%B3k%20dolgoz%C3%B3k%20r%C3%A9sz%C3%A9re\/Kontingens?csf=1&amp;web=1&amp;e=OTc1Kg\" target=\"_blank\" rel=\"noopener\">Kontingens enged\u00e9lyes gy\u00f3gyszerek t\u00e1j\u00e9koztat\u00f3i<\/a> <a href=\"https:\/\/unisemmelweis.sharepoint.com\/:f:\/r\/sites\/EGYSZI\/Megosztott%20dokumentumok\/Gy%C3%B3gyszerell%C3%A1t%C3%A1s\/%C3%81ltal%C3%A1nos%20t%C3%A1j%C3%A9koztat%C3%B3k%20dolgoz%C3%B3k%20r%C3%A9sz%C3%A9re\/Reagensek%20t%C3%A1j%C3%A9koztat%C3%B3i?csf=1&amp;web=1&amp;e=zvGHxG\" target=\"_blank\" rel=\"noopener\">Reagensek t\u00e1j\u00e9koztat\u00f3i<\/a> Gy\u00f3gyszersz\u00e1ll\u00edt\u00e1si rend Gy\u00f3gyszerell\u00e1t\u00e1si reklam\u00e1ci\u00f3s lap Megb\u00edz\u00e1s gy\u00f3gyszerrendel\u00e9sre Megb\u00edz\u00e1s gy\u00f3gyszerrendel\u00e9sre szabads\u00e1g miatt T\u00e1j\u00e9koztat\u00e1s klinikai gy\u00f3gyszervizsg\u00e1latr\u00f3l \u00a0Indik\u00e1ci\u00f3n t\u00fali gy\u00f3gyszerrendel\u00e9s Indik\u00e1ci\u00f3n t\u00fali gy\u00f3gyszerrendel\u00e9s &#8211; le\u00edr\u00e1s Indik\u00e1ci\u00f3n t\u00fali gy\u00f3gyszerrendel\u00e9shez sz\u00fcks\u00e9ges dokumentumok Indik\u00e1ci\u00f3n t\u00fali gy\u00f3gyszerrendel\u00e9s &#8211; le\u00edr\u00e1s Indik\u00e1ci\u00f3n t\u00fali gy\u00f3gyszerrendel\u00e9s &#8211; beteg beleegyez\u0151 nyilatkozat Indik\u00e1ci\u00f3n t\u00fali gy\u00f3gyszerrendel\u00e9s &#8211; nyilatkozatt\u00e9telre jogosult beleegyez\u0151 nyilatkozata Indik\u00e1ci\u00f3n t\u00fali gy\u00f3gyszerrendel\u00e9s &#8211; kezel\u0151orvos nyilatkozata <a class=\"keklink\" href=\"http:\/\/www.ogyi.hu\/dynamic\/ujadatlapind20090826.doc\" target=\"_blank\" rel=\"noopener noreferrer\">K\u00c9RELEM INDIK\u00c1CI\u00d3N T\u00daLI GY\u00d3GYSZERRENDEL\u00c9S ENGED\u00c9LYEZ\u00c9S\u00c9RE<\/a> \u00a0Egyetemi nyomtatv\u00e1nyok &hellip;<\/p>\n","protected":false},"author":357,"featured_media":0,"parent":7,"menu_order":6,"comment_status":"closed","ping_status":"closed","template":"","meta":{"_acf_changed":false,"footnotes":""},"categories":[],"tags":[],"class_list":["post-2235","page","type-page","status-publish","hentry"],"acf":[],"_links":{"self":[{"href":"https:\/\/semmelweis.hu\/gyogyszertar\/wp-json\/wp\/v2\/pages\/2235","targetHints":{"allow":["GET"]}}],"collection":[{"href":"https:\/\/semmelweis.hu\/gyogyszertar\/wp-json\/wp\/v2\/pages"}],"about":[{"href":"https:\/\/semmelweis.hu\/gyogyszertar\/wp-json\/wp\/v2\/types\/page"}],"author":[{"embeddable":true,"href":"https:\/\/semmelweis.hu\/gyogyszertar\/wp-json\/wp\/v2\/users\/357"}],"replies":[{"embeddable":true,"href":"https:\/\/semmelweis.hu\/gyogyszertar\/wp-json\/wp\/v2\/comments?post=2235"}],"version-history":[{"count":12,"href":"https:\/\/semmelweis.hu\/gyogyszertar\/wp-json\/wp\/v2\/pages\/2235\/revisions"}],"predecessor-version":[{"id":11319,"href":"https:\/\/semmelweis.hu\/gyogyszertar\/wp-json\/wp\/v2\/pages\/2235\/revisions\/11319"}],"up":[{"embeddable":true,"href":"https:\/\/semmelweis.hu\/gyogyszertar\/wp-json\/wp\/v2\/pages\/7"}],"wp:attachment":[{"href":"https:\/\/semmelweis.hu\/gyogyszertar\/wp-json\/wp\/v2\/media?parent=2235"}],"wp:term":[{"taxonomy":"category","embeddable":true,"href":"https:\/\/semmelweis.hu\/gyogyszertar\/wp-json\/wp\/v2\/categories?post=2235"},{"taxonomy":"post_tag","embeddable":true,"href":"https:\/\/semmelweis.hu\/gyogyszertar\/wp-json\/wp\/v2\/tags?post=2235"}],"curies":[{"name":"wp","href":"https:\/\/api.w.org\/{rel}","templated":true}]}}