{"id":1824,"date":"2015-10-01T11:06:25","date_gmt":"2015-10-01T09:06:25","guid":{"rendered":"http:\/\/semmelweis.hu\/gyogyszertar\/?page_id=1824"},"modified":"2024-09-05T13:30:27","modified_gmt":"2024-09-05T11:30:27","slug":"varosmajori-reszleg","status":"publish","type":"page","link":"https:\/\/semmelweis.hu\/gyogyszertar\/rolunk\/osztalyok\/varosmajori-reszleg\/","title":{"rendered":"V\u00e1rosmajori R\u00e9szleg"},"content":{"rendered":"<div class=\"responsive-tabs\">\n<h2 class=\"tabtitle\">Bemutat\u00e1s<\/h2>\n<div class=\"tabcontent\">\n\n<p><strong>El\u00e9rhet\u0151s\u00e9gek:\u00a0<\/strong>\u00a0 \u00a0<br \/>\n1122 Budapest, XII. V\u00e1rosmajor utca 68.<\/p>\n<p style=\"text-align: justify\">A V\u00e1rosmajori R\u00e9szleg feladata a V\u00e1rosmajori Sz\u00edv- \u00e9s \u00c9rgy\u00f3gy\u00e1szati Klinika folyamatos, biztons\u00e1gos, k\u00f6lts\u00e9gtakar\u00e9kos gy\u00f3gyszerell\u00e1t\u00e1sa. Tov\u00e1bb\u00e1 a klinika illetve az oszt\u00e1lyok gy\u00f3gyszerfelel\u0151seinek, orvosainak gy\u00f3gyszer\u00e9szi t\u00e1j\u00e9koztat\u00e1s biztos\u00edt\u00e1sa a Magyarorsz\u00e1gon forgalomba hozatali enged\u00e9llyel rendelkez\u0151 gy\u00f3gyszerekr\u0151l, \u00e9s az egyedi importk\u00e9nt az orsz\u00e1gba be\u00e9rkez\u0151 k\u00fclf\u00f6ldi k\u00e9sz\u00edtm\u00e9nyekr\u0151l. A t\u00e1j\u00e9koztat\u00e1s a fekv\u0151beteg-ell\u00e1t\u00e1si k\u00e9rd\u00e9sek mellett mag\u00e1ban foglalja a j\u00e1r\u00f3beteg-ell\u00e1t\u00e1ssal kapcsolatos gy\u00f3gyszer\u00e9szeti ter\u00fcleteket is. Az int\u00e9zeti gy\u00f3gyszert\u00e1r r\u00e9szleg\u00e9nek feladata a klinikai oszt\u00e1lyok k\u00f6zvetlen gy\u00f3gyszerell\u00e1t\u00e1sa mellett az oszt\u00e1lyon t\u00f6rt\u00e9n\u0151 gy\u00f3gyszerek kezel\u00e9s\u00e9nek ellen\u0151rz\u00e9se, sz\u00fcks\u00e9g eset\u00e9n a betegek gy\u00f3gyszeres ter\u00e1pi\u00e1j\u00e1nak szoros kontrollja, valamint a gy\u00f3gyszervizsg\u00e1latok fel\u00fcgyelete. A V\u00e1rosmajori R\u00e9szleg folyamatosan r\u00e9szt vesz oktat\u00f3i tev\u00e9kenys\u00e9gben. \u00a0<\/p>\n\n<\/div><h2 class=\"tabtitle\">Munkat\u00e1rsak<\/h2>\n<div class=\"tabcontent\">\n\n<p style=\"text-align: justify\"><strong>MUNKAT\u00c1RSAK:<\/strong><\/p>\n<p><strong>Gy\u00f3gyszer\u00e9szek:<br \/>\n<\/strong><\/p>\n<ul>\n<li style=\"text-align: justify\">Dr. Moln\u00e1r Gabriella szakgy\u00f3gyszer\u00e9sz<br \/>\negyetemi mobil: +36-20-663-26-52<\/li>\n<li style=\"text-align: justify\">Dr. H\u00e1mori Gizella szakgy\u00f3gyszer\u00e9sz<br \/>\negyetemi mobil: +36-30-016-40-04<\/li>\n<\/ul>\n<p><strong>Asszisztensek: <\/strong>\u00a0 \u00a0<\/p>\n<ul>\n<li>Nagy Orsolya szakasszisztens<br \/>\negyetemi mobil: +36-30-016-41-05<\/li>\n<li>Varga Kriszti\u00e1n szakasszisztens<br \/>\negyetemi mobil: +36-20-663-21-48<\/li>\n<\/ul>\n<\/div><\/div>\n","protected":false},"excerpt":{"rendered":"<p>El\u00e9rhet\u0151s\u00e9gek:\u00a0\u00a0 \u00a0 1122 Budapest, XII. V\u00e1rosmajor utca 68. A V\u00e1rosmajori R\u00e9szleg feladata a V\u00e1rosmajori Sz\u00edv- \u00e9s \u00c9rgy\u00f3gy\u00e1szati Klinika folyamatos, biztons\u00e1gos, k\u00f6lts\u00e9gtakar\u00e9kos gy\u00f3gyszerell\u00e1t\u00e1sa. Tov\u00e1bb\u00e1 a klinika illetve az oszt\u00e1lyok gy\u00f3gyszerfelel\u0151seinek, orvosainak gy\u00f3gyszer\u00e9szi t\u00e1j\u00e9koztat\u00e1s biztos\u00edt\u00e1sa a Magyarorsz\u00e1gon forgalomba hozatali enged\u00e9llyel rendelkez\u0151 gy\u00f3gyszerekr\u0151l, \u00e9s az egyedi importk\u00e9nt az orsz\u00e1gba be\u00e9rkez\u0151 k\u00fclf\u00f6ldi k\u00e9sz\u00edtm\u00e9nyekr\u0151l. A t\u00e1j\u00e9koztat\u00e1s a fekv\u0151beteg-ell\u00e1t\u00e1si k\u00e9rd\u00e9sek mellett &hellip;<\/p>\n","protected":false},"author":357,"featured_media":0,"parent":129,"menu_order":0,"comment_status":"closed","ping_status":"closed","template":"","meta":{"_acf_changed":false,"footnotes":""},"categories":[],"tags":[],"class_list":["post-1824","page","type-page","status-publish","hentry"],"acf":[],"_links":{"self":[{"href":"https:\/\/semmelweis.hu\/gyogyszertar\/wp-json\/wp\/v2\/pages\/1824","targetHints":{"allow":["GET"]}}],"collection":[{"href":"https:\/\/semmelweis.hu\/gyogyszertar\/wp-json\/wp\/v2\/pages"}],"about":[{"href":"https:\/\/semmelweis.hu\/gyogyszertar\/wp-json\/wp\/v2\/types\/page"}],"author":[{"embeddable":true,"href":"https:\/\/semmelweis.hu\/gyogyszertar\/wp-json\/wp\/v2\/users\/357"}],"replies":[{"embeddable":true,"href":"https:\/\/semmelweis.hu\/gyogyszertar\/wp-json\/wp\/v2\/comments?post=1824"}],"version-history":[{"count":10,"href":"https:\/\/semmelweis.hu\/gyogyszertar\/wp-json\/wp\/v2\/pages\/1824\/revisions"}],"predecessor-version":[{"id":10164,"href":"https:\/\/semmelweis.hu\/gyogyszertar\/wp-json\/wp\/v2\/pages\/1824\/revisions\/10164"}],"up":[{"embeddable":true,"href":"https:\/\/semmelweis.hu\/gyogyszertar\/wp-json\/wp\/v2\/pages\/129"}],"wp:attachment":[{"href":"https:\/\/semmelweis.hu\/gyogyszertar\/wp-json\/wp\/v2\/media?parent=1824"}],"wp:term":[{"taxonomy":"category","embeddable":true,"href":"https:\/\/semmelweis.hu\/gyogyszertar\/wp-json\/wp\/v2\/categories?post=1824"},{"taxonomy":"post_tag","embeddable":true,"href":"https:\/\/semmelweis.hu\/gyogyszertar\/wp-json\/wp\/v2\/tags?post=1824"}],"curies":[{"name":"wp","href":"https:\/\/api.w.org\/{rel}","templated":true}]}}