{"id":135,"date":"2013-11-19T18:41:00","date_gmt":"2013-11-19T16:41:00","guid":{"rendered":"http:\/\/semmelweis.hu\/gyogyszertar\/?page_id=135"},"modified":"2026-03-12T13:54:03","modified_gmt":"2026-03-12T12:54:03","slug":"gyogyszertechnologiai-osztaly","status":"publish","type":"page","link":"https:\/\/semmelweis.hu\/gyogyszertar\/rolunk\/osztalyok\/gyogyszertechnologiai-osztaly\/","title":{"rendered":"Gy\u00f3gyszertechnol\u00f3giai Oszt\u00e1ly &#8211; Inf\u00fazi\u00f3s \u00e9s Magisztr\u00e1lis Laborat\u00f3rium"},"content":{"rendered":"<div class=\"responsive-tabs\">\n<h2 class=\"tabtitle\">Bemutat\u00e1s<\/h2>\n<div class=\"tabcontent\">\n\n<p style=\"text-align: justify\"><strong>El\u00e9rhet\u0151s\u00e9gek:<\/strong><\/p>\n<p style=\"text-align: justify\"><strong>C\u00edm: <\/strong>1092 Budapest, IX. H\u0151gyes Endre u. 7-9.<\/p>\n<ul>\n<li style=\"text-align: justify\">Inf\u00fazi\u00f3s laborat\u00f3rium (telefon\/fax): 476-36-00\/53043; (fax: 217-09-27)<\/li>\n<li style=\"text-align: justify\">Recept\u00farai laborat\u00f3rium (telefon\/fax): 476-36-00\/53084<\/li>\n<li style=\"text-align: justify\">Galenusi laborat\u00f3rium (telefon): 476-36-00\/53052<\/li>\n<li style=\"text-align: justify\">Alapanyag rakt\u00e1r (telefon): 476-36-00\/53075<\/li>\n<li style=\"text-align: justify\">Oszt\u00e1lyvezet\u0151 (telefon): 476-36-00\/53048<\/li>\n<\/ul>\n<p style=\"text-align: justify\"><strong>Gy\u00f3gyszertechnol\u00f3giai Oszt\u00e1ly<\/strong><\/p>\n<p style=\"text-align: justify\">A Gy\u00f3gyszertechnol\u00f3giai oszt\u00e1ly kiemelt feladata, hogy a Semmelweis Egyetem klinik\u00e1it a betegell\u00e1t\u00e1si ig\u00e9nyeknek megfelel\u0151 magisztr\u00e1lis, galenusi k\u00e9sz\u00edtm\u00e9nyekkel ell\u00e1ssa. A Gy\u00f3gyszertechnol\u00f3giai oszt\u00e1ly k\u00e9t egys\u00e9ge az Inf\u00fazi\u00f3s laborat\u00f3rium \u00e9s a Magisztr\u00e1lis laborat\u00f3rium.<\/p>\n<p style=\"text-align: justify\"><strong>Inf\u00fazi\u00f3s laborat\u00f3rium <\/strong><\/p>\n<p style=\"text-align: justify\">Az Inf\u00fazi\u00f3s laborat\u00f3rium feladata sokr\u00e9t\u0171. A Semmelweis Egyetem klinik\u00e1in kezelt betegek inf\u00fazi\u00f3val val\u00f3 ell\u00e1t\u00e1sa, valamint egy\u00e9b steril k\u00e9sz\u00edtm\u00e9nyek gy\u00e1rt\u00e1sa. Ezen k\u00edv\u00fcl m\u00e1s magyarorsz\u00e1gi eg\u00e9szs\u00e9g\u00fcgyi int\u00e9zm\u00e9nyek parenter\u00e1lis gy\u00f3gyszerrel val\u00f3 ell\u00e1t\u00e1sa betegell\u00e1t\u00e1si \u00e9rdekb\u0151l.<\/p>\n<p style=\"text-align: justify\">Az Inf\u00fazi\u00f3s laborat\u00f3riumban \u2013 a klinik\u00e1k ig\u00e9nyeinek megfelel\u0151en, megrendel\u00e9s alapj\u00e1n \u2013 h\u0151vel v\u00e9gsterilezett standard inf\u00fazi\u00f3k k\u00e9sz\u00fclnek, valamint egyedi klinikai ig\u00e9nyek alapj\u00e1n speci\u00e1lis, els\u0151sorban t\u00e1pl\u00e1l\u00f3 kever\u00e9kinf\u00fazi\u00f3k k\u00e9sz\u00edt\u00e9se is t\u00f6rt\u00e9nik.<\/p>\n<p style=\"text-align: justify\">Az Inf\u00fazi\u00f3s laborat\u00f3riumban a gy\u00f3gyszer\u00e9szhallgat\u00f3k sz\u00e1m\u00e1ra lehet\u0151s\u00e9g ny\u00edlik a ny\u00e1ri, illetve z\u00e1r\u00f3vizsga el\u0151tti szakmai gyakorlatok keret\u00e9ben bekapcsol\u00f3dni a mindennapi rutinmunk\u00e1ba, kezdve a gy\u00f3gyszerrendel\u00e9st\u0151l, a k\u00f6z\u00e9p\u00fczemi gy\u00f3gyszergy\u00e1rt\u00e1son \u00e1t az egyedi t\u00e1pl\u00e1l\u00f3 kever\u00e9kinf\u00fazi\u00f3k k\u00e9sz\u00edt\u00e9s\u00e9ig.<\/p>\n<p style=\"text-align: justify\"><strong>Magisztr\u00e1lis laborat\u00f3rium<br \/>\n<\/strong>E-mail: magisztralis[kukac]pharma.semmelweis-univ.hu<\/p>\n<p style=\"text-align: justify\">A Magisztr\u00e1lis laborat\u00f3rium feladata els\u0151sorban a Semmelweis Egyetem fekv\u0151- \u00e9s j\u00e1r\u00f3-betegell\u00e1t\u00e1s magisztr\u00e1lis gy\u00f3gyszerig\u00e9ny\u00e9nek kiel\u00e9g\u00edt\u00e9se.<\/p>\n<p style=\"text-align: justify\">A laborat\u00f3rium \u00f6t kisebb laborat\u00f3riumb\u00f3l \u00e1ll. A magisztr\u00e1lis gy\u00f3gyszerk\u00e9sz\u00edt\u00e9s ebben az \u00f6t laborat\u00f3riumban val\u00f3sul meg:<\/p>\n<ul>\n<li style=\"text-align: justify\">A Recept\u00farai laborat\u00f3riumban kisebb mennyis\u00e9g\u0171 gy\u00f3gyszerek k\u00e9sz\u00fclnek, 5 kg alatti mennyis\u00e9gben. F\u0151bb gy\u00f3gyszerform\u00e1k: k\u00fapok, ken\u0151cs\u00f6k, osztott porok, oldatok, szuszpenzi\u00f3k, emulzi\u00f3k, illetve a t\u00f6bbi labor profilj\u00e1n k\u00edv\u00fcli gy\u00f3gyszerforma \u00e9s a steril gy\u00f3gyszerek. T\u00f6bb mint ezer receptet alkalmazunk rendszeresen \u00e9s ezekhez j\u00f6nnek az egyedi magisztr\u00e1lis rendel\u00e9sek m\u00e9g.<\/li>\n<li style=\"text-align: justify\">A Galenusi laborat\u00f3riumban k\u00e9sz\u00fclnek nagyobb mennyis\u00e9gben sz\u00fcks\u00e9ges gy\u00f3gyszerek, \u00e1ltal\u00e1ban 5 kg feletti mennyis\u00e9gben.<\/li>\n<li style=\"text-align: justify\">A Tablett\u00e1z\u00f3 laborat\u00f3riumban k\u00e9sz\u00fclnek a tablett\u00e1k, illetve a tablett\u00e1z\u00e1s el\u0151k\u00e9sz\u00edt\u0151 m\u0171veletei is t\u00f6rt\u00e9nnek: szit\u00e1l\u00e1s, granul\u00e1l\u00e1s, tablett\u00e1z\u00e1s, kiszerel\u00e9s, stb.<\/li>\n<li style=\"text-align: justify\">A Szem\u00e9szeti laborat\u00f3riumban aszeptikus gy\u00f3gyszerk\u00e9sz\u00edt\u00e9s t\u00f6rt\u00e9nik, f\u0151leg szemcsepp.<\/li>\n<li style=\"text-align: justify\">A Vesz\u00e9lyes gy\u00f3gyszerk\u00e9sz\u00edt\u0151 laborat\u00f3riumban olyan gy\u00f3gyszereket k\u00e9sz\u00edt\u00fcnk, amelyek hat\u00f3anyagai kis mennyis\u00e9gben is vesz\u00e9lyesek az emberre, ez\u00e9rt k\u00e9sz\u00edt\u00e9s\u00fckh\u00f6z sz\u00fcks\u00e9ges nagy lamin\u00e1ris boksz.<\/li>\n<\/ul>\n<p style=\"text-align: justify\">A tov\u00e1bbi r\u00e9szlegei az Oszt\u00e1lynak: Alapanyag rakt\u00e1r, amelynek feladata a gy\u00f3gyszeralapanyagok k\u00e9szletez\u00e9se, kiszerel\u00e9se \u00e9s oszt\u00e1lyok, klinik\u00e1k, int\u00e9zetek fel\u00e9 t\u00f6rt\u00e9n\u0151 kiad\u00e1sa. A Csomagol\u00f3anyag rakt\u00e1r \u00e9s a Magisztr\u00e1lis gy\u00f3gyszer rakt\u00e1r a nev\u00e9b\u0151l is ad\u00f3d\u00f3an a gy\u00f3gyszerek csomagol\u00e1s\u00e1hoz sz\u00fcks\u00e9ges anyagokat, illetve a k\u00e9sz magisztr\u00e1lis gy\u00f3gyszereket tartalmazza.<\/p>\n<p style=\"text-align: justify\">T\u00f6bb forr\u00e1s is \u00e1ll rendelkez\u00e9sre a gy\u00f3gyszerk\u00e9sz\u00edt\u00e9shez: Magyar Gy\u00f3gyszerk\u00f6nyvek (Ph.Hg.), Szabv\u00e1nyos V\u00e9nygy\u0171jtem\u00e9nyek (FoNo, FoNoVet), Egyetemi Manu\u00e1lis (Semmelweis Egyetem \u2013 Formulae Nosocomiales), saj\u00e1t receptgy\u0171jtem\u00e9nyek. Ezeken k\u00edv\u00fcl orvosainak egyedi megrendel\u00e9seit is teljes\u00edtj\u00fck.<\/p>\n<p style=\"text-align: justify\">A Magisztr\u00e1lis Oszt\u00e1ly feladata a gy\u00f3gyszerk\u00e9sz\u00edt\u00e9sen k\u00edv\u00fcl az oktat\u00e1s is. \u00cdgy a gy\u00f3gyszerk\u00e9sz\u00edt\u00e9sen k\u00edv\u00fcl a gy\u00f3gyszer\u00e9sz hallgat\u00f3kat \u00e9s a gy\u00f3gyszert\u00e1ri asszisztenseket szakmai k\u00e9pz\u00e9sben r\u00e9szes\u00edti. Term\u00e9szetesen a k\u00e9pz\u00e9ssel egy\u00fctt a kutat\u00e1s is szerepet kap az Oszt\u00e1ly feladati k\u00f6r\u00e9ben.<\/p>\n<p><strong>Citosztatikus laborat\u00f3rium<br \/>\n<\/strong><\/p>\n<p>Az Egyetemi Gy\u00f3gyszert\u00e1r k\u00fcl\u00f6nleges laborat\u00f3riuma a Citosztatikus Laborat\u00f3rium.<\/p>\n<p>Ez a laborat\u00f3rium k\u00e9sz\u00edti a Semmelweis Egyetem Belgy\u00f3gy\u00e1szati \u00e9s Onkol\u00f3giai Klinika, illetve a \u00a0Pulmonol\u00f3giai Klinika onkoter\u00e1pi\u00e1s gy\u00f3gyszerig\u00e9ny\u00e9nek nagyobb r\u00e9sz\u00e9t, a kemoter\u00e1pi\u00e1s inf\u00fazi\u00f3kat.<\/p>\n<p>Szervezetileg az Egyetemi Gy\u00f3gyszert\u00e1r Gy\u00f3gyszer\u00fcgyi Szervez\u00e9si Int\u00e9zet, Gy\u00f3gyszertechnol\u00f3giai Oszt\u00e1ly\u00e1hoz tartozik, fizikailag a Belgy\u00f3gy\u00e1szati \u00e9s Onkol\u00f3giai Klinika Onkol\u00f3giai Profil T\u00f6m\u0151 utcai \u00e9p\u00fclet\u00e9ben a 6. emelet\u00e9n tal\u00e1lhat\u00f3.<\/p>\n\n<\/div><h2 class=\"tabtitle\">Munkat\u00e1rsak<\/h2>\n<div class=\"tabcontent\">\n\n<p style=\"text-align: justify\"><strong>MUNKAT\u00c1RSAK:<\/strong><\/p>\n<p><strong>Oszt\u00e1lyvezet\u0151:<br \/>\n<\/strong><\/p>\n<ul>\n<li>Dr. Vajna M\u00e1rton szakgy\u00f3gyszer\u00e9sz<br \/>\negyetemi mell\u00e9k: 53048<br \/>\nmobil: +36-20-663-23-11<strong><br \/>\n<\/strong><\/li>\n<\/ul>\n<p style=\"text-align: justify\"><strong>Gy\u00f3gyszer\u00e9szek\/Szakgy\u00f3gyszer\u00e9szek:<br \/>\n<\/strong><\/p>\n<ul>\n<li style=\"text-align: justify\">Dr. R\u00e1vai Attila szakgy\u00f3gyszer\u00e9sz &#8211; Recept\u00farai laborat\u00f3rium vezet\u0151<br \/>\negyetemi mell\u00e9k: 53084<br \/>\nmobil: +36-30-016-4589<\/li>\n<li style=\"text-align: justify\">Dr. Szab\u00f3 Attila Zal\u00e1n szakgy\u00f3gyszer\u00e9sz &#8211; Inf\u00fazi\u00f3s laborat\u00f3rium vezet\u0151<br \/>\negyetemi mell\u00e9k: 53043<br \/>\nmobil: +36-20-663-2458<\/li>\n<li>Dr. Benk\u0151 Imola szakgy\u00f3gyszer\u00e9sz<br \/>\negyetemi mell\u00e9k: 53084<\/li>\n<\/ul>\n<p style=\"text-align: justify\"><strong>Asszisztensek\/szakasszisztensek:<br \/>\n<\/strong><\/p>\n<ul>\n<li style=\"text-align: justify\">Bacs\u00f3 Bernadett<\/li>\n<li style=\"text-align: justify\">Borossn\u00e9 Nagy Szilvia<\/li>\n<li>Csiza-Fut\u00f3 Erna<\/li>\n<li style=\"text-align: justify\">Horv\u00e1th M\u00f3nika<\/li>\n<li>Koncsik Jerne Magdolna<\/li>\n<li>Pataki Melinda M\u00f3nika<\/li>\n<li>R\u00e1ncsik Zolt\u00e1nn\u00e9<\/li>\n<li style=\"text-align: justify\">Seb\u0151 B\u00e9la &#8211; gy\u00e1ri inf\u00fazi\u00f3k, egyetemi mell\u00e9k: 53059<\/li>\n<li style=\"text-align: justify\">Schw\u00e1b S\u00e1ndorn\u00e9 &#8211; alapanyag rakt\u00e1r, mobil: +36-20-663-25-06<\/li>\n<li style=\"text-align: justify\">Uhrinyi \u00c1gnes<\/li>\n<\/ul>\n<p style=\"text-align: justify\"><strong>Vegy\u00e9sztechnikus:<br \/>\n<\/strong><\/p>\n<ul>\n<li style=\"text-align: justify\">Simicz D\u00e1vid<br \/>\nmobil: +36-20-670-1604<\/li>\n<\/ul>\n<p><strong>Logisztikus:<br \/>\n<\/strong><\/p>\n<ul>\n<li>Dallos G\u00e1bor<\/li>\n<\/ul>\n<p><strong>Seg\u00e9dasszisztens:<br \/>\n<\/strong><\/p>\n<ul>\n<li>Ol\u00e1h P\u00e9ter Tam\u00e1sn\u00e9<\/li>\n<\/ul>\n<p><strong>Takar\u00edt\u00f3 &#8211; Mosogat\u00f3:<\/strong><\/p>\n<ul>\n<li>Asb\u00f3th Anik\u00f3\u00a0<\/li>\n<\/ul>\n<\/div><\/div>\n","protected":false},"excerpt":{"rendered":"<p>El\u00e9rhet\u0151s\u00e9gek: C\u00edm: 1092 Budapest, IX. H\u0151gyes Endre u. 7-9. Inf\u00fazi\u00f3s laborat\u00f3rium (telefon\/fax): 476-36-00\/53043; (fax: 217-09-27) Recept\u00farai laborat\u00f3rium (telefon\/fax): 476-36-00\/53084 Galenusi laborat\u00f3rium (telefon): 476-36-00\/53052 Alapanyag rakt\u00e1r (telefon): 476-36-00\/53075 Oszt\u00e1lyvezet\u0151 (telefon): 476-36-00\/53048 Gy\u00f3gyszertechnol\u00f3giai Oszt\u00e1ly A Gy\u00f3gyszertechnol\u00f3giai oszt\u00e1ly kiemelt feladata, hogy a Semmelweis Egyetem klinik\u00e1it a betegell\u00e1t\u00e1si ig\u00e9nyeknek megfelel\u0151 magisztr\u00e1lis, galenusi k\u00e9sz\u00edtm\u00e9nyekkel ell\u00e1ssa. A Gy\u00f3gyszertechnol\u00f3giai oszt\u00e1ly k\u00e9t egys\u00e9ge &hellip;<\/p>\n","protected":false},"author":317,"featured_media":0,"parent":129,"menu_order":0,"comment_status":"closed","ping_status":"closed","template":"","meta":{"_acf_changed":false,"footnotes":""},"categories":[],"tags":[],"class_list":["post-135","page","type-page","status-publish","hentry"],"acf":[],"_links":{"self":[{"href":"https:\/\/semmelweis.hu\/gyogyszertar\/wp-json\/wp\/v2\/pages\/135","targetHints":{"allow":["GET"]}}],"collection":[{"href":"https:\/\/semmelweis.hu\/gyogyszertar\/wp-json\/wp\/v2\/pages"}],"about":[{"href":"https:\/\/semmelweis.hu\/gyogyszertar\/wp-json\/wp\/v2\/types\/page"}],"author":[{"embeddable":true,"href":"https:\/\/semmelweis.hu\/gyogyszertar\/wp-json\/wp\/v2\/users\/317"}],"replies":[{"embeddable":true,"href":"https:\/\/semmelweis.hu\/gyogyszertar\/wp-json\/wp\/v2\/comments?post=135"}],"version-history":[{"count":12,"href":"https:\/\/semmelweis.hu\/gyogyszertar\/wp-json\/wp\/v2\/pages\/135\/revisions"}],"predecessor-version":[{"id":11295,"href":"https:\/\/semmelweis.hu\/gyogyszertar\/wp-json\/wp\/v2\/pages\/135\/revisions\/11295"}],"up":[{"embeddable":true,"href":"https:\/\/semmelweis.hu\/gyogyszertar\/wp-json\/wp\/v2\/pages\/129"}],"wp:attachment":[{"href":"https:\/\/semmelweis.hu\/gyogyszertar\/wp-json\/wp\/v2\/media?parent=135"}],"wp:term":[{"taxonomy":"category","embeddable":true,"href":"https:\/\/semmelweis.hu\/gyogyszertar\/wp-json\/wp\/v2\/categories?post=135"},{"taxonomy":"post_tag","embeddable":true,"href":"https:\/\/semmelweis.hu\/gyogyszertar\/wp-json\/wp\/v2\/tags?post=135"}],"curies":[{"name":"wp","href":"https:\/\/api.w.org\/{rel}","templated":true}]}}