{"id":10951,"date":"2025-04-09T13:32:25","date_gmt":"2025-04-09T11:32:25","guid":{"rendered":"https:\/\/semmelweis.hu\/gyogyszertar\/?page_id=10951"},"modified":"2025-11-13T11:17:28","modified_gmt":"2025-11-13T10:17:28","slug":"se-egygyszi-rik-intezeti-gyogyszertari-reszleg","status":"publish","type":"page","link":"https:\/\/semmelweis.hu\/gyogyszertar\/rolunk\/osztalyok\/se-egygyszi-rik-intezeti-gyogyszertari-reszleg\/","title":{"rendered":"SE EGYGYSZI RIK Int\u00e9zeti Gy\u00f3gyszert\u00e1ri R\u00e9szleg"},"content":{"rendered":"<div class=\"responsive-tabs\">\n<h2 class=\"tabtitle\">Bemutat\u00e1s<\/h2>\n<div class=\"tabcontent\">\n\n<p style=\"text-align: left\"><strong>El\u00e9rhet\u0151s\u00e9geink:<br \/>\n<\/strong>1023 Budapest Frankel Le\u00f3 \u00fat 62.<br \/>\nTelefon: +36-1-438-8300\/1154<br \/>\nE-mail: <a href=\"mailto:gytar.reuma@semmelweis.hu\">gytar.reuma@semmelweis.hu<\/a><\/p>\n<p style=\"text-align: left\">2025. m\u00e1rcius 1-j\u00e9t\u0151l az Orsz\u00e1gos Mozg\u00e1sszervi Int\u00e9zet a Semmelweis Egyetem r\u00e9sz\u00e9v\u00e9 v\u00e1lt, \u00e9s mostant\u00f3l Reumatol\u00f3giai \u00e9s Immunol\u00f3giai Klinika n\u00e9ven m\u0171k\u00f6dik. A r\u00e9szleg feladatai k\u00f6z\u00e9 tartozik a fekv\u0151beteg ell\u00e1t\u00f3 oszt\u00e1lyok \u00e9s a j\u00e1r\u00f3beteg szakambulanci\u00e1k orvosaival \u00e9s \u00e1pol\u00f3ival val\u00f3 szoros szakmai egy\u00fcttm\u0171k\u00f6d\u00e9s, valamint a biztons\u00e1gos \u00e9s k\u00f6lts\u00e9ghat\u00e9kony gy\u00f3gyszerell\u00e1t\u00e1s biztos\u00edt\u00e1sa. Emellett k\u00f6tszerekkel \u00e9s fert\u0151tlen\u00edt\u0151szerekkel is ell\u00e1tjuk az oszt\u00e1lyokat.<\/p>\n<p style=\"text-align: left\">A klinik\u00e1n k\u00e9sz\u00fclnek a napi ter\u00e1pi\u00e1khoz sz\u00fcks\u00e9ges magisztr\u00e1lis k\u00e9sz\u00edtm\u00e9nyek is. Sz\u00e1mos biol\u00f3giai ter\u00e1pia is zajlik n\u00e1lunk, \u00e9s szakmai inform\u00e1ci\u00f3t ny\u00fajtunk a m\u00e9lt\u00e1nyoss\u00e1gi enged\u00e9llyel rendelkez\u0151, egyedi import \u00fatj\u00e1n beszerzett gy\u00f3gyszerekr\u0151l is.<\/p>\n<p style=\"text-align: left\"><strong>Klinik\u00e1nk r\u00e9szek\u00e9nt m\u0171k\u00f6dik az Aesculapius Gy\u00f3gyszert\u00e1r, amely k\u00f6zvetlen lakoss\u00e1gi v\u00e9nyforgalmat l\u00e1t el. Az itt dolgoz\u00f3k ig\u00e9nyeinek kiel\u00e9g\u00edt\u00e9se mellett seg\u00edtj\u00fck a fekv\u0151 oszt\u00e1lyokr\u00f3l t\u00e1voz\u00f3 betegek \u00e9s a szakambulanci\u00e1n speci\u00e1lis, nagy\u00e9rt\u00e9k\u0171 gy\u00f3gyszereket kap\u00f3 betegek gy\u00f3gyszerkiv\u00e1lt\u00e1s\u00e1t is.<br \/>\n<\/strong><\/p>\n\n<\/div><h2 class=\"tabtitle\">Munkat\u00e1rsak<\/h2>\n<div class=\"tabcontent\">\n\n<p><strong>Munkat\u00e1rsak:<\/strong><\/p>\n<p><strong>Gy\u00f3gyszer\u00e9szek\/Szakgy\u00f3gyszer\u00e9szek:<\/strong><\/p>\n<ul>\n<li>Dr. Baranyi Brigitta Eszter, r\u00e9szlegvezet\u0151 szakgy\u00f3gyszer\u00e9sz<br \/>\nTelefon: +36206701016<\/li>\n<li>Dr. Kov\u00e1csn\u00e9 Dr. Dolhai Anna, szakgy\u00f3gyszer\u00e9sz<\/li>\n<li>Dr. Csics\u00f3szki Enik\u0151, szakgy\u00f3gyszer\u00e9sz<\/li>\n<li>Dr. Serflek \u00c1d\u00e1m \u00c1kos gy\u00f3gyszer\u00e9sz<br \/>\nTelefon: +3614388300\/1154<\/li>\n<\/ul>\n<p><strong>Asszisztensek\/szakasszisztensek:<\/strong><\/p>\n<ul>\n<li>Polg\u00e1r Brigitta<\/li>\n<li>Nagy Cintia \u00c9va<\/li>\n<li>Tam\u00e1sin\u00e9 Kili\u00e1n Andrea &#8211; T\u00e1voll\u00e9ten<\/li>\n<\/ul>\n<\/div><\/div>\n","protected":false},"excerpt":{"rendered":"<p>El\u00e9rhet\u0151s\u00e9geink: 1023 Budapest Frankel Le\u00f3 \u00fat 62. Telefon: +36-1-438-8300\/1154 E-mail: <a href=\"mailto:gytar.reuma@semmelweis.hu\">gytar.reuma@semmelweis.hu<\/a> 2025. m\u00e1rcius 1-j\u00e9t\u0151l az Orsz\u00e1gos Mozg\u00e1sszervi Int\u00e9zet a Semmelweis Egyetem r\u00e9sz\u00e9v\u00e9 v\u00e1lt, \u00e9s mostant\u00f3l Reumatol\u00f3giai \u00e9s Immunol\u00f3giai Klinika n\u00e9ven m\u0171k\u00f6dik. A r\u00e9szleg feladatai k\u00f6z\u00e9 tartozik a fekv\u0151beteg ell\u00e1t\u00f3 oszt\u00e1lyok \u00e9s a j\u00e1r\u00f3beteg szakambulanci\u00e1k orvosaival \u00e9s \u00e1pol\u00f3ival val\u00f3 szoros szakmai egy\u00fcttm\u0171k\u00f6d\u00e9s, valamint a biztons\u00e1gos \u00e9s k\u00f6lts\u00e9ghat\u00e9kony &hellip;<\/p>\n","protected":false},"author":357,"featured_media":0,"parent":129,"menu_order":0,"comment_status":"closed","ping_status":"closed","template":"","meta":{"_acf_changed":false,"footnotes":""},"categories":[],"tags":[],"class_list":["post-10951","page","type-page","status-publish","hentry"],"acf":[],"_links":{"self":[{"href":"https:\/\/semmelweis.hu\/gyogyszertar\/wp-json\/wp\/v2\/pages\/10951","targetHints":{"allow":["GET"]}}],"collection":[{"href":"https:\/\/semmelweis.hu\/gyogyszertar\/wp-json\/wp\/v2\/pages"}],"about":[{"href":"https:\/\/semmelweis.hu\/gyogyszertar\/wp-json\/wp\/v2\/types\/page"}],"author":[{"embeddable":true,"href":"https:\/\/semmelweis.hu\/gyogyszertar\/wp-json\/wp\/v2\/users\/357"}],"replies":[{"embeddable":true,"href":"https:\/\/semmelweis.hu\/gyogyszertar\/wp-json\/wp\/v2\/comments?post=10951"}],"version-history":[{"count":8,"href":"https:\/\/semmelweis.hu\/gyogyszertar\/wp-json\/wp\/v2\/pages\/10951\/revisions"}],"predecessor-version":[{"id":11186,"href":"https:\/\/semmelweis.hu\/gyogyszertar\/wp-json\/wp\/v2\/pages\/10951\/revisions\/11186"}],"up":[{"embeddable":true,"href":"https:\/\/semmelweis.hu\/gyogyszertar\/wp-json\/wp\/v2\/pages\/129"}],"wp:attachment":[{"href":"https:\/\/semmelweis.hu\/gyogyszertar\/wp-json\/wp\/v2\/media?parent=10951"}],"wp:term":[{"taxonomy":"category","embeddable":true,"href":"https:\/\/semmelweis.hu\/gyogyszertar\/wp-json\/wp\/v2\/categories?post=10951"},{"taxonomy":"post_tag","embeddable":true,"href":"https:\/\/semmelweis.hu\/gyogyszertar\/wp-json\/wp\/v2\/tags?post=10951"}],"curies":[{"name":"wp","href":"https:\/\/api.w.org\/{rel}","templated":true}]}}