{"id":10286,"date":"2024-09-16T09:56:52","date_gmt":"2024-09-16T07:56:52","guid":{"rendered":"https:\/\/semmelweis.hu\/gyogyszertar\/?page_id=10286"},"modified":"2024-09-16T23:04:11","modified_gmt":"2024-09-16T21:04:11","slug":"kozponti-rehabilitacios-klinika-intezeti-gyogyszertari-reszleg","status":"publish","type":"page","link":"https:\/\/semmelweis.hu\/gyogyszertar\/minosegiranyitasi-rendszer\/kozponti-rehabilitacios-klinika-intezeti-gyogyszertari-reszleg\/","title":{"rendered":"K\u00f6zponti Rehabilit\u00e1ci\u00f3s Klinika int\u00e9zeti gy\u00f3gyszert\u00e1ri r\u00e9szleg"},"content":{"rendered":"<h4><strong>Egys\u00e9gszint\u0171 M\u0171k\u00f6d\u00e9si Szab\u00e1lyzat: <\/strong><a href=\"https:\/\/semmelweis.hu\/gyogyszertar\/files\/2024\/09\/SE-EGYI-ORK-EMSZ.pdf\" target=\"_blank\" rel=\"noopener\">SE-EGYI-ORK-EMSZ<\/a><\/h4>\n<ul>\n<li><a href=\"https:\/\/semmelweis.hu\/gyogyszertar\/files\/2024\/09\/SE-EGYI-ORK-MU-01-rendeles-kulso-szallitotol.pdf\" target=\"_blank\" rel=\"noopener\">SE-EGYI-ORK-MU-01<\/a> K\u00fcls\u0151 sz\u00e1ll\u00edt\u00f3t\u00f3l val\u00f3 rendel\u00e9s<\/li>\n<li><a href=\"https:\/\/semmelweis.hu\/gyogyszertar\/files\/2024\/09\/SE-EGYI-ORK-MU-02-aruatvetel.pdf\" target=\"_blank\" rel=\"noopener\">SE-EGYI-ORK-MU-02<\/a> \u00c1ru\u00e1tv\u00e9tel<\/li>\n<li><a href=\"https:\/\/semmelweis.hu\/gyogyszertar\/files\/2024\/09\/SE-EGYI-ORK-MU-03-rendeles-kiadasa.pdf\" target=\"_blank\" rel=\"noopener\">SE-EGYI-ORK-MU-03<\/a> Rendel\u00e9s kiad\u00e1sa<\/li>\n<li><a href=\"https:\/\/semmelweis.hu\/gyogyszertar\/files\/2024\/09\/SE-EGYI-ORK-MU-04-statim-rendeles.pdf\" target=\"_blank\" rel=\"noopener\">SE-EGYI-ORK-MU-04<\/a> Statim rendel\u00e9s<\/li>\n<li><a href=\"https:\/\/semmelweis.hu\/gyogyszertar\/files\/2024\/09\/SE-EGYI-ORK-MU-05-egyedi-import-beszerzes.pdf\" target=\"_blank\" rel=\"noopener\">SE-EGYI-ORK-MU-05<\/a> Egyedi import gy\u00f3gyszerrendel\u00e9s, kiad\u00e1s<\/li>\n<li><a href=\"https:\/\/semmelweis.hu\/gyogyszertar\/files\/2024\/09\/SE-EGYI-ORK-MU-06-fokozottan-ellenorzott-szer.pdf\" target=\"_blank\" rel=\"noopener\">SE-EGYI-ORK-MU-06<\/a> Fokozottan ellen\u0151rz\u00f6tt szerek kezel\u00e9se<\/li>\n<li><a href=\"https:\/\/semmelweis.hu\/gyogyszertar\/files\/2024\/09\/SE-EGYI-ORK-MU-07-tarolas.pdf\" target=\"_blank\" rel=\"noopener\">SE-EGYI-ORK-MU-07<\/a> Gy\u00f3gyszerek, k\u00f6tszerek, fert\u0151tlen\u00edt\u0151 szerek t\u00e1rol\u00e1sa\u00a0<\/li>\n<li><a href=\"https:\/\/semmelweis.hu\/gyogyszertar\/files\/2024\/09\/SE-EGYI-ORK-MU-08-alaplista.pdf\" target=\"_blank\" rel=\"noopener\">SE-EGYI-ORK-MU-08<\/a> Gy\u00f3gyszer-alaplista kialak\u00edt\u00e1sa, id\u0151szakos fel\u00fclvizsg\u00e1lata<\/li>\n<li><a href=\"https:\/\/semmelweis.hu\/gyogyszertar\/files\/2024\/09\/SE-EGYI-ORK-MU-09-lejaratfigyeles.pdf\" target=\"_blank\" rel=\"noopener\">SE-EGYI-ORK-MU-09<\/a> Lej\u00e1ratfigyel\u00e9s<\/li>\n<li><a href=\"https:\/\/semmelweis.hu\/gyogyszertar\/files\/2024\/09\/SE-EGYI-ORK-MU-10-visszahivas.pdf\" target=\"_blank\" rel=\"noopener\">SE-EGYI-ORK-MU-10<\/a> Visszah\u00edv\u00e1s rendje<\/li>\n<li><a href=\"https:\/\/semmelweis.hu\/gyogyszertar\/files\/2024\/09\/SE-EGYI-ORK-MU-11-forgalombol-kivonas.pdf\" target=\"_blank\" rel=\"noopener\">SE-EGYI-ORK-MU-11<\/a> Forgalomb\u00f3l val\u00f3 kivon\u00e1s\u00a0<\/li>\n<li><a href=\"https:\/\/semmelweis.hu\/gyogyszertar\/files\/2024\/09\/SE-EGYI-ORK-MU-12-adomanyok.pdf\" target=\"_blank\" rel=\"noopener\">SE-EGYI-ORK-MU-12<\/a> Adom\u00e1nyok kezel\u00e9se<\/li>\n<li><a href=\"https:\/\/semmelweis.hu\/gyogyszertar\/files\/2024\/09\/SE-EGYI-ORK-MU-13-mellekhatas.pdf\" target=\"_blank\" rel=\"noopener\">SE-EGYI-ORK-MU-13<\/a> Mell\u00e9khat\u00e1s bejelent\u00e9sek kezel\u00e9se\u00a0<\/li>\n<li><a href=\"https:\/\/semmelweis.hu\/gyogyszertar\/files\/2024\/09\/SE-EGYI-ORK-MU-14-HUMVO.pdf\" target=\"_blank\" rel=\"noopener\">SE-EGYI-ORK-MU-14<\/a> Gy\u00f3gyszerazonos\u00edt\u00e1s (szerializ\u00e1ci\u00f3s-k\u00f3d ellen\u0151rz\u00e9se)<\/li>\n<\/ul>\n","protected":false},"excerpt":{"rendered":"<p>Egys\u00e9gszint\u0171 M\u0171k\u00f6d\u00e9si Szab\u00e1lyzat: <a href=\"https:\/\/semmelweis.hu\/gyogyszertar\/files\/2024\/09\/SE-EGYI-ORK-EMSZ.pdf\" target=\"_blank\" rel=\"noopener\">SE-EGYI-ORK-EMSZ<\/a> <a href=\"https:\/\/semmelweis.hu\/gyogyszertar\/files\/2024\/09\/SE-EGYI-ORK-MU-01-rendeles-kulso-szallitotol.pdf\" target=\"_blank\" rel=\"noopener\">SE-EGYI-ORK-MU-01<\/a> K\u00fcls\u0151 sz\u00e1ll\u00edt\u00f3t\u00f3l val\u00f3 rendel\u00e9s <a href=\"https:\/\/semmelweis.hu\/gyogyszertar\/files\/2024\/09\/SE-EGYI-ORK-MU-02-aruatvetel.pdf\" target=\"_blank\" rel=\"noopener\">SE-EGYI-ORK-MU-02<\/a> \u00c1ru\u00e1tv\u00e9tel <a href=\"https:\/\/semmelweis.hu\/gyogyszertar\/files\/2024\/09\/SE-EGYI-ORK-MU-03-rendeles-kiadasa.pdf\" target=\"_blank\" rel=\"noopener\">SE-EGYI-ORK-MU-03<\/a> Rendel\u00e9s kiad\u00e1sa <a href=\"https:\/\/semmelweis.hu\/gyogyszertar\/files\/2024\/09\/SE-EGYI-ORK-MU-04-statim-rendeles.pdf\" target=\"_blank\" rel=\"noopener\">SE-EGYI-ORK-MU-04<\/a> Statim rendel\u00e9s <a href=\"https:\/\/semmelweis.hu\/gyogyszertar\/files\/2024\/09\/SE-EGYI-ORK-MU-05-egyedi-import-beszerzes.pdf\" target=\"_blank\" rel=\"noopener\">SE-EGYI-ORK-MU-05<\/a> Egyedi import gy\u00f3gyszerrendel\u00e9s, kiad\u00e1s <a href=\"https:\/\/semmelweis.hu\/gyogyszertar\/files\/2024\/09\/SE-EGYI-ORK-MU-06-fokozottan-ellenorzott-szer.pdf\" target=\"_blank\" rel=\"noopener\">SE-EGYI-ORK-MU-06<\/a> Fokozottan ellen\u0151rz\u00f6tt szerek kezel\u00e9se <a href=\"https:\/\/semmelweis.hu\/gyogyszertar\/files\/2024\/09\/SE-EGYI-ORK-MU-07-tarolas.pdf\" target=\"_blank\" rel=\"noopener\">SE-EGYI-ORK-MU-07<\/a> Gy\u00f3gyszerek, k\u00f6tszerek, fert\u0151tlen\u00edt\u0151 szerek t\u00e1rol\u00e1sa\u00a0 <a href=\"https:\/\/semmelweis.hu\/gyogyszertar\/files\/2024\/09\/SE-EGYI-ORK-MU-08-alaplista.pdf\" target=\"_blank\" rel=\"noopener\">SE-EGYI-ORK-MU-08<\/a> Gy\u00f3gyszer-alaplista kialak\u00edt\u00e1sa, id\u0151szakos fel\u00fclvizsg\u00e1lata <a href=\"https:\/\/semmelweis.hu\/gyogyszertar\/files\/2024\/09\/SE-EGYI-ORK-MU-09-lejaratfigyeles.pdf\" target=\"_blank\" rel=\"noopener\">SE-EGYI-ORK-MU-09<\/a> Lej\u00e1ratfigyel\u00e9s <a href=\"https:\/\/semmelweis.hu\/gyogyszertar\/files\/2024\/09\/SE-EGYI-ORK-MU-10-visszahivas.pdf\" target=\"_blank\" rel=\"noopener\">SE-EGYI-ORK-MU-10<\/a> Visszah\u00edv\u00e1s rendje <a href=\"https:\/\/semmelweis.hu\/gyogyszertar\/files\/2024\/09\/SE-EGYI-ORK-MU-11-forgalombol-kivonas.pdf\" target=\"_blank\" rel=\"noopener\">SE-EGYI-ORK-MU-11<\/a> Forgalomb\u00f3l val\u00f3 kivon\u00e1s\u00a0 <a href=\"https:\/\/semmelweis.hu\/gyogyszertar\/files\/2024\/09\/SE-EGYI-ORK-MU-12-adomanyok.pdf\" target=\"_blank\" rel=\"noopener\">SE-EGYI-ORK-MU-12<\/a> Adom\u00e1nyok kezel\u00e9se <a href=\"https:\/\/semmelweis.hu\/gyogyszertar\/files\/2024\/09\/SE-EGYI-ORK-MU-13-mellekhatas.pdf\" target=\"_blank\" rel=\"noopener\">SE-EGYI-ORK-MU-13<\/a> Mell\u00e9khat\u00e1s bejelent\u00e9sek kezel\u00e9se\u00a0 <a href=\"https:\/\/semmelweis.hu\/gyogyszertar\/files\/2024\/09\/SE-EGYI-ORK-MU-14-HUMVO.pdf\" target=\"_blank\" rel=\"noopener\">SE-EGYI-ORK-MU-14<\/a> Gy\u00f3gyszerazonos\u00edt\u00e1s (szerializ\u00e1ci\u00f3s-k\u00f3d &hellip;<\/p>\n","protected":false},"author":357,"featured_media":0,"parent":166,"menu_order":7,"comment_status":"closed","ping_status":"closed","template":"","meta":{"_acf_changed":false,"footnotes":""},"categories":[],"tags":[],"class_list":["post-10286","page","type-page","status-publish","hentry"],"acf":[],"_links":{"self":[{"href":"https:\/\/semmelweis.hu\/gyogyszertar\/wp-json\/wp\/v2\/pages\/10286","targetHints":{"allow":["GET"]}}],"collection":[{"href":"https:\/\/semmelweis.hu\/gyogyszertar\/wp-json\/wp\/v2\/pages"}],"about":[{"href":"https:\/\/semmelweis.hu\/gyogyszertar\/wp-json\/wp\/v2\/types\/page"}],"author":[{"embeddable":true,"href":"https:\/\/semmelweis.hu\/gyogyszertar\/wp-json\/wp\/v2\/users\/357"}],"replies":[{"embeddable":true,"href":"https:\/\/semmelweis.hu\/gyogyszertar\/wp-json\/wp\/v2\/comments?post=10286"}],"version-history":[{"count":10,"href":"https:\/\/semmelweis.hu\/gyogyszertar\/wp-json\/wp\/v2\/pages\/10286\/revisions"}],"predecessor-version":[{"id":10477,"href":"https:\/\/semmelweis.hu\/gyogyszertar\/wp-json\/wp\/v2\/pages\/10286\/revisions\/10477"}],"up":[{"embeddable":true,"href":"https:\/\/semmelweis.hu\/gyogyszertar\/wp-json\/wp\/v2\/pages\/166"}],"wp:attachment":[{"href":"https:\/\/semmelweis.hu\/gyogyszertar\/wp-json\/wp\/v2\/media?parent=10286"}],"wp:term":[{"taxonomy":"category","embeddable":true,"href":"https:\/\/semmelweis.hu\/gyogyszertar\/wp-json\/wp\/v2\/categories?post=10286"},{"taxonomy":"post_tag","embeddable":true,"href":"https:\/\/semmelweis.hu\/gyogyszertar\/wp-json\/wp\/v2\/tags?post=10286"}],"curies":[{"name":"wp","href":"https:\/\/api.w.org\/{rel}","templated":true}]}}