{"id":67,"date":"2014-06-21T13:03:18","date_gmt":"2012-08-25T11:30:11","guid":{"rendered":"http:\/\/semmelweis-egyetem.hu\/gyogyszerhatastan\/?page_id=67"},"modified":"2022-10-23T14:32:18","modified_gmt":"2022-10-23T12:32:18","slug":"laufer-rudolf","status":"publish","type":"page","link":"https:\/\/semmelweis.hu\/gyogyszerhatastan\/munkatarsaink\/laufer-rudolf\/","title":{"rendered":"Laufer Rudolf"},"content":{"rendered":"<p>Dr. Laufer Rudolf <br \/>\ntudom\u00e1nyos seg\u00e9dmunkat\u00e1rs, tanulm\u00e1nyi felel\u0151s (Gy\u00f3gyszerhat\u00e1stan \u00e9s toxikol\u00f3gia (magyar, angol))<\/p>\n<p>Iroda: 808<\/p>\n<p>e-mail: <a href=\"mailto:kokoruky@gmail.com?subject=\u00dczenet a Semmelweis Egyetem honlapr\u00f3l\">kokoruky@gmail.com<\/a><\/p>\n<p>Publik\u00e1ci\u00f3k: <a href=\"https:\/\/www.ncbi.nlm.nih.gov\/pubmed\/?term=%22Semmelweis%22%5bAffiliation%5d+AND+Laufer+R%5bAuthor%5d\">PubMed<\/a>, <a href=\"https:\/\/vm.mtmt.hu\/search\/slist.php?nwi=1&amp;inited=1&amp;ty_on=1&amp;url_on=1&amp;cite_type=2&amp;orderby=3D1a&amp;location=mtmt&amp;stn=1&amp;AuthorID=10032494&amp;Scientific=1\">MTMT<\/a><\/p>\n","protected":false},"excerpt":{"rendered":"<p>Dr. Laufer Rudolf<br \/>\ntudom\u00e1nyos seg\u00e9dmunkat\u00e1rs, tanulm\u00e1nyi felel\u0151s (Gy\u00f3gyszerhat\u00e1stan \u00e9s toxikol\u00f3gia (magyar, angol))<br \/>\nIroda: 808<br \/>\ne-mail: <a href=\"mailto:kokoruky@gmail.com?subject=\u00dczenet a Semmelweis Egyetem honlapr\u00f3l\">kokoruky@gmail.com<\/a><br \/>\nPublik\u00e1ci\u00f3k: <a href=\"https:\/\/www.ncbi.nlm.nih.gov\/pubmed\/?term=%22Semmelweis%22%5bAffiliation%5d+AND+Laufer+R%5bAuthor%5d\">PubMed<\/a>, <a href=\"https:\/\/vm.mtmt.hu\/search\/slist.php?nwi=1&amp;inited=1&amp;ty_on=1&amp;url_on=1&amp;cite_type=2&amp;orderby=3D1a&amp;location=mtmt&amp;stn=1&amp;AuthorID=10032494&amp;Scientific=1\">MTMT<\/a><\/p>\n","protected":false},"author":107,"featured_media":0,"parent":22,"menu_order":13,"comment_status":"closed","ping_status":"closed","template":"","meta":{"_acf_changed":false,"footnotes":""},"categories":[],"tags":[],"class_list":["post-67","page","type-page","status-publish","hentry"],"acf":[],"_links":{"self":[{"href":"https:\/\/semmelweis.hu\/gyogyszerhatastan\/wp-json\/wp\/v2\/pages\/67","targetHints":{"allow":["GET"]}}],"collection":[{"href":"https:\/\/semmelweis.hu\/gyogyszerhatastan\/wp-json\/wp\/v2\/pages"}],"about":[{"href":"https:\/\/semmelweis.hu\/gyogyszerhatastan\/wp-json\/wp\/v2\/types\/page"}],"author":[{"embeddable":true,"href":"https:\/\/semmelweis.hu\/gyogyszerhatastan\/wp-json\/wp\/v2\/users\/107"}],"replies":[{"embeddable":true,"href":"https:\/\/semmelweis.hu\/gyogyszerhatastan\/wp-json\/wp\/v2\/comments?post=67"}],"version-history":[{"count":10,"href":"https:\/\/semmelweis.hu\/gyogyszerhatastan\/wp-json\/wp\/v2\/pages\/67\/revisions"}],"predecessor-version":[{"id":3092,"href":"https:\/\/semmelweis.hu\/gyogyszerhatastan\/wp-json\/wp\/v2\/pages\/67\/revisions\/3092"}],"up":[{"embeddable":true,"href":"https:\/\/semmelweis.hu\/gyogyszerhatastan\/wp-json\/wp\/v2\/pages\/22"}],"wp:attachment":[{"href":"https:\/\/semmelweis.hu\/gyogyszerhatastan\/wp-json\/wp\/v2\/media?parent=67"}],"wp:term":[{"taxonomy":"category","embeddable":true,"href":"https:\/\/semmelweis.hu\/gyogyszerhatastan\/wp-json\/wp\/v2\/categories?post=67"},{"taxonomy":"post_tag","embeddable":true,"href":"https:\/\/semmelweis.hu\/gyogyszerhatastan\/wp-json\/wp\/v2\/tags?post=67"}],"curies":[{"name":"wp","href":"https:\/\/api.w.org\/{rel}","templated":true}]}}