{"id":62,"date":"2013-08-27T08:06:14","date_gmt":"2012-08-25T10:57:53","guid":{"rendered":"http:\/\/semmelweis-egyetem.hu\/gyogyszerhatastan\/?page_id=62"},"modified":"2025-12-25T21:34:36","modified_gmt":"2025-12-25T20:34:36","slug":"tothfalusi-laszlo","status":"publish","type":"page","link":"https:\/\/semmelweis.hu\/gyogyszerhatastan\/munkatarsaink\/tothfalusi-laszlo\/","title":{"rendered":"T\u00f3thfalusi L\u00e1szl\u00f3"},"content":{"rendered":"<p>Dr. T\u00f3thfalusi L\u00e1szl\u00f3, PhD, az MTA doktora<br \/>\n egyetemi tan\u00e1r<\/p>\n<p>Iroda: 803<br \/>\n Tel.: +36 1 4591500\/56413<br \/>\n e-mail: <a href=\"mailto:tothfalusi.laszlo@pharma.semmelweis-univ.hu?subject=\u00dczenet a Semmelweis Egyetem honlapr\u00f3l\">tothfalusi.laszlo@pharma.semmelweis-univ.hu<\/a><\/p>\n<p>Publik\u00e1ci\u00f3k: <a href=\"https:\/\/www.ncbi.nlm.nih.gov\/pubmed?term=Tothfalusi%20L%5bAuthor%5d&amp;cauthor=true&amp;cauthor_uid=19817502\">PubMed<\/a>, <a href=\"https:\/\/vm.mtmt.hu\/search\/slist.php?nwi=1&amp;inited=1&amp;ty_on=1&amp;url_on=1&amp;cite_type=2&amp;orderby=3D1a&amp;location=mtmt&amp;stn=1&amp;AuthorID=10015597&amp;Scientific=1\">MTMT<\/a><\/p>\n","protected":false},"excerpt":{"rendered":"<p>Dr. T\u00f3thfalusi L\u00e1szl\u00f3, PhD, az MTA doktora<br \/>\n egyetemi tan\u00e1r<br \/>\nIroda: 803<br \/>\n Tel.: +36 1 4591500\/56413<br \/>\n e-mail: <a href=\"mailto:tothfalusi.laszlo@pharma.semmelweis-univ.hu?subject=\u00dczenet a Semmelweis Egyetem honlapr\u00f3l\">tothfalusi.laszlo@pharma.semmelweis-univ.hu<\/a><br \/>\nPublik\u00e1ci\u00f3k: <a href=\"https:\/\/www.ncbi.nlm.nih.gov\/pubmed?term=Tothfalusi%20L%5bAuthor%5d&amp;cauthor=true&amp;cauthor_uid=19817502\">PubMed<\/a>, <a href=\"https:\/\/vm.mtmt.hu\/search\/slist.php?nwi=1&amp;inited=1&amp;ty_on=1&amp;url_on=1&amp;cite_type=2&amp;orderby=3D1a&amp;location=mtmt&amp;stn=1&amp;AuthorID=10015597&amp;Scientific=1\">MTMT<\/a><\/p>\n","protected":false},"author":107,"featured_media":0,"parent":22,"menu_order":4,"comment_status":"open","ping_status":"open","template":"","meta":{"_acf_changed":false,"footnotes":""},"categories":[],"tags":[],"class_list":["post-62","page","type-page","status-publish","hentry"],"acf":[],"_links":{"self":[{"href":"https:\/\/semmelweis.hu\/gyogyszerhatastan\/wp-json\/wp\/v2\/pages\/62","targetHints":{"allow":["GET"]}}],"collection":[{"href":"https:\/\/semmelweis.hu\/gyogyszerhatastan\/wp-json\/wp\/v2\/pages"}],"about":[{"href":"https:\/\/semmelweis.hu\/gyogyszerhatastan\/wp-json\/wp\/v2\/types\/page"}],"author":[{"embeddable":true,"href":"https:\/\/semmelweis.hu\/gyogyszerhatastan\/wp-json\/wp\/v2\/users\/107"}],"replies":[{"embeddable":true,"href":"https:\/\/semmelweis.hu\/gyogyszerhatastan\/wp-json\/wp\/v2\/comments?post=62"}],"version-history":[{"count":7,"href":"https:\/\/semmelweis.hu\/gyogyszerhatastan\/wp-json\/wp\/v2\/pages\/62\/revisions"}],"predecessor-version":[{"id":3620,"href":"https:\/\/semmelweis.hu\/gyogyszerhatastan\/wp-json\/wp\/v2\/pages\/62\/revisions\/3620"}],"up":[{"embeddable":true,"href":"https:\/\/semmelweis.hu\/gyogyszerhatastan\/wp-json\/wp\/v2\/pages\/22"}],"wp:attachment":[{"href":"https:\/\/semmelweis.hu\/gyogyszerhatastan\/wp-json\/wp\/v2\/media?parent=62"}],"wp:term":[{"taxonomy":"category","embeddable":true,"href":"https:\/\/semmelweis.hu\/gyogyszerhatastan\/wp-json\/wp\/v2\/categories?post=62"},{"taxonomy":"post_tag","embeddable":true,"href":"https:\/\/semmelweis.hu\/gyogyszerhatastan\/wp-json\/wp\/v2\/tags?post=62"}],"curies":[{"name":"wp","href":"https:\/\/api.w.org\/{rel}","templated":true}]}}