{"id":6,"date":"2013-08-27T11:26:13","date_gmt":"2013-08-27T09:26:13","guid":{"rendered":"http:\/\/semmelweis-egyetem.hu\/gyogyszerhatastan\/?page_id=6"},"modified":"2023-02-01T22:17:09","modified_gmt":"2023-02-01T21:17:09","slug":"oktatas","status":"publish","type":"page","link":"https:\/\/semmelweis.hu\/gyogyszerhatastan\/oktatas\/","title":{"rendered":"Oktat\u00e1s"},"content":{"rendered":"<p>A Gy\u00f3gyszerhat\u00e1stani Int\u00e9zet t\u00f6bb t\u00e1rgy \u00e9s szakir\u00e1ny oktat\u00e1s\u00e1val vesz r\u00e9szt a gy\u00f3gyszer\u00e9szk\u00e9pz\u00e9sben. Egyes gradu\u00e1lis t\u00e1rgyakat m\u00e1s karok &#8211; ELTE TTK \u00e9s \u00c1OK &#8211; hallgat\u00f3i is felvehetnek.<\/p>\n<p align=\"left\">A gradu\u00e1lis gy\u00f3gyszer\u00e9szk\u00e9pz\u00e9s keret\u00e9ben jelenleg \u00f6t k\u00f6telez\u0151 tant\u00e1rgyat oktatunk:<br \/>\n<a href=\"https:\/\/semmelweis.hu\/gyogyszerhatastan\/oktatas\/gyogyszerhatastan-es-toxikologia\/\">Gy\u00f3gyszerhat\u00e1stan \u00e9s toxikol\u00f3gia<\/a><br \/>\n<a href=\"https:\/\/semmelweis.hu\/gyogyszerhatastan\/oktatas\/kortani-es-klinikai-alapismeretek\/\">K\u00f3rtani \u00e9s klinikai alapismeretek<\/a><br \/>\n<a href=\"https:\/\/semmelweis.hu\/gyogyszerhatastan\/oktatas\/gyogyszeres-terapia\/\">Gy\u00f3gyszeres ter\u00e1pia<\/a><br \/>\n<a href=\"https:\/\/semmelweis.hu\/gyogyszerhatastan\/oktatas\/matematika-gyogyszereszeknek\/\">Matematika gy\u00f3gyszer\u00e9szeknek<\/a><br \/>\n<a href=\"https:\/\/semmelweis.hu\/gyogyszerhatastan\/oktatas\/statisztika-gyogyszereszeknek\/\">Statisztika gy\u00f3gyszer\u00e9szeknek<\/a><\/p>\n<p>Emellett int\u00e9zet\u00fcnk programj\u00e1ban t\u00f6bb v\u00e1laszthat\u00f3 t\u00e1rgy is szerepel:<br \/>\n<a href=\"https:\/\/semmelweis.hu\/gyogyszerhatastan\/oktatas\/preklinikai-es-klinikai-neuropszichofarmakologia-es-pszichofarmakogenetika\/\">Preklinikai \u00e9s klinikai neuropszichofarmakol\u00f3gia \u00e9s pszichofarmakogenetika<\/a><br \/>\n<a href=\"https:\/\/semmelweis.hu\/gyogyszerhatastan\/a-tudomanyos-kutatas-elso-kezbol\/\">A tudom\u00e1nyos kutat\u00e1s els\u0151 k\u00e9zb\u0151l<\/a><br \/>\n<a href=\"https:\/\/semmelweis.hu\/gyogyszerhatastan\/bioanalitika\/\">Bioanalitikai vizsg\u00e1l\u00f3m\u00f3dszerek \u00e9s gyakorlati alkalmaz\u00e1suk a farmakol\u00f3gi\u00e1ban<\/a><br \/>\n<a href=\"https:\/\/semmelweis.hu\/gyogyszerhatastan\/oktatas\/bevezetes-a-python-programozasba\/\">Bevezet\u00e9s a Python programoz\u00e1sba &#8211; Alkalmaz\u00e1sok a g\u00e9pi tanul\u00e1sban \u00e9s a mesters\u00e9ges intelligenci\u00e1ban<\/a><\/p>\n<p>A t\u00e1rgyakhoz tartoz\u00f3 tant\u00e1rgyi adatlapok az \u00e1l\u00e1bbi <a href=\"https:\/\/semmelweis.hu\/gytk\/oktatas\/tantargyi-programok\/\">linken<\/a> \u00e9rhet\u0151ek el.\u00a0<\/p>\n<p>Az Int\u00e9zet t\u00e1rgyaival kapcsolatos OMVH int\u00e9zked\u00e9si tervek az <a href=\"https:\/\/semmelweis.hu\/gyogyszerhatastan\/oktatas\/omhv\/\">OMVH<\/a> oldalon \u00e9rhet\u0151ek el.\u00a0<\/p>\n<p>A gradu\u00e1lis k\u00e9pz\u00e9s mellett r\u00e9szt vesz\u00fcnk a posztrgradu\u00e1lis k\u00e9pz\u00e9sben is:<br \/>\n<a href=\"https:\/\/semmelweis.hu\/gyogyszerhatastan\/oktatas\/szakkepzes\/\">Gy\u00f3gyszerhat\u00e1stan szakir\u00e1ny\u00fa szakgy\u00f3gyszer\u00e9sz-k\u00e9pz\u00e9s<\/a><br \/>\n<a href=\"https:\/\/semmelweis.hu\/gyogyszerhatastan\/oktatas\/phd-kepzes\/\">PhD k\u00e9pz\u00e9s<\/a><\/p>\n","protected":false},"excerpt":{"rendered":"<p>A Gy\u00f3gyszerhat\u00e1stani Int\u00e9zet t\u00f6bb t\u00e1rgy \u00e9s szakir\u00e1ny oktat\u00e1s\u00e1val vesz r\u00e9szt a gy\u00f3gyszer\u00e9szk\u00e9pz\u00e9sben. Egyes gradu\u00e1lis t\u00e1rgyakat m\u00e1s karok &#8211; ELTE TTK \u00e9s \u00c1OK &#8211; hallgat\u00f3i is felvehetnek. A gradu\u00e1lis gy\u00f3gyszer\u00e9szk\u00e9pz\u00e9s keret\u00e9ben jelenleg \u00f6t k\u00f6telez\u0151 tant\u00e1rgyat oktatunk: <a href=\"https:\/\/semmelweis.hu\/gyogyszerhatastan\/oktatas\/gyogyszerhatastan-es-toxikologia\/\">Gy\u00f3gyszerhat\u00e1stan \u00e9s toxikol\u00f3gia<\/a> <a href=\"https:\/\/semmelweis.hu\/gyogyszerhatastan\/oktatas\/kortani-es-klinikai-alapismeretek\/\">K\u00f3rtani \u00e9s klinikai alapismeretek<\/a> <a href=\"https:\/\/semmelweis.hu\/gyogyszerhatastan\/oktatas\/gyogyszeres-terapia\/\">Gy\u00f3gyszeres ter\u00e1pia<\/a> <a href=\"https:\/\/semmelweis.hu\/gyogyszerhatastan\/oktatas\/matematika-gyogyszereszeknek\/\">Matematika gy\u00f3gyszer\u00e9szeknek<\/a> <a href=\"https:\/\/semmelweis.hu\/gyogyszerhatastan\/oktatas\/statisztika-gyogyszereszeknek\/\">Statisztika gy\u00f3gyszer\u00e9szeknek<\/a> Emellett int\u00e9zet\u00fcnk programj\u00e1ban t\u00f6bb v\u00e1laszthat\u00f3 t\u00e1rgy is szerepel: <a href=\"https:\/\/semmelweis.hu\/gyogyszerhatastan\/oktatas\/preklinikai-es-klinikai-neuropszichofarmakologia-es-pszichofarmakogenetika\/\">Preklinikai \u00e9s klinikai neuropszichofarmakol\u00f3gia \u00e9s pszichofarmakogenetika<\/a> <a href=\"https:\/\/semmelweis.hu\/gyogyszerhatastan\/a-tudomanyos-kutatas-elso-kezbol\/\">A tudom\u00e1nyos kutat\u00e1s els\u0151 k\u00e9zb\u0151l<\/a> <a href=\"https:\/\/semmelweis.hu\/gyogyszerhatastan\/bioanalitika\/\">Bioanalitikai vizsg\u00e1l\u00f3m\u00f3dszerek \u00e9s gyakorlati alkalmaz\u00e1suk a farmakol\u00f3gi\u00e1ban<\/a> <a href=\"https:\/\/semmelweis.hu\/gyogyszerhatastan\/oktatas\/bevezetes-a-python-programozasba\/\">Bevezet\u00e9s a Python programoz\u00e1sba &#8211; Alkalmaz\u00e1sok a g\u00e9pi tanul\u00e1sban \u00e9s a mesters\u00e9ges intelligenci\u00e1ban<\/a> A t\u00e1rgyakhoz tartoz\u00f3 tant\u00e1rgyi adatlapok az \u00e1l\u00e1bbi <a href=\"https:\/\/semmelweis.hu\/gytk\/oktatas\/tantargyi-programok\/\">linken<\/a> \u00e9rhet\u0151ek el.\u00a0 Az Int\u00e9zet t\u00e1rgyaival &hellip;<\/p>\n","protected":false},"author":8,"featured_media":0,"parent":0,"menu_order":1,"comment_status":"open","ping_status":"closed","template":"","meta":{"_acf_changed":false,"footnotes":""},"categories":[],"tags":[],"class_list":["post-6","page","type-page","status-publish","hentry"],"acf":[],"_links":{"self":[{"href":"https:\/\/semmelweis.hu\/gyogyszerhatastan\/wp-json\/wp\/v2\/pages\/6","targetHints":{"allow":["GET"]}}],"collection":[{"href":"https:\/\/semmelweis.hu\/gyogyszerhatastan\/wp-json\/wp\/v2\/pages"}],"about":[{"href":"https:\/\/semmelweis.hu\/gyogyszerhatastan\/wp-json\/wp\/v2\/types\/page"}],"author":[{"embeddable":true,"href":"https:\/\/semmelweis.hu\/gyogyszerhatastan\/wp-json\/wp\/v2\/users\/8"}],"replies":[{"embeddable":true,"href":"https:\/\/semmelweis.hu\/gyogyszerhatastan\/wp-json\/wp\/v2\/comments?post=6"}],"version-history":[{"count":10,"href":"https:\/\/semmelweis.hu\/gyogyszerhatastan\/wp-json\/wp\/v2\/pages\/6\/revisions"}],"predecessor-version":[{"id":3337,"href":"https:\/\/semmelweis.hu\/gyogyszerhatastan\/wp-json\/wp\/v2\/pages\/6\/revisions\/3337"}],"wp:attachment":[{"href":"https:\/\/semmelweis.hu\/gyogyszerhatastan\/wp-json\/wp\/v2\/media?parent=6"}],"wp:term":[{"taxonomy":"category","embeddable":true,"href":"https:\/\/semmelweis.hu\/gyogyszerhatastan\/wp-json\/wp\/v2\/categories?post=6"},{"taxonomy":"post_tag","embeddable":true,"href":"https:\/\/semmelweis.hu\/gyogyszerhatastan\/wp-json\/wp\/v2\/tags?post=6"}],"curies":[{"name":"wp","href":"https:\/\/api.w.org\/{rel}","templated":true}]}}