{"id":588,"date":"2013-08-28T20:02:51","date_gmt":"2013-08-28T18:00:06","guid":{"rendered":"http:\/\/semmelweis-egyetem.hu\/gyogyszerhatastan\/?page_id=588"},"modified":"2025-12-25T21:43:27","modified_gmt":"2025-12-25T20:43:27","slug":"eszlari-nora","status":"publish","type":"page","link":"https:\/\/semmelweis.hu\/gyogyszerhatastan\/munkatarsaink\/eszlari-nora\/","title":{"rendered":"Eszl\u00e1ri N\u00f3ra"},"content":{"rendered":"<p>Eszl\u00e1ri N\u00f3ra, PhD<br \/>\ntudom\u00e1nyos seg\u00e9dmunkat\u00e1rs<\/p>\n<p>Iroda: 1116<br \/>\nTel.: +36 1 4591500\/56153<br \/>\ne-mail: <a href=\"mailto:eszlari.nora@pharma.semmelweis-univ.hu?subject=\u00dczenet a Semmelweis Egyetem honlapr\u00f3l\">eszlari.nora@pharma.semmelweis-univ.hu<\/a><\/p>\n<p>Publik\u00e1ci\u00f3k: <a href=\"https:\/\/www.ncbi.nlm.nih.gov\/pubmed\/?term=Eszlari+N%5BAuthor%5D\">PubMed<\/a>,\u00a0<a href=\"https:\/\/vm.mtmt.hu\/search\/slist.php?nwi=1&amp;inited=1&amp;ty_on=1&amp;url_on=1&amp;cite_type=2&amp;orderby=3D1a&amp;location=mtmt&amp;stn=1&amp;AuthorID=10045710\">MTMT<\/a>,\u00a0<a href=\"https:\/\/www.researchgate.net\/profile\/Nora_Eszlari\">ResearchGate<\/a><\/p>\n","protected":false},"excerpt":{"rendered":"<p>Eszl\u00e1ri N\u00f3ra, PhD<br \/>\ntudom\u00e1nyos seg\u00e9dmunkat\u00e1rs<br \/>\nIroda: 1116<br \/>\nTel.: +36 1 4591500\/56153<br \/>\ne-mail: <a href=\"mailto:eszlari.nora@pharma.semmelweis-univ.hu?subject=\u00dczenet a Semmelweis Egyetem honlapr\u00f3l\">eszlari.nora@pharma.semmelweis-univ.hu<\/a><br \/>\nPublik\u00e1ci\u00f3k: <a href=\"https:\/\/www.ncbi.nlm.nih.gov\/pubmed\/?term=Eszlari+N%5BAuthor%5D\">PubMed<\/a>,\u00a0<a href=\"https:\/\/vm.mtmt.hu\/search\/slist.php?nwi=1&amp;inited=1&amp;ty_on=1&amp;url_on=1&amp;cite_type=2&amp;orderby=3D1a&amp;location=mtmt&amp;stn=1&amp;AuthorID=10045710\">MTMT<\/a>,\u00a0<a href=\"https:\/\/www.researchgate.net\/profile\/Nora_Eszlari\">ResearchGate<\/a><\/p>\n","protected":false},"author":107,"featured_media":0,"parent":22,"menu_order":19,"comment_status":"closed","ping_status":"closed","template":"","meta":{"_acf_changed":false,"footnotes":""},"categories":[],"tags":[],"class_list":["post-588","page","type-page","status-publish","hentry"],"acf":[],"_links":{"self":[{"href":"https:\/\/semmelweis.hu\/gyogyszerhatastan\/wp-json\/wp\/v2\/pages\/588","targetHints":{"allow":["GET"]}}],"collection":[{"href":"https:\/\/semmelweis.hu\/gyogyszerhatastan\/wp-json\/wp\/v2\/pages"}],"about":[{"href":"https:\/\/semmelweis.hu\/gyogyszerhatastan\/wp-json\/wp\/v2\/types\/page"}],"author":[{"embeddable":true,"href":"https:\/\/semmelweis.hu\/gyogyszerhatastan\/wp-json\/wp\/v2\/users\/107"}],"replies":[{"embeddable":true,"href":"https:\/\/semmelweis.hu\/gyogyszerhatastan\/wp-json\/wp\/v2\/comments?post=588"}],"version-history":[{"count":7,"href":"https:\/\/semmelweis.hu\/gyogyszerhatastan\/wp-json\/wp\/v2\/pages\/588\/revisions"}],"predecessor-version":[{"id":3627,"href":"https:\/\/semmelweis.hu\/gyogyszerhatastan\/wp-json\/wp\/v2\/pages\/588\/revisions\/3627"}],"up":[{"embeddable":true,"href":"https:\/\/semmelweis.hu\/gyogyszerhatastan\/wp-json\/wp\/v2\/pages\/22"}],"wp:attachment":[{"href":"https:\/\/semmelweis.hu\/gyogyszerhatastan\/wp-json\/wp\/v2\/media?parent=588"}],"wp:term":[{"taxonomy":"category","embeddable":true,"href":"https:\/\/semmelweis.hu\/gyogyszerhatastan\/wp-json\/wp\/v2\/categories?post=588"},{"taxonomy":"post_tag","embeddable":true,"href":"https:\/\/semmelweis.hu\/gyogyszerhatastan\/wp-json\/wp\/v2\/tags?post=588"}],"curies":[{"name":"wp","href":"https:\/\/api.w.org\/{rel}","templated":true}]}}