{"id":57,"date":"2014-06-21T12:57:33","date_gmt":"2012-08-25T10:32:56","guid":{"rendered":"http:\/\/semmelweis-egyetem.hu\/gyogyszerhatastan\/?page_id=57"},"modified":"2022-10-23T14:26:56","modified_gmt":"2022-10-23T12:26:56","slug":"tekes-kornelia","status":"publish","type":"page","link":"https:\/\/semmelweis.hu\/gyogyszerhatastan\/munkatarsaink\/tekes-kornelia\/","title":{"rendered":"Tekes Korn\u00e9lia"},"content":{"rendered":"<p>Dr. Tekes Korn\u00e9lia, az MTA doktora<br \/>\nprofessor emerita<\/p>\n<p>iroda: 812<br \/>\nTel.: +36-1-2104400, 56108<br \/>\ne-mail: <a href=\"mailto:drtekes@gmail.com?subject=\u00dczenet a Semmelweis Egyetem honlapr\u00f3l\">drtekes@gmail.com<\/a><\/p>\n<p>Publik\u00e1ci\u00f3k:<a href=\"https:\/\/www.ncbi.nlm.nih.gov\/pubmed?term=Tekes%20K[Author]&amp;cauthor=true&amp;cauthor_uid=24631794\"> PubMed<\/a>, <a href=\"https:\/\/vm.mtmt.hu\/\/search\/slist.php?nwi=1&amp;inited=1&amp;ty_on=1&amp;url_on=1&amp;cite_type=2&amp;orderby=3D1a&amp;location=mtmt&amp;stn=1&amp;AuthorID=10005093&amp;Scientific=1\">MTMT<\/a>,\u00a0<a href=\"https:\/\/www.researchgate.net\/profile\/Kornelia_Tekes2\">ResearchGate<\/a><\/p>\n\n<table id=\"tablepress-4\" class=\"tablepress tablepress-id-4 tbody-has-connected-cells\">\n<thead>\n<tr class=\"row-1\">\n\t<th colspan=\"3\" class=\"column-1\"><b>\u00c9letrajz:<\/b><\/th>\n<\/tr>\n<\/thead>\n<tbody class=\"row-striping\">\n<tr class=\"row-2\">\n\t<td colspan=\"3\" class=\"column-1\"><b>V\u00e9gzetts\u00e9g(ek):<\/b><\/td>\n<\/tr>\n<tr class=\"row-3\">\n\t<td class=\"column-1\">1974<\/td><td colspan=\"2\" class=\"column-2\">okleveles gy\u00f3gyszer\u00e9sz, Semmelweis Orvostudom\u00e1nyi Egyetem<\/td>\n<\/tr>\n<tr class=\"row-4\">\n\t<td colspan=\"3\" class=\"column-1\"><b>Tudom\u00e1nyos min\u00f5s\u00edt\u00e9s(ek):<\/b><\/td>\n<\/tr>\n<tr class=\"row-5\">\n\t<td class=\"column-1\">1996<\/td><td colspan=\"2\" class=\"column-2\">habilit\u00e1ci\u00f3 (pharm. habil), Semmelweis Orvostudom\u00e1nyi Egyetem<\/td>\n<\/tr>\n<tr class=\"row-6\">\n\t<td class=\"column-1\">1992<\/td><td colspan=\"2\" class=\"column-2\">\"Effective Management\" seminar, City University of Bellevue, Washington European Programs<\/td>\n<\/tr>\n<tr class=\"row-7\">\n\t<td class=\"column-1\">1990<\/td><td colspan=\"2\" class=\"column-2\">az orvostudom\u00e1ny kandid\u00e1tusa, Magyar Tudom\u00e1nyos Akad\u00e9mia<\/td>\n<\/tr>\n<tr class=\"row-8\">\n\t<td class=\"column-1\">1977<\/td><td colspan=\"2\" class=\"column-2\">gy\u00f3gyszer\u00e9sz doktori diploma, Semmelweis Orvostudom\u00e1nyi Egyetem<\/td>\n<\/tr>\n<tr class=\"row-9\">\n\t<td colspan=\"3\" class=\"column-1\"><b>Munkahely(ek):<\/b><\/td>\n<\/tr>\n<tr class=\"row-10\">\n\t<td class=\"column-1\">1974<\/td><td colspan=\"2\" class=\"column-2\">CHINOIN Gy\u00f3gyszergy\u00e1r, k\u00fcls\u0151 munkat\u00e1rs<\/td>\n<\/tr>\n<tr class=\"row-11\">\n\t<td class=\"column-1\">1974-1979<\/td><td colspan=\"2\" class=\"column-2\">SOTE Gy\u00f3gyszertani Int\u00e9zet, gy\u00f3gyszer\u00e9sz gyakornok<\/td>\n<\/tr>\n<tr class=\"row-12\">\n\t<td class=\"column-1\">1979-t\u0151l<\/td><td colspan=\"2\" class=\"column-2\">SOTE, majd SE Gy\u00f3gyszer\u00e9sztudom\u00e1nyi Kar Gy\u00f3gyszerhat\u00e1stani Int\u00e9zet<\/td>\n<\/tr>\n<tr class=\"row-13\">\n\t<td class=\"column-1\"><\/td><td class=\"column-2\">1980-1986<\/td><td class=\"column-3\">egyetemi tan\u00e1rseg\u00e9d<\/td>\n<\/tr>\n<tr class=\"row-14\">\n\t<td class=\"column-1\"><\/td><td class=\"column-2\">1986-1992<\/td><td class=\"column-3\">egyetemi adjunktus<\/td>\n<\/tr>\n<tr class=\"row-15\">\n\t<td class=\"column-1\"><\/td><td class=\"column-2\">1992-1999<\/td><td class=\"column-3\">egyetemi docens<\/td>\n<\/tr>\n<tr class=\"row-16\">\n\t<td class=\"column-1\"><\/td><td class=\"column-2\">1995-2000<\/td><td class=\"column-3\">d\u00e9k\u00e1nhelyettes<\/td>\n<\/tr>\n<tr class=\"row-17\">\n\t<td class=\"column-1\"><\/td><td class=\"column-2\">1999-t\u0151l<\/td><td class=\"column-3\">egyetemi tan\u00e1r<\/td>\n<\/tr>\n<tr class=\"row-18\">\n\t<td colspan=\"3\" class=\"column-1\"><b>Oktat\u00f3i tev\u00e9kenys\u00e9g(ek):<\/b><\/td>\n<\/tr>\n<tr class=\"row-19\">\n\t<td colspan=\"3\" class=\"column-1\"><i>Gradu\u00e1lis k\u00e9pz\u00e9s:<\/i><\/td>\n<\/tr>\n<tr class=\"row-20\">\n\t<td class=\"column-1\">1974-t\u0151l<\/td><td colspan=\"2\" class=\"column-2\">gy\u00f3gyszerhat\u00e1stan gyakorlatok vezet\u00e9se gy\u00f3gyszer\u00e9szhallgat\u00f3k r\u00e9sz\u00e9re<\/td>\n<\/tr>\n<tr class=\"row-21\">\n\t<td class=\"column-1\">1980-2000<\/td><td colspan=\"2\" class=\"column-2\">tantermi el\u0151ad\u00e1sok tart\u00e1sa magyar nyelven a <i>Gy\u00f3gyszerhat\u00e1stan \u00e9s toxikol\u00f3gia<\/i> tant\u00e1rgyb\u00f3l<\/td>\n<\/tr>\n<tr class=\"row-22\">\n\t<td class=\"column-1\">1991-2000<\/td><td colspan=\"2\" class=\"column-2\">tantermi el\u0151ad\u00e1sok tart\u00e1sa angol nyelven a <i>Gy\u00f3gyszerhat\u00e1stan \u00e9s toxikol\u00f3gia<\/i> tant\u00e1rgyb\u00f3l<\/td>\n<\/tr>\n<tr class=\"row-23\">\n\t<td class=\"column-1\">1998-2000<\/td><td colspan=\"2\" class=\"column-2\">tantermi el\u0151ad\u00e1sok tart\u00e1sa magyar \u00e9s angol nyelven a <i>Gy\u00f3gyszerter\u00e1pi\u00e1s alapismeretek<\/i> tant\u00e1rgy keret\u00e9n bel\u00fcl<\/td>\n<\/tr>\n<tr class=\"row-24\">\n\t<td class=\"column-1\">2000-t\u0151l<\/td><td colspan=\"2\" class=\"column-2\">a <i>K\u00f3rtani \u00e9s klinikai alapismeretek<\/i> c. k\u00f6telez\u0151 tant\u00e1rgy megb\u00edzott tant\u00e1rgyi el\u0151ad\u00f3ja magyar \u00e9s angol nyelven<\/td>\n<\/tr>\n<tr class=\"row-25\">\n\t<td class=\"column-1\">1981-t\u0151l<\/td><td colspan=\"2\" class=\"column-2\">\u00c1llamvizsga, majd Z\u00e1r\u00f3vizsga Bizotts\u00e1g tagja<\/td>\n<\/tr>\n<tr class=\"row-26\">\n\t<td class=\"column-1\">1986-t\u00f3l<\/td><td colspan=\"2\" class=\"column-2\">szakdolgozatok konzulense (\u00e9vente 4-5 szakdolgozat, magyar \u00e9s angol nyelven)<\/td>\n<\/tr>\n<tr class=\"row-27\">\n\t<td colspan=\"3\" class=\"column-1\"><i>Posztgradu\u00e1lis k\u00e9pz\u00e9s<\/i><\/td>\n<\/tr>\n<tr class=\"row-28\">\n\t<td class=\"column-1\">1981-t\u0151l<\/td><td colspan=\"2\" class=\"column-2\">szakgy\u00f3gyszer\u00e9szk\u00e9pz\u00e9s keret\u00e9n bel\u00fcl el\u0151ad\u00e1sok tart\u00e1sa<\/td>\n<\/tr>\n<tr class=\"row-29\">\n\t<td class=\"column-1\">1992-2000<\/td><td colspan=\"2\" class=\"column-2\">PhD kurzus vezet\u0151je a 11. sz PhD program keret\u00e9ben<\/td>\n<\/tr>\n<tr class=\"row-30\">\n\t<td class=\"column-1\">1997-2000<\/td><td colspan=\"2\" class=\"column-2\">a <i>Gasztroenterologia<\/i> PhD program keret\u00e9ben alt\u00e9ma-vezet\u0151<\/td>\n<\/tr>\n<tr class=\"row-31\">\n\t<td class=\"column-1\">1997-2000<\/td><td colspan=\"2\" class=\"column-2\">az <i>Experiment\u00e1lis \u00e9s klinikai farmakol\u00f3gia<\/i> PhD program keret\u00e9ben alprogram-vezet\u0151<\/td>\n<\/tr>\n<tr class=\"row-32\">\n\t<td class=\"column-1\">1998-2000<\/td><td colspan=\"2\" class=\"column-2\">PhD kurzus koordin\u00e1tora az <i>Experiment\u00e1lis \u00e9s klinikai farmakol\u00f3gia<\/i> program keret\u00e9ben<\/td>\n<\/tr>\n<tr class=\"row-33\">\n\t<td class=\"column-1\">2000-t\u0151l<\/td><td colspan=\"2\" class=\"column-2\">a <i>Gy\u00f3gyszertudom\u00e1nyok Doktori Iskola<\/i> keret\u00e9ben alprogramvezet\u0151<\/td>\n<\/tr>\n<tr class=\"row-34\">\n\t<td class=\"column-1\">2005-t\u0151l<\/td><td colspan=\"2\" class=\"column-2\">a <i>Farmakodin\u00e1mia I.<\/i> \u00e9s <i>II.<\/i> PhD kurzus vezet\u0151je \u00e9s el\u0151ad\u00f3ja<\/td>\n<\/tr>\n<tr class=\"row-35\">\n\t<td class=\"column-1\">2009-2010<\/td><td colspan=\"2\" class=\"column-2\">a <i>Bevezet\u00e9s az orvosi toxikol\u00f3gi\u00e1ba I.<\/i> \u00e9s <i>II.<\/i> PhD kurzus vezet\u0151je \u00e9s el\u0151ad\u00f3ja<\/td>\n<\/tr>\n<tr class=\"row-36\">\n\t<td class=\"column-1\">2010-2011<\/td><td colspan=\"2\" class=\"column-2\">a <i>Basic medical toxicology I.<\/i> \u00e9s <i>II.<\/i> PhD kurzus vezet\u0151je \u00e9s el\u0151ad\u00f3ja<\/td>\n<\/tr>\n<tr class=\"row-37\">\n\t<td colspan=\"3\" class=\"column-1\"><b>Tudom\u00e1nyos \u00e9rdekl\u0151d\u00e9s:<\/b><\/td>\n<\/tr>\n<tr class=\"row-38\">\n\t<td colspan=\"3\" class=\"column-1\">A nociceptin rendszer farmakol\u00f3gi\u00e1ja, kapcsolata a biog\u00e9namin rendszerrel<\/td>\n<\/tr>\n<tr class=\"row-39\">\n\t<td colspan=\"3\" class=\"column-1\">A szerotonerg \u00e9s a hisztaminerg neurotranszmisszi\u00f3 szab\u00e1lyoz\u00e1sa a k\u00f6zponti idegrendszerben<\/td>\n<\/tr>\n<tr class=\"row-40\">\n\t<td colspan=\"3\" class=\"column-1\">A kr\u00f3nikus diabetes k\u00eds\u00e9rletes modelljei<\/td>\n<\/tr>\n<tr class=\"row-41\">\n\t<td colspan=\"3\" class=\"column-1\">A farmakol\u00f3gia-oktat\u00e1s m\u00f3dszertana<\/td>\n<\/tr>\n<tr class=\"row-42\">\n\t<td colspan=\"3\" class=\"column-1\">Klinikai farmakol\u00f3gia<\/td>\n<\/tr>\n<tr class=\"row-43\">\n\t<td colspan=\"3\" class=\"column-1\"><b>Egyetemi tiszts\u00e9g(ek):<\/b><\/td>\n<\/tr>\n<tr class=\"row-44\">\n\t<td class=\"column-1\">1994-1999<\/td><td colspan=\"2\" class=\"column-2\">SOTE Egyetemi Tan\u00e1cs tagja<\/td>\n<\/tr>\n<tr class=\"row-45\">\n\t<td class=\"column-1\">1994-1999<\/td><td colspan=\"2\" class=\"column-2\">SOTE Oktat\u00e1si Bizotts\u00e1g tagja<\/td>\n<\/tr>\n<tr class=\"row-46\">\n\t<td class=\"column-1\">1994-2000<\/td><td colspan=\"2\" class=\"column-2\">SOTE Gy\u00f3gyszer\u00e9sztudom\u00e1nyi Kar oktat\u00e1si d\u00e9k\u00e1nhelyettese<\/td>\n<\/tr>\n<tr class=\"row-47\">\n\t<td class=\"column-1\">1994-2000<\/td><td colspan=\"2\" class=\"column-2\">SOTE Gy\u00f3gyszer\u00e9sztudom\u00e1nyi Kar Posztgradu\u00e1lis Bizotts\u00e1g eln\u00f6ke<\/td>\n<\/tr>\n<tr class=\"row-48\">\n\t<td class=\"column-1\">1997-1999<\/td><td colspan=\"2\" class=\"column-2\">ETT Fels\u0151oktat\u00e1si Bizotts\u00e1g tagja<\/td>\n<\/tr>\n<tr class=\"row-49\">\n\t<td class=\"column-1\">1999-2000<\/td><td colspan=\"2\" class=\"column-2\">Semmelweis Egyetem Ideiglenes Int\u00e9zm\u00e9nyi Tan\u00e1cs tagja<\/td>\n<\/tr>\n<tr class=\"row-50\">\n\t<td class=\"column-1\">2001-2008<\/td><td colspan=\"2\" class=\"column-2\">Semmelweis Egyetem Kredit Tan\u00e1cs tagja<\/td>\n<\/tr>\n<tr class=\"row-51\">\n\t<td class=\"column-1\">2002-2008<\/td><td colspan=\"2\" class=\"column-2\">Semmelweis Egyetem Etikai Test\u00fclet tagja<\/td>\n<\/tr>\n<tr class=\"row-52\">\n\t<td class=\"column-1\">2000-2008<\/td><td colspan=\"2\" class=\"column-2\">EFSZSZBT farmakol\u00f3gia szak\u00e1g tagja<\/td>\n<\/tr>\n<tr class=\"row-53\">\n\t<td class=\"column-1\">2001-2008<\/td><td colspan=\"2\" class=\"column-2\">Semmelweis Egyetem Gy\u00f3gyszer\u00e9sztudom\u00e1nyi Kar Posztgradu\u00e1lis Bizotts\u00e1g eln\u00f6ke<\/td>\n<\/tr>\n<tr class=\"row-54\">\n\t<td class=\"column-1\">2001-2008<\/td><td colspan=\"2\" class=\"column-2\">Semmelweis Egyetem Egyetemi Tan\u00e1cs tagja<\/td>\n<\/tr>\n<tr class=\"row-55\">\n\t<td class=\"column-1\">2001-2006<\/td><td colspan=\"2\" class=\"column-2\">Semmelweis Egyetem Gy\u00f3gyszer\u00e9sztudom\u00e1nyi Kar Kari Tan\u00e1cs tagja<\/td>\n<\/tr>\n<tr class=\"row-56\">\n\t<td class=\"column-1\">2010-t\u0151l<\/td><td colspan=\"2\" class=\"column-2\">Semmelweis Egyetem \u00c1llatk\u00eds\u00e9rleti Bizotts\u00e1g tagja<\/td>\n<\/tr>\n<tr class=\"row-57\">\n\t<td colspan=\"3\" class=\"column-1\"><b>K\u00f6z\u00e9leti tiszts\u00e9g(ek):<\/b><\/td>\n<\/tr>\n<tr class=\"row-58\">\n\t<td colspan=\"3\" class=\"column-1\"><i>Magyar K\u00eds\u00e9rletes \u00e9s Klinikai  Farmakol\u00f3giai T\u00e1rsas\u00e1g (MFT)<\/i><\/td>\n<\/tr>\n<tr class=\"row-59\">\n\t<td class=\"column-1\"><\/td><td class=\"column-2\">1994-1999<\/td><td class=\"column-3\">Farmako-Biok\u00e9miai Szekci\u00f3 titk\u00e1ra<\/td>\n<\/tr>\n<tr class=\"row-60\">\n\t<td class=\"column-1\"><\/td><td class=\"column-2\">1994-t\u0151l<\/td><td class=\"column-3\">vezet\u0151s\u00e9gi tag<\/td>\n<\/tr>\n<tr class=\"row-61\">\n\t<td class=\"column-1\"><\/td><td class=\"column-2\">1999-t\u0151l<\/td><td class=\"column-3\">f\u0151titk\u00e1r<\/td>\n<\/tr>\n<tr class=\"row-62\">\n\t<td colspan=\"3\" class=\"column-1\">Magyar Psychopharmakol\u00f3giai Egyes\u00fclet, az \u0084advisory board\u0094 tagja<\/td>\n<\/tr>\n<tr class=\"row-63\">\n\t<td colspan=\"3\" class=\"column-1\"><i>Magyar Gy\u00f3gyszer\u00e9szeti T\u00e1rsas\u00e1g (MGYT)<\/i><\/td>\n<\/tr>\n<tr class=\"row-64\">\n\t<td class=\"column-1\"><\/td><td class=\"column-2\">1994-2001<\/td><td class=\"column-3\">a Gy\u00f3gyszerkutat\u00e1si Szekci\u00f3 titk\u00e1ra<\/td>\n<\/tr>\n<tr class=\"row-65\">\n\t<td class=\"column-1\"><\/td><td class=\"column-2\">2001-t\u0151l<\/td><td class=\"column-3\">vezet\u0151s\u00e9gi tag<\/td>\n<\/tr>\n<tr class=\"row-66\">\n\t<td class=\"column-1\"><\/td><td class=\"column-2\">2008-2012<\/td><td class=\"column-3\">az Oktat\u00e1si Szakoszt\u00e1ly eln\u00f6ke<\/td>\n<\/tr>\n<tr class=\"row-67\">\n\t<td colspan=\"3\" class=\"column-1\"><i>Aesculap Alap\u00edtv\u00e1ny<\/i><\/td>\n<\/tr>\n<tr class=\"row-68\">\n\t<td class=\"column-1\"><\/td><td class=\"column-2\">1998-t\u00f3l<\/td><td class=\"column-3\">a kurat\u00f3rium\u00e1nak tagja<\/td>\n<\/tr>\n<tr class=\"row-69\">\n\t<td class=\"column-1\"><\/td><td class=\"column-2\">2008-t\u00f3l<\/td><td class=\"column-3\">a kurat\u00f3rium eln\u00f6ke<\/td>\n<\/tr>\n<tr class=\"row-70\">\n\t<td class=\"column-1\">1996-2001<\/td><td colspan=\"2\" class=\"column-2\">A N\u00e9pj\u00f3l\u00e9ti Miniszt\u00e9rium szak\u00e9rt\u0151je \u0084farmakol\u00f3gia\u0094 szakter\u00fcleten<\/td>\n<\/tr>\n<tr class=\"row-71\">\n\t<td colspan=\"3\" class=\"column-1\">Az MTA K\u00f6ztest\u00fclet tagja<\/td>\n<\/tr>\n<tr class=\"row-72\">\n\t<td colspan=\"3\" class=\"column-1\">Az MTA Gy\u00f3gyszer\u00e9sztudom\u00e1nyi Oszt\u00e1lyk\u00f6zi \u00c1lland\u00f3 Bizotts\u00e1g tagja<\/td>\n<\/tr>\n<tr class=\"row-73\">\n\t<td colspan=\"3\" class=\"column-1\"><b>Kit\u00fcntet\u00e9s(ek):<\/b><\/td>\n<\/tr>\n<tr class=\"row-74\">\n\t<td class=\"column-1\">1972<\/td><td colspan=\"2\" class=\"column-2\">Rektori p\u00e1lyad\u00edj I. helyez\u00e9s (szerves k\u00e9mia)<\/td>\n<\/tr>\n<tr class=\"row-75\">\n\t<td class=\"column-1\">1974<\/td><td colspan=\"2\" class=\"column-2\">Rektori p\u00e1lyad\u00edj II. helyez\u00e9s (gy\u00f3gyn\u00f6v\u00e9ny \u00e9s drogismeret)<\/td>\n<\/tr>\n<tr class=\"row-76\">\n\t<td class=\"column-1\">1982<\/td><td colspan=\"2\" class=\"column-2\">\"Kiv\u00e1l\u00f3 munk\u00e1\u00e9rt\u0094 (SOTE KISZ Bizotts\u00e1g)<\/td>\n<\/tr>\n<tr class=\"row-77\">\n\t<td class=\"column-1\">1986<\/td><td colspan=\"2\" class=\"column-2\">\"Kiv\u00e1l\u00f3 munk\u00e1\u00e9rt\u0094 (Minisztertan\u00e1cs)<\/td>\n<\/tr>\n<tr class=\"row-78\">\n\t<td class=\"column-1\">1990<\/td><td colspan=\"2\" class=\"column-2\">dr. Mozsonyi S\u00e1ndor Alap\u00edtv\u00e1ny Oktat\u00f3i d\u00edja<\/td>\n<\/tr>\n<tr class=\"row-79\">\n\t<td class=\"column-1\">1993<\/td><td colspan=\"2\" class=\"column-2\">\u0084Schulek Elem\u00e9r Eml\u00e9k\u00e9rem\u0094 (MGYT)<\/td>\n<\/tr>\n<tr class=\"row-80\">\n\t<td class=\"column-1\">1993<\/td><td colspan=\"2\" class=\"column-2\">\"Kiv\u00e1l\u00f3 munk\u00e1\u00e9rt\" (SOTE)<\/td>\n<\/tr>\n<tr class=\"row-81\">\n\t<td class=\"column-1\">1999<\/td><td colspan=\"2\" class=\"column-2\">\u0084Kiv\u00e1l\u00f3 Oktat\u00f3\u0094 (SOTE)<\/td>\n<\/tr>\n<tr class=\"row-82\">\n\t<td class=\"column-1\">1999<\/td><td colspan=\"2\" class=\"column-2\">Rektori Dics\u00e9ret (SOTE)<\/td>\n<\/tr>\n<tr class=\"row-83\">\n\t<td class=\"column-1\">2008<\/td><td colspan=\"2\" class=\"column-2\">\u0084Kiv\u00e1l\u00f3 Tudom\u00e1nyos Di\u00e1kk\u00f6ri Nevel\u0151\u0094 (SE TDT)<\/td>\n<\/tr>\n<tr class=\"row-84\">\n\t<td class=\"column-1\">2008<\/td><td colspan=\"2\" class=\"column-2\">Az eg\u00e9szs\u00e9g\u00fcgyi miniszter elismer\u0151 oklevele<\/td>\n<\/tr>\n<\/tbody>\n<\/table>\n<!-- #tablepress-4 from cache -->\n","protected":false},"excerpt":{"rendered":"<p>Dr. Tekes Korn\u00e9lia, az MTA doktora<br \/>\nprofessor emerita<br \/>\niroda: 812<br \/>\nTel.: +36-1-2104400, 56108<br \/>\ne-mail: <a href=\"mailto:drtekes@gmail.com?subject=\u00dczenet a Semmelweis Egyetem honlapr\u00f3l\">drtekes@gmail.com<\/a><br \/>\nPublik\u00e1ci\u00f3k:<a href=\"https:\/\/www.ncbi.nlm.nih.gov\/pubmed?term=Tekes%20K[Author]&amp;cauthor=true&amp;cauthor_uid=24631794\"> PubMed<\/a>, <a href=\"https:\/\/vm.mtmt.hu\/\/search\/slist.php?nwi=1&amp;inited=1&amp;ty_on=1&amp;url_on=1&amp;cite_type=2&amp;orderby=3D1a&amp;location=mtmt&amp;stn=1&amp;AuthorID=10005093&amp;Scientific=1\">MTMT<\/a>,\u00a0<a href=\"https:\/\/www.researchgate.net\/profile\/Kornelia_Tekes2\">ResearchGate<\/a><\/p>\n","protected":false},"author":107,"featured_media":0,"parent":22,"menu_order":5,"comment_status":"closed","ping_status":"closed","template":"","meta":{"_acf_changed":false,"footnotes":""},"categories":[],"tags":[],"class_list":["post-57","page","type-page","status-publish","hentry"],"acf":[],"_links":{"self":[{"href":"https:\/\/semmelweis.hu\/gyogyszerhatastan\/wp-json\/wp\/v2\/pages\/57","targetHints":{"allow":["GET"]}}],"collection":[{"href":"https:\/\/semmelweis.hu\/gyogyszerhatastan\/wp-json\/wp\/v2\/pages"}],"about":[{"href":"https:\/\/semmelweis.hu\/gyogyszerhatastan\/wp-json\/wp\/v2\/types\/page"}],"author":[{"embeddable":true,"href":"https:\/\/semmelweis.hu\/gyogyszerhatastan\/wp-json\/wp\/v2\/users\/107"}],"replies":[{"embeddable":true,"href":"https:\/\/semmelweis.hu\/gyogyszerhatastan\/wp-json\/wp\/v2\/comments?post=57"}],"version-history":[{"count":10,"href":"https:\/\/semmelweis.hu\/gyogyszerhatastan\/wp-json\/wp\/v2\/pages\/57\/revisions"}],"predecessor-version":[{"id":3020,"href":"https:\/\/semmelweis.hu\/gyogyszerhatastan\/wp-json\/wp\/v2\/pages\/57\/revisions\/3020"}],"up":[{"embeddable":true,"href":"https:\/\/semmelweis.hu\/gyogyszerhatastan\/wp-json\/wp\/v2\/pages\/22"}],"wp:attachment":[{"href":"https:\/\/semmelweis.hu\/gyogyszerhatastan\/wp-json\/wp\/v2\/media?parent=57"}],"wp:term":[{"taxonomy":"category","embeddable":true,"href":"https:\/\/semmelweis.hu\/gyogyszerhatastan\/wp-json\/wp\/v2\/categories?post=57"},{"taxonomy":"post_tag","embeddable":true,"href":"https:\/\/semmelweis.hu\/gyogyszerhatastan\/wp-json\/wp\/v2\/tags?post=57"}],"curies":[{"name":"wp","href":"https:\/\/api.w.org\/{rel}","templated":true}]}}