{"id":41,"date":"2012-06-25T11:31:42","date_gmt":"2012-06-25T09:31:42","guid":{"rendered":"http:\/\/semmelweis-egyetem.hu\/gyogyszerhatastan\/?page_id=41"},"modified":"2025-01-26T18:56:08","modified_gmt":"2025-01-26T17:56:08","slug":"preklinikai-es-klinikai-neuropszichofarmakologia-es-pszichofarmakogenetika","status":"publish","type":"page","link":"https:\/\/semmelweis.hu\/gyogyszerhatastan\/oktatas\/preklinikai-es-klinikai-neuropszichofarmakologia-es-pszichofarmakogenetika\/","title":{"rendered":"Preklinikai \u00e9s klinikai neuropszichofarmakol\u00f3gia \u00e9s pszichofarmakogenetika"},"content":{"rendered":"<p>A tanfolyam olyan hallgat\u00f3knak (orvosoknak, gy\u00f3gyszer\u00e9szeknek, biol\u00f3gusoknak, pszichol\u00f3gusoknak) sz\u00f3l, akik a neuropszichofarmakol\u00f3gia tudom\u00e1nyter\u00fclet\u00e9r\u0151l, illetve a magatart\u00e1s \u00e9s a k\u00e9miai inger\u00fclet\u00e1tvitel kapcsolat\u00e1r\u00f3l szeretn\u00e9nek k\u00e9pet kapni. A kurzus a farmakogenetika alapjaival, illetve a pszichofarmakogenetika n\u00e9h\u00e1ny konkr\u00e9t, gyakorlati jelent\u0151s\u00e9ggel b\u00edr\u00f3 k\u00e9rd\u00e9s\u00e9vel kiemelten foglalkozik. A hum\u00e1n, klinikai vonatkoz\u00e1sok k\u00fcl\u00f6n hangs\u00falyt kapnak, \u00edgy a fontosabb pszichi\u00e1triai megbeteged\u00e9sek, zavarok \u00e1llatk\u00eds\u00e9rletes modellezhet\u0151s\u00e9g\u00e9nek k\u00e9rd\u00e9sei, az \u00e9rdekl\u0151d\u00e9s k\u00f6zpontj\u00e1ban \u00e1ll\u00f3 receptorok, \u00e9lettani szab\u00e1lyoz\u00f3 mechanizmusok egyar\u00e1nt ter\u00edt\u00e9kre ker\u00fclnek. A genetikailag m\u00f3dos\u00edtott egereken v\u00e9gzett magatart\u00e1svizsg\u00e1latok t\u00e9mak\u00f6re, gyakorlati tudnival\u00f3i, speci\u00e1lis k\u00e9rd\u00e9sei szint\u00e9n elhangzanak. Els\u0151sorban a pszicho- \u00e9s neurofarmakol\u00f3gia, magatart\u00e1studom\u00e1ny, pszichi\u00e1tria, neurol\u00f3gia, illetve az ezekkel kapcsolatos g\u00e9nek funkci\u00f3i ir\u00e1nt \u00e9rdekl\u0151d\u0151, valamint az ezeken a ter\u00fcleteken tudom\u00e1nyos di\u00e1kk\u00f6ri tev\u00e9kenys\u00e9get v\u00e9gz\u0151 vagy azt tervez\u0151 hallgat\u00f3k jelentkez\u00e9s\u00e9t v\u00e1rjuk.<br \/>\nA t\u00e1rgy felel\u0151se: Dr. Bagdy Gy\u00f6rgy, egyetemi tan\u00e1r<br \/>\nTanulm\u00e1nyi felel\u0151s: Dr. Gecse Kinga<\/p>\n<p><b>GYIK:<\/b><br \/>\n<i>Katal\u00f3gus:<\/i> A d\u00e9lel\u0151tti \u00e9s a d\u00e9lut\u00e1ni szekci\u00f3k v\u00e9g\u00e9n<br \/>\n<i>Hi\u00e1nyz\u00e1s:<\/i> Egy alkalommal lehet hi\u00e1nyozni, vagyis maximum egy szekci\u00f3r\u00f3l<br \/>\nAz el\u0151ad\u00e1sok r\u00f6vid\u00edtett verzi\u00f3it el\u00e9rhet\u0151v\u00e9 tessz\u00fck a hallgat\u00f3k sz\u00e1m\u00e1ra<br \/>\n<i>Vizsga:<\/i><br \/>\n&#8211; \u00cdr\u00e1sbeli teszt<br \/>\n&#8211; Jav\u00edt\u00e1si sz\u00e1nd\u00e9k jelz\u00e9se eset\u00e9n sz\u00f3ban jav\u00edthatnak<\/p>\n<p align=\"right\">\u00a0<\/p>\n<p>&nbsp;<\/p>\n","protected":false},"excerpt":{"rendered":"<p>A tanfolyam olyan hallgat\u00f3knak (orvosoknak, gy\u00f3gyszer\u00e9szeknek, biol\u00f3gusoknak, pszichol\u00f3gusoknak) sz\u00f3l, akik a neuropszichofarmakol\u00f3gia tudom\u00e1nyter\u00fclet\u00e9r\u0151l, illetve a magatart\u00e1s \u00e9s a k\u00e9miai inger\u00fclet\u00e1tvitel kapcsolat\u00e1r\u00f3l szeretn\u00e9nek k\u00e9pet kapni. A kurzus a farmakogenetika alapjaival, illetve a pszichofarmakogenetika n\u00e9h\u00e1ny konkr\u00e9t, gyakorlati jelent\u0151s\u00e9ggel b\u00edr\u00f3 k\u00e9rd\u00e9s\u00e9vel kiemelten foglalkozik. A hum\u00e1n, klinikai vonatkoz\u00e1sok k\u00fcl\u00f6n hangs\u00falyt kapnak, \u00edgy a fontosabb pszichi\u00e1triai megbeteged\u00e9sek, zavarok \u00e1llatk\u00eds\u00e9rletes modellezhet\u0151s\u00e9g\u00e9nek &hellip;<\/p>\n","protected":false},"author":107,"featured_media":0,"parent":6,"menu_order":7,"comment_status":"open","ping_status":"open","template":"","meta":{"_acf_changed":false,"footnotes":""},"categories":[],"tags":[],"class_list":["post-41","page","type-page","status-publish","hentry"],"acf":[],"_links":{"self":[{"href":"https:\/\/semmelweis.hu\/gyogyszerhatastan\/wp-json\/wp\/v2\/pages\/41","targetHints":{"allow":["GET"]}}],"collection":[{"href":"https:\/\/semmelweis.hu\/gyogyszerhatastan\/wp-json\/wp\/v2\/pages"}],"about":[{"href":"https:\/\/semmelweis.hu\/gyogyszerhatastan\/wp-json\/wp\/v2\/types\/page"}],"author":[{"embeddable":true,"href":"https:\/\/semmelweis.hu\/gyogyszerhatastan\/wp-json\/wp\/v2\/users\/107"}],"replies":[{"embeddable":true,"href":"https:\/\/semmelweis.hu\/gyogyszerhatastan\/wp-json\/wp\/v2\/comments?post=41"}],"version-history":[{"count":10,"href":"https:\/\/semmelweis.hu\/gyogyszerhatastan\/wp-json\/wp\/v2\/pages\/41\/revisions"}],"predecessor-version":[{"id":3559,"href":"https:\/\/semmelweis.hu\/gyogyszerhatastan\/wp-json\/wp\/v2\/pages\/41\/revisions\/3559"}],"up":[{"embeddable":true,"href":"https:\/\/semmelweis.hu\/gyogyszerhatastan\/wp-json\/wp\/v2\/pages\/6"}],"wp:attachment":[{"href":"https:\/\/semmelweis.hu\/gyogyszerhatastan\/wp-json\/wp\/v2\/media?parent=41"}],"wp:term":[{"taxonomy":"category","embeddable":true,"href":"https:\/\/semmelweis.hu\/gyogyszerhatastan\/wp-json\/wp\/v2\/categories?post=41"},{"taxonomy":"post_tag","embeddable":true,"href":"https:\/\/semmelweis.hu\/gyogyszerhatastan\/wp-json\/wp\/v2\/tags?post=41"}],"curies":[{"name":"wp","href":"https:\/\/api.w.org\/{rel}","templated":true}]}}