{"id":3490,"date":"2023-08-03T18:34:27","date_gmt":"2023-08-03T16:34:27","guid":{"rendered":"https:\/\/semmelweis.hu\/gyogyszerhatastan\/?page_id=3490"},"modified":"2023-10-13T13:59:56","modified_gmt":"2023-10-13T11:59:56","slug":"otka","status":"publish","type":"page","link":"https:\/\/semmelweis.hu\/gyogyszerhatastan\/kutatas-fejlesztes\/otka\/","title":{"rendered":"OTKA"},"content":{"rendered":"<div><b>Kutat\u00f3csoport neve<\/b>: NAP3.0-SE Neuropszichofarmakol\u00f3giai Kutat\u00f3csoport<\/div>\n<div>\n<div>\u00a0<\/div>\n<div><b>P\u00e1ly\u00e1zat c\u00edme<\/b>: A pozit\u00edv \u00e9s negat\u00edv k\u00f6rnyezeti hat\u00e1sokra val\u00f3 \u00e9rz\u00e9kenys\u00e9g genetikai \u00e9s agyi \u00f6sszetev\u0151i: \u00faj markerek stresszkezel\u00e9si intervenci\u00f3 sikeress\u00e9g\u00e9nek el\u0151rejelz\u00e9s\u00e9re<\/div>\n<div>\u00a0<\/div>\n<div><b>ETT-TUKEB enged\u00e9ly<\/b>:\u00a0 14238-6\/2023\/E\u00dcIG<\/div>\n<div>\u00a0<\/div>\n<div><b>Vezet\u0151<\/b>:<\/div>\n<div>Dr. Juh\u00e1sz Gabriella, PhD, egyetemi docens<\/div>\n<div>E-mail: <a href=\"mailto:agykutatas.gyhi@semmelweis.hu\" target=\"_blank\" rel=\"noopener\">agykutatas.gyhi@semmelweis.hu<\/a><\/div>\n<div>Tel: +36 1 459 1500<\/div>\n<div>Int\u00e9zet: Gy\u00f3gyszerhat\u00e1stani Int\u00e9zet<\/div>\n<div>\u00a0<\/div>\n<p><b>A megval\u00f3s\u00edt\u00e1s helysz\u00edne<\/b>: Semmelweis Egyetem, 1089 Budapest Nagyv\u00e1rad t\u00e9r 4.<\/div>\n<div>\u00a0<\/div>\n<div><strong>Kivitelez\u00e9s ideje<\/strong>: 2023.szeptember 1. &#8211;\u00a0 2026. okt\u00f3ber 31.<\/div>\n<div>\u00a0<\/div>\n<div><strong>A projekt r\u00f6vid tartalmi \u00f6sszefoglal\u00f3ja<\/strong>:<\/div>\n<div>A k\u00f6rnyezeti kih\u00edv\u00e1sokra adott megfelel\u0151 v\u00e1lasz kulcsfontoss\u00e1g\u00fa a sikeres alkalmazkod\u00e1s, valamint a lelki \u00e9s testi betegs\u00e9gek elker\u00fcl\u00e9se szempontj\u00e1b\u00f3l. Ez a reakci\u00f3 a negat\u00edv \u00e9s pozit\u00edv k\u00f6rnyezeti hat\u00e1sokra val\u00f3 \u00e9rz\u00e9kenys\u00e9gen alapul, aminek az alaposabb vizsg\u00e1lata eddig elmaradt. Ez\u00e9rt a Nemzeti Kutat\u00e1si, Fejleszt\u00e9si \u00e9s Innov\u00e1ci\u00f3s Hivatal, a Nemzeti Agykutat\u00e1si Program 3.0, valamint az Innov\u00e1ci\u00f3s \u00e9s Technol\u00f3giai Miniszt\u00e9rium a Nemzeti Kutat\u00e1si, Fejleszt\u00e9si \u00e9s Innov\u00e1ci\u00f3s Alapb\u00f3l ny\u00fajtott t\u00e1mogat\u00e1s\u00e1val megval\u00f3sul\u00f3 projekt c\u00e9lja egy, a k\u00f6rnyezeti hat\u00e1sokra val\u00f3 \u00e9rz\u00e9kenys\u00e9g m\u00e9r\u00e9s\u00e9re alkalmas \u00faj m\u00f3dszer kidolgoz\u00e1sa. \u00a0<\/div>\n<div>\u00a0<\/div>\n<h4 style=\"color: red\">\u00a0A jelentkez\u00e9s folyamatos!<\/h4>\n<div>\u00a0<\/div>\n<p><a href=\"https:\/\/semmelweis.hu\/gyogyszerhatastan\/files\/2023\/09\/OTKA_Toborzo-1-scaled.jpg\"><img loading=\"lazy\" decoding=\"async\" class=\"alignnone size-medium wp-image-3499\" src=\"https:\/\/semmelweis.hu\/gyogyszerhatastan\/files\/2023\/09\/OTKA_Toborzo-1-225x300.jpg\" alt=\"\" width=\"225\" height=\"300\" srcset=\"https:\/\/semmelweis.hu\/gyogyszerhatastan\/files\/2023\/09\/OTKA_Toborzo-1-225x300.jpg 225w, https:\/\/semmelweis.hu\/gyogyszerhatastan\/files\/2023\/09\/OTKA_Toborzo-1-768x1024.jpg 768w, https:\/\/semmelweis.hu\/gyogyszerhatastan\/files\/2023\/09\/OTKA_Toborzo-1-1152x1536.jpg 1152w, https:\/\/semmelweis.hu\/gyogyszerhatastan\/files\/2023\/09\/OTKA_Toborzo-1-1536x2048.jpg 1536w, https:\/\/semmelweis.hu\/gyogyszerhatastan\/files\/2023\/09\/OTKA_Toborzo-1-753x1004.jpg 753w, https:\/\/semmelweis.hu\/gyogyszerhatastan\/files\/2023\/09\/OTKA_Toborzo-1-scaled.jpg 1920w\" sizes=\"auto, (max-width: 225px) 100vw, 225px\" \/><\/a><\/p>\n<p>&nbsp;<\/p>\n","protected":false},"excerpt":{"rendered":"<p>Kutat\u00f3csoport neve: NAP3.0-SE Neuropszichofarmakol\u00f3giai Kutat\u00f3csoport \u00a0 P\u00e1ly\u00e1zat c\u00edme: A pozit\u00edv \u00e9s negat\u00edv k\u00f6rnyezeti hat\u00e1sokra val\u00f3 \u00e9rz\u00e9kenys\u00e9g genetikai \u00e9s agyi \u00f6sszetev\u0151i: \u00faj markerek stresszkezel\u00e9si intervenci\u00f3 sikeress\u00e9g\u00e9nek el\u0151rejelz\u00e9s\u00e9re \u00a0 ETT-TUKEB enged\u00e9ly:\u00a0 14238-6\/2023\/E\u00dcIG \u00a0 Vezet\u0151: Dr. Juh\u00e1sz Gabriella, PhD, egyetemi docens E-mail: <a href=\"mailto:agykutatas.gyhi@semmelweis.hu\" target=\"_blank\" rel=\"noopener\">agykutatas.gyhi@semmelweis.hu<\/a> Tel: +36 1 459 1500 Int\u00e9zet: Gy\u00f3gyszerhat\u00e1stani Int\u00e9zet \u00a0 A megval\u00f3s\u00edt\u00e1s helysz\u00edne: Semmelweis Egyetem, 1089 Budapest &hellip;<\/p>\n","protected":false},"author":102060,"featured_media":0,"parent":19,"menu_order":3,"comment_status":"closed","ping_status":"closed","template":"","meta":{"_acf_changed":false,"footnotes":""},"categories":[],"tags":[],"class_list":["post-3490","page","type-page","status-publish","hentry"],"acf":[],"_links":{"self":[{"href":"https:\/\/semmelweis.hu\/gyogyszerhatastan\/wp-json\/wp\/v2\/pages\/3490","targetHints":{"allow":["GET"]}}],"collection":[{"href":"https:\/\/semmelweis.hu\/gyogyszerhatastan\/wp-json\/wp\/v2\/pages"}],"about":[{"href":"https:\/\/semmelweis.hu\/gyogyszerhatastan\/wp-json\/wp\/v2\/types\/page"}],"author":[{"embeddable":true,"href":"https:\/\/semmelweis.hu\/gyogyszerhatastan\/wp-json\/wp\/v2\/users\/102060"}],"replies":[{"embeddable":true,"href":"https:\/\/semmelweis.hu\/gyogyszerhatastan\/wp-json\/wp\/v2\/comments?post=3490"}],"version-history":[{"count":5,"href":"https:\/\/semmelweis.hu\/gyogyszerhatastan\/wp-json\/wp\/v2\/pages\/3490\/revisions"}],"predecessor-version":[{"id":3504,"href":"https:\/\/semmelweis.hu\/gyogyszerhatastan\/wp-json\/wp\/v2\/pages\/3490\/revisions\/3504"}],"up":[{"embeddable":true,"href":"https:\/\/semmelweis.hu\/gyogyszerhatastan\/wp-json\/wp\/v2\/pages\/19"}],"wp:attachment":[{"href":"https:\/\/semmelweis.hu\/gyogyszerhatastan\/wp-json\/wp\/v2\/media?parent=3490"}],"wp:term":[{"taxonomy":"category","embeddable":true,"href":"https:\/\/semmelweis.hu\/gyogyszerhatastan\/wp-json\/wp\/v2\/categories?post=3490"},{"taxonomy":"post_tag","embeddable":true,"href":"https:\/\/semmelweis.hu\/gyogyszerhatastan\/wp-json\/wp\/v2\/tags?post=3490"}],"curies":[{"name":"wp","href":"https:\/\/api.w.org\/{rel}","templated":true}]}}

<div><b>Kutatócsoport neve</b>: NAP3.0-SE Neuropszichofarmakológiai Kutatócsoport</div>
<div>
<div> </div>
<div><b>Pályázat címe</b>: A pozitív és negatív környezeti hatásokra való érzékenység genetikai és agyi összetevői: új markerek stresszkezelési intervenció sikerességének előrejelzésére</div>
<div> </div>
<div><b>ETT-TUKEB engedély</b>:  14238-6/2023/EÜIG</div>
<div> </div>
<div><b>Vezető</b>:</div>
<div>Dr. Juhász Gabriella, PhD, egyetemi docens</div>
<div>E-mail: <a href="mailto:agykutatas.gyhi@semmelweis.hu" target="_blank" rel="noopener">agykutatas.gyhi@semmelweis.hu</a></div>
<div>Tel: +36 1 459 1500</div>
<div>Intézet: Gyógyszerhatástani Intézet</div>
<div> </div>
<p><b>A megvalósítás helyszíne</b>: Semmelweis Egyetem, 1089 Budapest Nagyvárad tér 4.</div>
<div> </div>
<div><strong>Kivitelezés ideje</strong>: 2023.szeptember 1. &#8211;  2026. október 31.</div>
<div> </div>
<div><strong>A projekt rövid tartalmi összefoglalója</strong>:</div>
<div>A környezeti kihívásokra adott megfelelő válasz kulcsfontosságú a sikeres alkalmazkodás, valamint a lelki és testi betegségek elkerülése szempontjából. Ez a reakció a negatív és pozitív környezeti hatásokra való érzékenységen alapul, aminek az alaposabb vizsgálata eddig elmaradt. Ezért a Nemzeti Kutatási, Fejlesztési és Innovációs Hivatal, a Nemzeti Agykutatási Program 3.0, valamint az Innovációs és Technológiai Minisztérium a Nemzeti Kutatási, Fejlesztési és Innovációs Alapból nyújtott támogatásával megvalósuló projekt célja egy, a környezeti hatásokra való érzékenység mérésére alkalmas új módszer kidolgozása.  </div>
<div> </div>
<h4 style="color: red"> A jelentkezés folyamatos!</h4>
<div> </div>
<p><a href="https://semmelweis.hu/gyogyszerhatastan/files/2023/09/OTKA_Toborzo-1-scaled.jpg"><img loading="lazy" decoding="async" class="alignnone size-medium wp-image-3499" src="https://semmelweis.hu/gyogyszerhatastan/files/2023/09/OTKA_Toborzo-1-225x300.jpg" alt="" width="225" height="300" srcset="https://semmelweis.hu/gyogyszerhatastan/files/2023/09/OTKA_Toborzo-1-225x300.jpg 225w, https://semmelweis.hu/gyogyszerhatastan/files/2023/09/OTKA_Toborzo-1-768x1024.jpg 768w, https://semmelweis.hu/gyogyszerhatastan/files/2023/09/OTKA_Toborzo-1-1152x1536.jpg 1152w, https://semmelweis.hu/gyogyszerhatastan/files/2023/09/OTKA_Toborzo-1-1536x2048.jpg 1536w, https://semmelweis.hu/gyogyszerhatastan/files/2023/09/OTKA_Toborzo-1-753x1004.jpg 753w, https://semmelweis.hu/gyogyszerhatastan/files/2023/09/OTKA_Toborzo-1-scaled.jpg 1920w" sizes="auto, (max-width: 225px) 100vw, 225px" /></a></p>
<p>&nbsp;</p>

<p>Kutatócsoport neve: NAP3.0-SE Neuropszichofarmakológiai Kutatócsoport   Pályázat címe: A pozitív és negatív környezeti hatásokra való érzékenység genetikai és agyi összetevői: új markerek stresszkezelési intervenció sikerességének előrejelzésére   ETT-TUKEB engedély:  14238-6/2023/EÜIG   Vezető: Dr. Juhász Gabriella, PhD, egyetemi docens E-mail: <a href="mailto:agykutatas.gyhi@semmelweis.hu" target="_blank" rel="noopener">agykutatas.gyhi@semmelweis.hu</a> Tel: +36 1 459 1500 Intézet: Gyógyszerhatástani Intézet   A megvalósítás helyszíne: Semmelweis Egyetem, 1089 Budapest &hellip;</p>
