{"id":3298,"date":"2022-10-23T13:12:21","date_gmt":"2022-10-23T11:12:21","guid":{"rendered":"https:\/\/semmelweis.hu\/gyogyszerhatastan\/?page_id=3298"},"modified":"2025-03-03T13:45:57","modified_gmt":"2025-03-03T12:45:57","slug":"tdk","status":"publish","type":"page","link":"https:\/\/semmelweis.hu\/gyogyszerhatastan\/tdk\/","title":{"rendered":"TDK"},"content":{"rendered":"<h4><strong>Gy\u00f3gyszerhat\u00e1stani Int\u00e9zet TDK t\u00e9m\u00e1k 2023\/2024<\/strong><\/h4>\n<ul>\n<li><strong>Depresszi\u00f3k genetikai \u00e9s g\u00e9n-k\u00f6rnyezet interakci\u00f3s h\u00e1tter\u00e9nek vizsg\u00e1lata<\/strong><br \/>\nDr. Gonda X\u00e9nia\u00a0<\/li>\n<li><strong>Az inzulin rezisztencia \u00e9s a neuroinflam\u00e1ci\u00f3 szerep\u00e9nek vizsg\u00e1lata az Alzheimer-k\u00f3r kialakul\u00e1s\u00e1ban<\/strong><br \/>\nDr. T\u00e1bi Tam\u00e1s, Dr. Varga Kamilla<\/li>\n<li><strong>Depresszi\u00f3\/depresszi\u00f3hoz k\u00f6thet\u0151 fenot\u00edpusok genetikai h\u00e1tter\u00e9nek vizsg\u00e1lata<\/strong><br \/>\nT\u00f6r\u00f6k D\u00f3ra\/Dr. Gonda X\u00e9nia<\/li>\n<li><strong>Biol\u00f3giai t\u00edpus\u00fa k\u00f6rnyezeti \u00e9s \u00f6r\u00f6kletes t\u00e9nyez\u0151k szerepe a depresszi\u00f3ban. A t\u00e1pl\u00e1lkoz\u00e1s hat\u00e1sai<\/strong><br \/>\nDr. Bagdy Gy\u00f6rgy<\/li>\n<li><strong>Agyi k\u00e9palkot\u00f3 vizsg\u00e1latok stresszel kapcsolatos betegs\u00e9gekben\u00a0<\/strong><br \/>\nDr. Juh\u00e1sz Gabriella \/ dr. Gecse Kinga<\/li>\n<li><strong>Angiotenzin-2 blokkol\u00f3k hat\u00e1sa a szinaptikus glutam\u00e1t-felszabadul\u00e1sra<\/strong><br \/>\nDr. Lakatos P\u00e9ter<\/li>\n<li><strong>Centr\u00e1lis izomrelax\u00e1nsok hat\u00e1sa a szinaptikus glutam\u00e1t-felszabadul\u00e1sra<\/strong><br \/>\nDr. Lakatos P\u00e9ter<\/li>\n<li><strong>Dinamikusan v\u00e1ltoz\u00f3 funkcion\u00e1lis agyi h\u00e1l\u00f3zatok<\/strong><br \/>\nDr. Juh\u00e1sz Gabriella , dr. Gecse Kinga<\/li>\n<li><strong>Pszichi\u00e1tri\u00e1ban alkalmazott szerek hat\u00e1sa a szinaptikus glutam\u00e1t-felszabadul\u00e1sra<\/strong><br \/>\nDr. T\u00e1bi Tam\u00e1s, Lakatos P\u00e9ter<\/li>\n<li><strong>Neurol\u00f3gi\u00e1ban alkalmazott szerek hat\u00e1sa a szinaptikus glutam\u00e1t-felszabadul\u00e1sra<\/strong><br \/>\nDr. T\u00e1bi Tam\u00e1s, Lakatos P\u00e9ter, Dr. Varga Kamilla<\/li>\n<li><strong>Genetikai agyi k\u00e9palkot\u00f3 vizsg\u00e1latok<\/strong><br \/>\nDr. Juh\u00e1sz Gabriella,\u00a0 dr. Gecse Kinga<\/li>\n<li><strong>A hypothalamus migr\u00e9nben bet\u00f6lt\u00f6tt szerepe<\/strong><br \/>\nDr. Juh\u00e1sz Gabriella, dr. Gecse Kinga<\/li>\n<li><strong>Alv\u00e1s- \u00e9s viselked\u00e9sfarmakol\u00f3giai vizsg\u00e1latok k\u00f6zponti idegrendszerre hat\u00f3 szerekkel<\/strong><br \/>\nDr. Koncz Szabolcs, Pothorszki D\u00f3ra, Dr. Bagdy Gy\u00f6rgy<\/li>\n<li><strong>Rezveratrol sz\u00e1rmaz\u00e9kok hat\u00e1sa az adipogenezisre<\/strong><br \/>\nDr. T\u00e1bi Tam\u00e1s<\/li>\n<li><strong>Stresszfeldolgoz\u00e1s biomarkerei<\/strong><br \/>\nDr. Juh\u00e1sz Gabriella, dr. Gecse Kinga<\/li>\n<li><strong>Ciklodextrinek alkalmaz\u00e1sa a membr\u00e1n gangliozid \u00e9s koleszterin tartalm\u00e1nak vizsg\u00e1lat\u00e1ra<\/strong><br \/>\nDr. Geda Orsolya, Dr. Sz\u00f6k\u0151 \u00c9va<\/li>\n<li><strong>N\u00f6v\u00e9nyi eredet\u0171 hat\u00f3anyagok vizsg\u00e1lata k\u00fcl\u00f6nb\u00f6z\u0151 sejtkult\u00far\u00e1kon<\/strong><br \/>\nDr. T\u00e1bi Tam\u00e1s, Dr. Varga Kamilla<\/li>\n<\/ul>\n","protected":false},"excerpt":{"rendered":"<p>Gy\u00f3gyszerhat\u00e1stani Int\u00e9zet TDK t\u00e9m\u00e1k 2023\/2024 Depresszi\u00f3k genetikai \u00e9s g\u00e9n-k\u00f6rnyezet interakci\u00f3s h\u00e1tter\u00e9nek vizsg\u00e1lata Dr. Gonda X\u00e9nia\u00a0 Az inzulin rezisztencia \u00e9s a neuroinflam\u00e1ci\u00f3 szerep\u00e9nek vizsg\u00e1lata az Alzheimer-k\u00f3r kialakul\u00e1s\u00e1ban Dr. T\u00e1bi Tam\u00e1s, Dr. Varga Kamilla Depresszi\u00f3\/depresszi\u00f3hoz k\u00f6thet\u0151 fenot\u00edpusok genetikai h\u00e1tter\u00e9nek vizsg\u00e1lata T\u00f6r\u00f6k D\u00f3ra\/Dr. Gonda X\u00e9nia Biol\u00f3giai t\u00edpus\u00fa k\u00f6rnyezeti \u00e9s \u00f6r\u00f6kletes t\u00e9nyez\u0151k szerepe a depresszi\u00f3ban. A t\u00e1pl\u00e1lkoz\u00e1s hat\u00e1sai Dr. &hellip;<\/p>\n","protected":false},"author":102060,"featured_media":0,"parent":0,"menu_order":3,"comment_status":"closed","ping_status":"closed","template":"","meta":{"_acf_changed":false,"footnotes":""},"categories":[],"tags":[],"class_list":["post-3298","page","type-page","status-publish","hentry"],"acf":[],"_links":{"self":[{"href":"https:\/\/semmelweis.hu\/gyogyszerhatastan\/wp-json\/wp\/v2\/pages\/3298","targetHints":{"allow":["GET"]}}],"collection":[{"href":"https:\/\/semmelweis.hu\/gyogyszerhatastan\/wp-json\/wp\/v2\/pages"}],"about":[{"href":"https:\/\/semmelweis.hu\/gyogyszerhatastan\/wp-json\/wp\/v2\/types\/page"}],"author":[{"embeddable":true,"href":"https:\/\/semmelweis.hu\/gyogyszerhatastan\/wp-json\/wp\/v2\/users\/102060"}],"replies":[{"embeddable":true,"href":"https:\/\/semmelweis.hu\/gyogyszerhatastan\/wp-json\/wp\/v2\/comments?post=3298"}],"version-history":[{"count":10,"href":"https:\/\/semmelweis.hu\/gyogyszerhatastan\/wp-json\/wp\/v2\/pages\/3298\/revisions"}],"predecessor-version":[{"id":3572,"href":"https:\/\/semmelweis.hu\/gyogyszerhatastan\/wp-json\/wp\/v2\/pages\/3298\/revisions\/3572"}],"wp:attachment":[{"href":"https:\/\/semmelweis.hu\/gyogyszerhatastan\/wp-json\/wp\/v2\/media?parent=3298"}],"wp:term":[{"taxonomy":"category","embeddable":true,"href":"https:\/\/semmelweis.hu\/gyogyszerhatastan\/wp-json\/wp\/v2\/categories?post=3298"},{"taxonomy":"post_tag","embeddable":true,"href":"https:\/\/semmelweis.hu\/gyogyszerhatastan\/wp-json\/wp\/v2\/tags?post=3298"}],"curies":[{"name":"wp","href":"https:\/\/api.w.org\/{rel}","templated":true}]}}