{"id":3232,"date":"2013-08-27T11:26:13","date_gmt":"2013-08-27T09:26:13","guid":{"rendered":"https:\/\/semmelweis.hu\/gyogyszerhatastan\/?page_id=3232"},"modified":"2023-02-07T12:06:25","modified_gmt":"2023-02-07T11:06:25","slug":"lehrtaetigkeit","status":"publish","type":"page","link":"https:\/\/semmelweis.hu\/gyogyszerhatastan\/de\/lehrtaetigkeit\/","title":{"rendered":"Lehrt\u00e4tigkeit"},"content":{"rendered":"<p>Wir unterrichten derzeit f\u00fcnf Pflichtf\u00e4cher:<br \/>\n<a href=\"https:\/\/semmelweis.hu\/gyogyszerhatastan\/lehrtaetigkeit\/pharmakologie-und-toxikologie\/\">Pharmakologie und Toxikologie<\/a> im 6., 7. und 8. Semester<br \/>\n<a href=\"https:\/\/semmelweis.hu\/gyogyszerhatastan\/lehrtaetigkeit\/grundlagen-der-pathophysiologie\/\">Grundlagen der Pathophysiologie<\/a> im 5. und 6. Semester<br \/>\n<a href=\"https:\/\/semmelweis.hu\/gyogyszerhatastan\/lehrtaetigkeit\/pharmakotherapie\/\"> Pharmakotherapie <\/a> im 9. Semester<br \/>\n<a href=\"https:\/\/semmelweis.hu\/gyogyszerhatastan\/lehrtaetigkeit\/mathematik-fuer-pharmazeuten\/\">Mathematik f\u00fcr Pharmazeuten<\/a> im 1. Semester<br \/>\n<a href=\"https:\/\/semmelweis.hu\/gyogyszerhatastan\/lehrtaetigkeit\/statistik-fuer-pharmazeuten\/\">Statistik f\u00fcr Pharmazeuten<\/a> im 6. Semester<\/p>\n","protected":false},"excerpt":{"rendered":"<p>Wir unterrichten derzeit f\u00fcnf Pflichtf\u00e4cher:<br \/>\n<a href=\"https:\/\/semmelweis.hu\/gyogyszerhatastan\/lehrtaetigkeit\/pharmakologie-und-toxikologie\/\">Pharmakologie und Toxikologie<\/a> im 6., 7. und 8. Semester<br \/>\n<a href=\"https:\/\/semmelweis.hu\/gyogyszerhatastan\/lehrtaetigkeit\/grundlagen-der-pathophysiologie\/\">Grundlagen der Pathophysiologie<\/a> im 5. und 6. Semester<br \/>\n<a href=\"https:\/\/semmelweis.hu\/gyogyszerhatastan\/lehrtaetigkeit\/pharmakotherapie\/\"> Pharmakotherapie <\/a> im 9. Semester<br \/>\n<a href=\"https:\/\/semmelweis.hu\/gyogyszerhatastan\/lehrtaetigkeit\/mathematik-fuer-pharmazeuten\/\">Mathematik f\u00fcr Pharmazeuten<\/a> im 1. Semester<br \/>\n<a href=\"https:\/\/semmelweis.hu\/gyogyszerhatastan\/lehrtaetigkeit\/statistik-fuer-pharmazeuten\/\">Statistik f\u00fcr Pharmazeuten<\/a> im 6. Semester<\/p>\n","protected":false},"author":102060,"featured_media":0,"parent":0,"menu_order":1,"comment_status":"open","ping_status":"closed","template":"","meta":{"_acf_changed":false,"footnotes":""},"categories":[],"tags":[],"class_list":["post-3232","page","type-page","status-publish","hentry"],"acf":[],"_links":{"self":[{"href":"https:\/\/semmelweis.hu\/gyogyszerhatastan\/wp-json\/wp\/v2\/pages\/3232","targetHints":{"allow":["GET"]}}],"collection":[{"href":"https:\/\/semmelweis.hu\/gyogyszerhatastan\/wp-json\/wp\/v2\/pages"}],"about":[{"href":"https:\/\/semmelweis.hu\/gyogyszerhatastan\/wp-json\/wp\/v2\/types\/page"}],"author":[{"embeddable":true,"href":"https:\/\/semmelweis.hu\/gyogyszerhatastan\/wp-json\/wp\/v2\/users\/102060"}],"replies":[{"embeddable":true,"href":"https:\/\/semmelweis.hu\/gyogyszerhatastan\/wp-json\/wp\/v2\/comments?post=3232"}],"version-history":[{"count":8,"href":"https:\/\/semmelweis.hu\/gyogyszerhatastan\/wp-json\/wp\/v2\/pages\/3232\/revisions"}],"predecessor-version":[{"id":3390,"href":"https:\/\/semmelweis.hu\/gyogyszerhatastan\/wp-json\/wp\/v2\/pages\/3232\/revisions\/3390"}],"wp:attachment":[{"href":"https:\/\/semmelweis.hu\/gyogyszerhatastan\/wp-json\/wp\/v2\/media?parent=3232"}],"wp:term":[{"taxonomy":"category","embeddable":true,"href":"https:\/\/semmelweis.hu\/gyogyszerhatastan\/wp-json\/wp\/v2\/categories?post=3232"},{"taxonomy":"post_tag","embeddable":true,"href":"https:\/\/semmelweis.hu\/gyogyszerhatastan\/wp-json\/wp\/v2\/tags?post=3232"}],"curies":[{"name":"wp","href":"https:\/\/api.w.org\/{rel}","templated":true}]}}