{"id":3158,"date":"2021-09-06T20:08:11","date_gmt":"2021-09-06T18:08:11","guid":{"rendered":"https:\/\/semmelweis.hu\/gyogyszerhatastan\/?page_id=3158"},"modified":"2021-09-06T20:08:11","modified_gmt":"2021-09-06T18:08:11","slug":"publikaciok","status":"publish","type":"page","link":"https:\/\/semmelweis.hu\/gyogyszerhatastan\/kutatas-fejlesztes\/nap-2-kutatocsoportok\/nap-2-se-uj-antidepressziv-gyogyszercelpont-kutatocsoport\/publikaciok\/","title":{"rendered":"Publik\u00e1ci\u00f3k"},"content":{"rendered":"<p style=\"text-align: center\"><strong>2021<\/strong><\/p>\n<p>Gonda, X; Petschner, P.<\/p>\n<p><em>Genes, depression, and nuclear DNA<\/em>.<\/p>\n<p>In: Martin, C; Hunter, LA; Patel, V; Preedy, V; Rajendram, R. <strong><em>The Neuroscience of Depression (1st Edition) Genetics, Cell Biology, Neurology, Behaviour and Diet<\/em><\/strong><em>. <\/em>Academic Press: London, United Kingdom: p. in press (2021)<\/p>\n<p>Link: <a href=\"https:\/\/www.elsevier.com\/books\/the-neuroscience-of-depression\/martin\/978-0-12-817935-2\">https:\/\/www.elsevier.com\/books\/the-neuroscience-of-depression\/martin\/978-0-12-817935-2<\/a><\/p>\n<p>&nbsp;<\/p>\n<p>Lyon, KA; Elliott, R; Brown, LJE; Eszl\u00e1ri, N; Juh\u00e1sz, G.<\/p>\n<p><em>Complex mediating effects of rumination facets between personality traits and depressive symptoms.<\/em><\/p>\n<p><strong><em>International Journal of Psychology<\/em><\/strong> (in press) 1-8. (2021)<\/p>\n<p>Link: <a href=\"https:\/\/onlinelibrary.wiley.com\/doi\/10.1002\/ijop.12734\">https:\/\/onlinelibrary.wiley.com\/doi\/10.1002\/ijop.12734<\/a><\/p>\n<p>&nbsp;<\/p>\n<p>Petschner, P; G\u00e1l, Z; Gonda, X.<\/p>\n<p><em>Impaired mitochondrial bioenergetics in psychiatric disorders<\/em>.<\/p>\n<p>In: Ostojic S. <strong><em>Clinical Bioenergetics<\/em><\/strong>. Academic Press: London, United Kingdom: 195-224. (2021)<\/p>\n<p>Link: <a href=\"https:\/\/www.sciencedirect.com\/science\/article\/pii\/B9780128196212000085?via%3Dihub\">https:\/\/www.sciencedirect.com\/science\/article\/pii\/B9780128196212000085?via%3Dihub<\/a><\/p>\n<p>&nbsp;<\/p>\n<p>Vecsey-Nagy, Mil\u00e1n; Szilveszter, B\u00e1lint; Kolossv\u00e1ry, M\u00e1rton; Boussoussou, Melinda; Vattay, Borb\u00e1la; Gonda, Xenia; Rihmer, Zolt\u00e1n; Merkely, B\u00e9la; Maurovich-Horvat, P\u00e1l; Nemcsik, J\u00e1nos<\/p>\n<p><em>The association between accelerated vascular aging and cyclothymic affective temperament in women<\/em><\/p>\n<p><strong><em>Journal Of Psychosomatic Research<\/em><\/strong> 145 Paper: 110423 , 6 p. (2021)<\/p>\n<p>Link: <a href=\"https:\/\/www.sciencedirect.com\/science\/article\/pii\/S0022399921000684?via%3Dihub\">https:\/\/www.sciencedirect.com\/science\/article\/pii\/S0022399921000684?via%3Dihub<\/a><\/p>\n<p>&nbsp;<\/p>\n<p>Eszlari, Nora; Bagyura, Zsolt; Millinghoffer, Andras; Nagy, Tamas; Juhasz, Gabriella; Antal, Peter; Merkely, Bela; Bagdy, Gyorgy<\/p>\n<p><em>Catenin Alpha 2 May Be a Biomarker or Potential Drug Target in Psychiatric Disorders with Perseverative Negative Thinking<\/em><\/p>\n<p><strong><em>Pharmaceuticals <\/em><\/strong>14: 9 Paper: 850, 21 p. (2021)<\/p>\n<p>Link: <a href=\"https:\/\/www.mdpi.com\/1424-8247\/14\/9\/850\">https:\/\/www.mdpi.com\/1424-8247\/14\/9\/850<\/a><\/p>\n<p>&nbsp;<\/p>\n<p>Koncz, Szabolcs; Papp, No\u00e9mi; Menczelesz, No\u00e9mi; Pothorszki, D\u00f3ra; Bagdy, Gy\u00f6rgy<\/p>\n<p><em>EEG and Sleep Effects of Tramadol Suggest Potential Antidepressant Effects with Different Mechanisms of Action<\/em><\/p>\n<p><strong><em>Pharmaceuticals<\/em><\/strong> 14: 5 Paper: 431, 13 p. (2021)<\/p>\n<p>Link: <a href=\"https:\/\/www.mdpi.com\/1424-8247\/14\/5\/431\">https:\/\/www.mdpi.com\/1424-8247\/14\/5\/431<\/a><\/p>\n<p>&nbsp;<\/p>\n<p>Gonda, Xenia; Eszlari, Nora; Torok, Dora; Gal, Zsofia; Bokor, Janos; Millinghoffer, Andras; Baksa, Daniel; Petschner, Peter; Antal, Peter; Breen, Gerome, Juhasz, Gabriella; Bagdy, Gyorgy<\/p>\n<p><em>Genetic underpinnings of affective temperaments: a pilot GWAS investigation identifies a new genome-wide significant SNP for anxious temperament in ADGRB3 gene<\/em><\/p>\n<p><strong><em>Translational Psychiatry<\/em><\/strong> 11: 1 Paper: 337, 15 p. (2021)<\/p>\n<p>Link: <a href=\"https:\/\/www.nature.com\/articles\/s41398-021-01436-1\">https:\/\/www.nature.com\/articles\/s41398-021-01436-1<\/a><\/p>\n<p>&nbsp;<\/p>\n<p>Kristof, Zsuliet; Eszlari, Nora; Sutori, Sara; Gal, Zsofia; Torok, Dora; Baksa, Daniel; Petschner, Peter; Sperlagh, Beata; Anderson, Ian M.; Deakin, John Francis William; Juhasz Gabriella; Bagdy Gyorgy; Gonda X\u00e9nia<\/p>\n<p><em>P2RX7 gene variation mediates the effect of childhood adversity and recent stress on the severity of depressive symptoms<\/em><\/p>\n<p><strong><em>Plos One<\/em><\/strong> 16: 6 Paper: e0252766, 15 p. (2021)<\/p>\n<p>Link: <a href=\"https:\/\/journals.plos.org\/plosone\/article?id=10.1371\/journal.pone.0252766\">https:\/\/journals.plos.org\/plosone\/article?id=10.1371\/journal.pone.0252766<\/a><\/p>\n<p>&nbsp;<\/p>\n<p>Gonda, X.; Tarazi, F.I.<\/p>\n<p><em>Dopamine d3 receptors: From bench to bedside<\/em><\/p>\n<p><strong><em>Neuropsychopharmacologia Hungarica<\/em><\/strong> 23 : 2 pp. 272-280. , 9 p. (2021)<\/p>\n<p>Link: <a href=\"https:\/\/pubmed.ncbi.nlm.nih.gov\/34342419\/\">https:\/\/pubmed.ncbi.nlm.nih.gov\/34342419\/<\/a><\/p>\n<p>&nbsp;<\/p>\n<p>K\u0151r\u00f6si, Be\u00e1ta; Gy\u00f6ngy\u00f6si, Helga; Batta, D\u00f3ra; L\u00e1szl\u00f3, Andrea; Kov\u00e1cs, Ill\u00e9s; Tisl\u00e9r, Andr\u00e1s; Cseprek\u00e1l, Orsolya; Nemcsik-Bencze, Zs\u00f3fia; Gonda, X\u00e9nia; Rihmer, Zolt\u00e1n; Nemcsik J\u00e1nos<\/p>\n<p><em>Evaluation of affective temperaments and arterial stiffness in different hypertension phenotypes<\/em><\/p>\n<p><strong><em>Hypertension Research<\/em><\/strong> 44: 1 pp. 47-54., 8 p. (2021)<\/p>\n<p>Link: <a href=\"https:\/\/www.nature.com\/articles\/s41440-020-0513-2\">https:\/\/www.nature.com\/articles\/s41440-020-0513-2<\/a><\/p>\n<p>&nbsp;<\/p>\n<p>Vecsey-Nagy, M; Szilveszter, B; Kolossvary, M; Gonda, X; Rihmer, Z; Merkely, B; Maurovich-Horvat, P; Nemcsik, J<\/p>\n<p><em>i278. The association between early vascular aging and cyclothymic affective temperament<\/em><\/p>\n<p><strong><em>European Heart Journal-Cardiovascular Imaging<\/em><\/strong> 22 : Supplement_1 p. i278 (2021)<\/p>\n<p>Link: <a href=\"https:\/\/academic.oup.com\/ehjcimaging\/article\/22\/Supplement_1\/jeaa356.239\/6131178\">https:\/\/academic.oup.com\/ehjcimaging\/article\/22\/Supplement_1\/jeaa356.239\/6131178<\/a><\/p>\n<p>&nbsp;<\/p>\n<p style=\"text-align: center\"><strong>2020<\/strong><\/p>\n<p>Baksa, D; Gonda, X; Eszl\u00e1ri, N; Petschner, P; \u00c1cs, V; Kalm\u00e1r, L; Deakin, JFW; Bagdy, G; Juh\u00e1sz, G.<\/p>\n<p><em>Financial Stress Interacts With CLOCK Gene to Affect Migraine.<\/em><\/p>\n<p><strong>Frontiers In Behavioral Neuroscience<\/strong> 13(284): 1-13. (2020)<\/p>\n<p>Link: <a href=\"https:\/\/www.frontiersin.org\/articles\/10.3389\/fnbeh.2019.00284\/full\">https:\/\/www.frontiersin.org\/articles\/10.3389\/fnbeh.2019.00284\/full<\/a><\/p>\n<p>&nbsp;<\/p>\n<p>B\u00e1lint, L; F\u00fczer, K; Gonda, X; D\u00f6me, P.<\/p>\n<p><em>Estimation of the relationship between the persistent decrease of the suicide rate and the changes in sociodemographic composition in Hungary between 1990 and 2011.<\/em><\/p>\n<p><strong><em>PLoS ONE<\/em><\/strong> 15(10): e0241314. (2020)<\/p>\n<p>Link: <a href=\"https:\/\/journals.plos.org\/plosone\/article\/file?id=10.1371\/journal.pone.0241314&amp;type=printable\">https:\/\/journals.plos.org\/plosone\/article\/file?id=10.1371\/journal.pone.0241314&amp;type=printable<\/a><\/p>\n<p>&nbsp;<\/p>\n<p>Bokor, J; Krause, S; T\u00f6r\u00f6k, D; Eszl\u00e1ri, N; S\u00fct\u00f6ri, S; G\u00e1l, Z; Petschner, P; Anderson, IM; Deakin, JFW; Bagdy, G et al.<\/p>\n<p><em>\u201cOut, out, brief candle! Life\u2019s but a walking shadow\u201d: 5-HTTLPR Is Associated With Current Suicidal Ideation but Not With Previous Suicide Attempts and Interacts With Recent Relationship Problems.<\/em><\/p>\n<p><strong><em>Frontiers In Psychiatry<\/em><\/strong> 11(567) (2020)<\/p>\n<p>Link: <a href=\"https:\/\/www.ncbi.nlm.nih.gov\/pmc\/articles\/PMC7331851\/pdf\/fpsyt-11-00567.pdf\">https:\/\/www.ncbi.nlm.nih.gov\/pmc\/articles\/PMC7331851\/pdf\/fpsyt-11-00567.pdf<\/a><\/p>\n<p>&nbsp;<\/p>\n<p>Gonda, X; Eszl\u00e1ri, N; S\u00fct\u00f6ri, S; \u00c1sp\u00e1n, N; Rihmer, Z; Juh\u00e1sz, G; Bagdy, G.<\/p>\n<p><em>Nature and Nurture: Effects of Affective Temperaments on Depressive Symptoms Are Markedly Modified by Stress Exposure<\/em>.<\/p>\n<p><strong><em>Frontiers In Psychiatry<\/em><\/strong> 11(599): 1-10. (2020)<\/p>\n<p>Link: <a href=\"https:\/\/www.frontiersin.org\/articles\/10.3389\/fpsyt.2020.00599\/full\">https:\/\/www.frontiersin.org\/articles\/10.3389\/fpsyt.2020.00599\/full<\/a><\/p>\n<p>&nbsp;<\/p>\n<p>Papp, N; Koncz, S; Kostyalik, D; Kitka, T; Petschner, P; Vas, S; Bagdy, G.<\/p>\n<p><em>Acute 5-HT2C Receptor Antagonist SB-242084 Treatment Affects EEG Gamma Band Activity Similarly to Chronic Escitalopram.<\/em><\/p>\n<p><strong><em>Frontiers in Pharmacology<\/em><\/strong> 10(1636): 1-9. (2020)<\/p>\n<p>Link: <a href=\"https:\/\/www.frontiersin.org\/articles\/10.3389\/fphar.2019.01636\/full\">https:\/\/www.frontiersin.org\/articles\/10.3389\/fphar.2019.01636\/full<\/a><\/p>\n<p>&nbsp;<\/p>\n<p>Ujma, PP; Eszl\u00e1ri, N; Millinghoffer, A; Bruncsics, B; Petschner, P; Antal, P; Deakin, JFW; Bagdy G; Juh\u00e1sz G.<\/p>\n<p><em>Educational attainment polygenic scores in Hungary: evidence for validity and a historical gene-environment interaction.<\/em><\/p>\n<p><strong><em>BIORXIV \u2013 The Preprint Server for Biology<\/em><\/strong> (2020)<\/p>\n<p>Link: <a href=\"https:\/\/www.biorxiv.org\/content\/10.1101\/2020.01.13.905034v1.full.pdf\">https:\/\/www.biorxiv.org\/content\/10.1101\/2020.01.13.905034v1.full.pdf<\/a><\/p>\n<p>&nbsp;<\/p>\n<p>Serafini, G; Gonda, X; Canepa, G; Geoffroy, PA; Pompili, M; Amore, M.<\/p>\n<p><em>Recent Stressful Life Events in Euthymic Major Depressive Disorder Patients: Sociodemographic and Clinical Characteristics.<\/em><\/p>\n<p><strong><em>Frontiers in Psychiatry<\/em><\/strong> 11(566017): 1-12. (2020)<\/p>\n<p>Link: <a href=\"https:\/\/www.ncbi.nlm.nih.gov\/pmc\/articles\/PMC7516258\/pdf\/fpsyt-11-566017.pdf\">https:\/\/www.ncbi.nlm.nih.gov\/pmc\/articles\/PMC7516258\/pdf\/fpsyt-11-566017.pdf<\/a><\/p>\n<p>&nbsp;<\/p>\n<p>Sharma, SR; Gonda, X; D\u00f6me, P; Tarazi, FI.<\/p>\n<p><em>What&#8217;s Love Got to do with it: Role of oxytocin in trauma, attachment and resilience.<\/em><\/p>\n<p><strong><em>Pharmacology &amp; Therapeutics<\/em><\/strong> 214(107602): 1-15. (2020)<\/p>\n<p>Link: <a href=\"https:\/\/www.sciencedirect.com\/science\/article\/abs\/pii\/S0163725820301327\">https:\/\/www.sciencedirect.com\/science\/article\/abs\/pii\/S0163725820301327<\/a><\/p>\n<p>&nbsp;<\/p>\n<p style=\"text-align: center\"><strong>2019<\/strong><\/p>\n<p>Baksa, D; Gecse, K; Kumar, S; T\u00f3th, Z; G\u00e1l, Z; Gonda, X; Juh\u00e1sz, G.<\/p>\n<p><em>Circadian Variation of Migraine Attack Onset: A Review of Clinical Studies.<\/em><\/p>\n<p><strong><em>BioMed Research International <\/em><\/strong>2019(4616417):1-9. (2019)<\/p>\n<p>Link: <a href=\"https:\/\/downloads.hindawi.com\/journals\/bmri\/2019\/4616417.pdf\">https:\/\/downloads.hindawi.com\/journals\/bmri\/2019\/4616417.pdf<\/a><\/p>\n<p>&nbsp;<\/p>\n<p>Bog\u00e1thy, E; Papp, N; Vas, S; Bagdy, G; T\u00f3thfalusi, L.<\/p>\n<p><em>AM-251, A Cannabinoid Antagonist, Modifies the Dynamics of Sleep\u2013Wake Cycles in Rats.<\/em><\/p>\n<p><strong><em>Frontiers in Pharmacology<\/em><\/strong> 10(831): 1-10. (2019)<\/p>\n<p>Link: <a href=\"https:\/\/www.ncbi.nlm.nih.gov\/pmc\/articles\/PMC6675864\/pdf\/fphar-10-00831.pdf\">https:\/\/www.ncbi.nlm.nih.gov\/pmc\/articles\/PMC6675864\/pdf\/fphar-10-00831.pdf<\/a><\/p>\n<p>&nbsp;<\/p>\n<p>Bog\u00e1thy, E; Kostyalik, D; Petschner, P; Vas, S; Bagdy, G.<\/p>\n<p><em>Blockade of Serotonin 2C Receptors with SB-242084 Moderates Reduced Locomotor Activity and Rearing by Cannabinoid 1 Receptor Antagonist AM-251.<\/em><\/p>\n<p><strong><em>Pharmacology<\/em><\/strong> 103(3-4): 151-158. (2019)<\/p>\n<p>Link: <a href=\"https:\/\/www.karger.com\/Article\/Abstract\/495939\">https:\/\/www.karger.com\/Article\/Abstract\/495939<\/a><\/p>\n<p>&nbsp;<\/p>\n<p>D\u00f6me, P; Rihmer, Z; Gonda, X.<\/p>\n<p><em>Suicide Risk in Bipolar Disorder: A Brief Review.<\/em><\/p>\n<p><strong><em>Medicina-Lithuania<\/em><\/strong> 55(403): 1-8. (2019)<\/p>\n<p>Link: <a href=\"https:\/\/www.ncbi.nlm.nih.gov\/pmc\/articles\/PMC6723289\/pdf\/medicina-55-00403.pdf\">https:\/\/www.ncbi.nlm.nih.gov\/pmc\/articles\/PMC6723289\/pdf\/medicina-55-00403.pdf<\/a><\/p>\n<p>&nbsp;<\/p>\n<p>Eszl\u00e1ri, N; Petschner, P; Gonda, X; Baksa, D; Elliott, R; Anderson, IM; Deakin, JFW; Bagdy, G; Juhasz, G.<\/p>\n<p><em>Childhood Adversity Moderates the Effects of HTR2A Epigenetic Regulatory Polymorphisms on Rumination.<\/em><\/p>\n<p><strong><em>Frontiers in Psychiatry<\/em><\/strong> 11(394): 1-13. (2019)<\/p>\n<p>Link: <a href=\"https:\/\/www.frontiersin.org\/articles\/10.3389\/fpsyt.2019.00394\/full\">https:\/\/www.frontiersin.org\/articles\/10.3389\/fpsyt.2019.00394\/full<\/a><\/p>\n<p>&nbsp;<\/p>\n<p>Eszl\u00e1ri, N; Millinghoffer, A; Petschner, P; Gonda, X; Baksa, D; Pulay, AJ; R\u00e9thelyi, JM; Breen, G; Deakin, JFW; Antal, P et al.<\/p>\n<p><em>Genome-wide association analysis reveals KCTD12 and miR-383-binding genes in the background of rumination.<\/em><\/p>\n<p><strong><em>Translational Psychiatry<\/em><\/strong> 9(119): 1-12. (2019)<\/p>\n<p>Link: <a href=\"https:\/\/www.nature.com\/articles\/s41398-019-0454-1.pdf\">https:\/\/www.nature.com\/articles\/s41398-019-0454-1.pdf<\/a><\/p>\n<p>&nbsp;<\/p>\n<p>Fountoulakis, KN; Gonda, X.<\/p>\n<p><em>Modeling human temperament and character on the basis of combined theoretical approaches.<\/em><\/p>\n<p>Annals of General Psychiatry 18(21): 1-14. (2019)<\/p>\n<p>Link: <a href=\"https:\/\/annals-general-psychiatry.biomedcentral.com\/track\/pdf\/10.1186\/s12991-019-0247-1.pdf\">https:\/\/annals-general-psychiatry.biomedcentral.com\/track\/pdf\/10.1186\/s12991-019-0247-1.pdf<\/a><\/p>\n<p>&nbsp;<\/p>\n<p>G\u00e1l, Z; Huse, RJ; Gonda, X; Kumar, S; Juh\u00e1sz, G; Bagdy, G; Petschner, P.<\/p>\n<p><em>Szorong\u00e1s \u00e9s depresszi\u00f3 \u2013 a v\u00e9r-agy g\u00e1t integrit\u00e1s\u00e1nak szerepe.<\/em><\/p>\n<p><strong><em>Neuropsychopharmacologia Hungarica<\/em><\/strong> 21(1): 19-25. (2019)<\/p>\n<p>Link: <a href=\"http:\/\/real.mtak.hu\/100181\/1\/gal_honlapra.pdf\">http:\/\/real.mtak.hu\/100181\/1\/gal_honlapra.pdf<\/a><\/p>\n<p>&nbsp;<\/p>\n<p>Gonda, X; Petschner, P; Eszl\u00e1ri, N; Baksa, D; \u00c9des, A; Antal, P; Juh\u00e1sz, G; Bagdy, G.<\/p>\n<p><em>Genetic variants in major depressive disorder: From pathophysiology to therapy.<\/em><\/p>\n<p><strong><em>Pharmacology &amp; Therapeutics<\/em><\/strong> 194: 22-43. (2019)<\/p>\n<p>Link: <a href=\"https:\/\/www.sciencedirect.com\/science\/article\/abs\/pii\/S0163725818301566?via%3Dihub\">https:\/\/www.sciencedirect.com\/science\/article\/abs\/pii\/S0163725818301566?via%3Dihub<\/a><\/p>\n<p>&nbsp;<\/p>\n<p>Gonda, X; Petschner, P; Eszl\u00e1ri, N; S\u00fct\u00f6ri, S; G\u00e1l, Z; Koncz, S; Anderson, IM; Deakin, JFW; Juh\u00e1sz, G; Bagdy, G.<\/p>\n<p><em>Effects of Different Stressors Are Modulated by Different Neurobiological Systems: The Role of GABA-A Versus CB1 Receptor Gene Variants in Anxiety and Depression.<\/em><\/p>\n<p><strong><em>Frontiers in Cellular Neuroscience<\/em><\/strong> 13(138): 1-12. (2019)<\/p>\n<p>Link: <a href=\"https:\/\/www.ncbi.nlm.nih.gov\/pmc\/articles\/PMC6467241\/\">https:\/\/www.ncbi.nlm.nih.gov\/pmc\/articles\/PMC6467241\/<\/a><\/p>\n<p>&nbsp;<\/p>\n<p>Gonda, X; Sharma, SR; Tarazi, FI.<\/p>\n<p><em>Vortioxetine: a novel antidepressant for the treatment of major depressive disorder.<\/em><\/p>\n<p><strong><em>Expert Opinion on Drug Discovery<\/em><\/strong> 14(1): 81-89. (2019)<\/p>\n<p>Link: <a href=\"https:\/\/www.tandfonline.com\/doi\/abs\/10.1080\/17460441.2019.1546691?journalCode=iedc20\">https:\/\/www.tandfonline.com\/doi\/abs\/10.1080\/17460441.2019.1546691?journalCode=iedc20<\/a><\/p>\n<p>&nbsp;<\/p>\n<p>Hull\u00e1m, G; Antal, P; Petschner, P; Gonda, X; Bagdy, G; Deakin, JFW; Juh\u00e1sz, G.<\/p>\n<p><em>The UKB envirome of depression: from interactions to synergistic effects: from interactions to synergistic effects.<\/em><\/p>\n<p><strong><em>Scientific Reports<\/em><\/strong> 9(9723): 1-19. (2019)<\/p>\n<p>Link: <a href=\"https:\/\/www.nature.com\/articles\/s41598-019-46001-5.pdf\">https:\/\/www.nature.com\/articles\/s41598-019-46001-5.pdf<\/a><\/p>\n<p>&nbsp;<\/p>\n<p>K\u00f6r\u00f6si, B; V\u00e9csey-Nagy, M; Kolossv\u00e1ry, M; Nemcsik-Bencze, Z; Szilveszter, B; L\u00e1szl\u00f3, A; Batta, D; Gonda, X; Merkely, B; Rihmer, Z et al.<\/p>\n<p><em>Association between Cyclothymic Affective Temperament and Age of Onset of Hypertension.<\/em><\/p>\n<p><strong><em>International Journal of Hypertension<\/em><\/strong> 9248247: 1-6 p. (2019)<\/p>\n<p>Link: <a href=\"https:\/\/www.ncbi.nlm.nih.gov\/pmc\/articles\/PMC6885767\/pdf\/IJHY2019-9248247.pdf\">https:\/\/www.ncbi.nlm.nih.gov\/pmc\/articles\/PMC6885767\/pdf\/IJHY2019-9248247.pdf<\/a><\/p>\n<p>&nbsp;<\/p>\n<p>Kumar, S; G\u00e1l, Z; Gonda, X; Huse, RJ; Juh\u00e1sz, G; Bagdy, G; Petschner, P.<\/p>\n<p><em>Transcriptomic changes following chronic administration of selective serotonin reuptake inhibitors: A review of animal studies.<\/em><\/p>\n<p><strong><em>Neuropsychopharmacologia Hungarica<\/em><\/strong> 21(1): 26-35. (2019)<\/p>\n<p>Link: <a href=\"https:\/\/mppt.hu\/magazin\/pdf\/xxi-evfolyam-1-szam\/kumar_honlapra.pdf\">https:\/\/mppt.hu\/magazin\/pdf\/xxi-evfolyam-1-szam\/kumar_honlapra.pdf<\/a><\/p>\n<p>&nbsp;<\/p>\n<p>Laz\u00e1ry, J; Eszl\u00e1ri, N; Juh\u00e1sz, G; Bagdy, G.<\/p>\n<p><em>A functional variant of CB2 receptor gene interacts with childhood trauma and FAAH gene on anxious and depressive phenotypes<\/em>.<\/p>\n<p><strong><em>Journal of Affective Disorders<\/em><\/strong> 257: 716-722. (2019)<\/p>\n<p>Link: <a href=\"https:\/\/linkinghub.elsevier.com\/retrieve\/pii\/S0165-0327(19)30362-3\">https:\/\/linkinghub.elsevier.com\/retrieve\/pii\/S0165-0327(19)30362-3<\/a><\/p>\n<p>&nbsp;<\/p>\n<p>Serafini, G; Santi, F; Gonda, X; Aguglia, A; Fiorillo, A; Pompili, M; Carvalho, AF; Amore, M.<\/p>\n<p><em>Predictors of recurrence in a sample of 508 outpatients with major depressive disorder.<\/em><\/p>\n<p><strong><em>Journal of Psychiatric Research<\/em><\/strong> 114: 80-87. (2019)<\/p>\n<p>Link: <a href=\"https:\/\/www.sciencedirect.com\/science\/article\/abs\/pii\/S002239561831135X\">https:\/\/www.sciencedirect.com\/science\/article\/abs\/pii\/S002239561831135X<\/a><\/p>\n<p>&nbsp;<\/p>\n<p>Serafini, G; Gonda, X; Aguglia, A; Amerio, A; Santi, F; Pompili, M; Amore, M.<\/p>\n<p><em>Bipolar subtypes and their clinical correlates in a sample of 391 bipolar individuals.<\/em><\/p>\n<p><strong><em>Psychiatry Research<\/em><\/strong> 281(112528) (2019)<\/p>\n<p>Link: <a href=\"https:\/\/www.sciencedirect.com\/science\/article\/abs\/pii\/S0165178119315999?via%3Dihub\">https:\/\/www.sciencedirect.com\/science\/article\/abs\/pii\/S0165178119315999?via%3Dihub<\/a><\/p>\n<p>&nbsp;<\/p>\n<p style=\"text-align: center\"><strong>2018<\/strong><\/p>\n<p>Gonda, X, Hull\u00e1m, G; Antal, P; Eszl\u00e1ri, N; Petschner, P; H\u00f6kfelt, TG; Anderson, IM; Deakin, JFW; Juh\u00e1sz, G; Bagdy, G.<\/p>\n<p><em>Significance of risk polymorphisms for depression depends on stress exposure.<\/em><\/p>\n<p><strong><em>Scientific Reports<\/em><\/strong> 8(3946): 1-10 p. (2018)<\/p>\n<p>Link: <a href=\"https:\/\/www.nature.com\/articles\/s41598-018-22221-z.pdf\">https:\/\/www.nature.com\/articles\/s41598-018-22221-z.pdf<\/a><\/p>\n<p>&nbsp;<\/p>\n<p>Hokfelt, Tomas; Barde, Swapnali; Xu, Zhi-Qing David; Kuteeva, Eugenia; Ruegg, Joelle; Le, Maitre Erwan; Risling, Marten; Kehr, Jan; Ihnatko, Robert; Theodorsson, Elvar Palkovits Miklos, Deakin William, Bagdy Gyorgy, Juhasz Gabriella, Prud&#8217;homme H. Josee, Mechawar Naguib, Diaz-Heijtz Rochellys, Ogren Sven Ove<\/p>\n<p><em>Neuropeptide and Small Transmitter Coexistence: Fundamental Studies and Relevance to Mental Illness<\/em><\/p>\n<p><strong><em>Frontiers In Neural Circuits<\/em><\/strong> 12 Paper: 106 , 40 p. (2018)<\/p>\n<p>Link: <a href=\"https:\/\/www.frontiersin.org\/articles\/10.3389\/fncir.2018.00106\/full\">https:\/\/www.frontiersin.org\/articles\/10.3389\/fncir.2018.00106\/full<\/a><\/p>\n<p>&nbsp;<\/p>\n","protected":false},"excerpt":{"rendered":"<p>2021 Gonda, X; Petschner, P. Genes, depression, and nuclear DNA. In: Martin, C; Hunter, LA; Patel, V; Preedy, V; Rajendram, R. The Neuroscience of Depression (1st Edition) Genetics, Cell Biology, Neurology, Behaviour and Diet. Academic Press: London, United Kingdom: p. in press (2021) Link: <a href=\"https:\/\/www.elsevier.com\/books\/the-neuroscience-of-depression\/martin\/978-0-12-817935-2\">https:\/\/www.elsevier.com\/books\/the-neuroscience-of-depression\/martin\/978-0-12-817935-2<\/a> &nbsp; Lyon, KA; Elliott, R; Brown, LJE; Eszl\u00e1ri, N; Juh\u00e1sz, G. &hellip;<\/p>\n","protected":false},"author":101145,"featured_media":0,"parent":2569,"menu_order":0,"comment_status":"closed","ping_status":"closed","template":"","meta":{"_acf_changed":false,"footnotes":""},"categories":[],"tags":[],"class_list":["post-3158","page","type-page","status-publish","hentry"],"acf":[],"_links":{"self":[{"href":"https:\/\/semmelweis.hu\/gyogyszerhatastan\/wp-json\/wp\/v2\/pages\/3158","targetHints":{"allow":["GET"]}}],"collection":[{"href":"https:\/\/semmelweis.hu\/gyogyszerhatastan\/wp-json\/wp\/v2\/pages"}],"about":[{"href":"https:\/\/semmelweis.hu\/gyogyszerhatastan\/wp-json\/wp\/v2\/types\/page"}],"author":[{"embeddable":true,"href":"https:\/\/semmelweis.hu\/gyogyszerhatastan\/wp-json\/wp\/v2\/users\/101145"}],"replies":[{"embeddable":true,"href":"https:\/\/semmelweis.hu\/gyogyszerhatastan\/wp-json\/wp\/v2\/comments?post=3158"}],"version-history":[{"count":1,"href":"https:\/\/semmelweis.hu\/gyogyszerhatastan\/wp-json\/wp\/v2\/pages\/3158\/revisions"}],"predecessor-version":[{"id":3159,"href":"https:\/\/semmelweis.hu\/gyogyszerhatastan\/wp-json\/wp\/v2\/pages\/3158\/revisions\/3159"}],"up":[{"embeddable":true,"href":"https:\/\/semmelweis.hu\/gyogyszerhatastan\/wp-json\/wp\/v2\/pages\/2569"}],"wp:attachment":[{"href":"https:\/\/semmelweis.hu\/gyogyszerhatastan\/wp-json\/wp\/v2\/media?parent=3158"}],"wp:term":[{"taxonomy":"category","embeddable":true,"href":"https:\/\/semmelweis.hu\/gyogyszerhatastan\/wp-json\/wp\/v2\/categories?post=3158"},{"taxonomy":"post_tag","embeddable":true,"href":"https:\/\/semmelweis.hu\/gyogyszerhatastan\/wp-json\/wp\/v2\/tags?post=3158"}],"curies":[{"name":"wp","href":"https:\/\/api.w.org\/{rel}","templated":true}]}}