{"id":3154,"date":"2021-09-06T20:04:58","date_gmt":"2021-09-06T18:04:58","guid":{"rendered":"https:\/\/semmelweis.hu\/gyogyszerhatastan\/?page_id=3154"},"modified":"2021-09-06T20:04:58","modified_gmt":"2021-09-06T18:04:58","slug":"mediamegjelenesek-eloadasok","status":"publish","type":"page","link":"https:\/\/semmelweis.hu\/gyogyszerhatastan\/kutatas-fejlesztes\/nap-2-kutatocsoportok\/nap-2-se-uj-antidepressziv-gyogyszercelpont-kutatocsoport\/mediamegjelenesek-eloadasok\/","title":{"rendered":"M\u00e9diamegjelen\u00e9sek, el\u0151ad\u00e1sok"},"content":{"rendered":"<ol>\n<li>Petschner P\u00e9ter,\u00a0Petschner Anna, Bagdy Gy\u00f6rgy.<\/li>\n<\/ol>\n<p style=\"padding-left: 40px\"><a href=\"https:\/\/m2.mtmt.hu\/gui2\/?mode=browse&amp;params=publication;31776370\">Egy vita a depresszi\u00f3kutat\u00e1s t\u00f6rt\u00e9net\u00e9b\u0151l: Elhiggy\u00fck, vagy k\u00e9tkedve fogadjuk a tudom\u00e1nyos eredm\u00e9nyeket?<\/a><\/p>\n<p style=\"padding-left: 40px\"><em>Term\u00e9szet Vil\u00e1ga<\/em>\u00a0149(5): 228-232.\u00a0(2018)<\/p>\n<ol start=\"2\">\n<li>Kutat\u00f3k \u00c9jszak\u00e1ja, Semmelweis Egyetem, 2018.09.28.<\/li>\n<\/ol>\n<ul>\n<li style=\"list-style-type: none\">\n<ul>\n<li>Baksa D\u00e1niel: <em>Depresszi\u00f3(s)ok &#8211; A g\u00e9nekt\u0151l a depresszi\u00f3ig<\/em><\/li>\n<li>Gonda X\u00e9nia: <em>Der\u0171re bor\u00fa: a depresszi\u00f3s g\u00e9nek napf\u00e9nyes \u00e9s s\u00f6t\u00e9t oldala<\/em><\/li>\n<li>Eszl\u00e1ri N\u00f3ra: <em>Mi a k\u00f6z\u00f6s benn\u00fcnk \u00e9s a tehenekben? \u2013 A (rossz \u00e9lm\u00e9nyeken val\u00f3) r\u00e1g\u00f3d\u00e1s alapjai<\/em><\/li>\n<\/ul>\n<\/li>\n<\/ul>\n<ol start=\"3\">\n<li>Eszl\u00e1ri N\u00f3ra: <em>A depresszi\u00f3 genetikai h\u00e1tter\u00e9nek vizsg\u00e1lata a Gy\u00f3gyszerhat\u00e1stani Int\u00e9zetben<\/em> (el\u0151ad\u00e1s)<\/li>\n<\/ol>\n<p style=\"padding-left: 40px\">Kerpel-Fronius Tehets\u00e9ggondoz\u00f3 Program tan\u00e1csa \u00e1ltal szervezett\u00a0k\u00f6z\u00e9piskolai tehets\u00e9gnap, Semmelweis Egyetem, Budapest, 2018.12.05.<\/p>\n<ol start=\"4\">\n<li>Gonda X\u00e9nia,\u00a0Petschner Anna,\u00a0Bagdy Gy\u00f6rgy.<\/li>\n<\/ol>\n<p style=\"padding-left: 40px\"><a href=\"https:\/\/m2.mtmt.hu\/gui2\/?mode=browse&amp;params=publication;30605685\">Anyagi gondok vagy hal\u00e1leset? A depresszi\u00f3 \u00e9s a stressz \u00f6sszef\u00fcgg\u00e9sei<\/a>.<\/p>\n<p style=\"padding-left: 40px\"><em>Term\u00e9szet Vil\u00e1ga<\/em>\u00a0150(4): 151-155.\u00a0(2019)<\/p>\n<ol start=\"5\">\n<li>Gonda X\u00e9nia, Petschner Anna: Mi rejlik az \u00f6ngyilkoss\u00e1g m\u00f6g\u00f6tt? Genetikai \u00e9s k\u00f6rnyezeti t\u00e9nyez\u0151k. <em>\u00c9let \u00e9s Tudom\u00e1ny<\/em> 2019\/25. 774-777.\n<\/li>\n<li>Kutat\u00f3k \u00c9jszak\u00e1ja, Semmelweis Egyetem, 2019.09.27.<\/li>\n<\/ol>\n<ul>\n<li style=\"list-style-type: none\">\n<ul>\n<li>Baksa D\u00e1niel: <em>Depresszi\u00f3(s)ok &#8211; A g\u00e9nekt\u0151l a depresszi\u00f3ig<\/em><\/li>\n<li>Gonda X\u00e9nia: <em>Es\u0151 veri, sz\u00e9l f\u00fajja, nap sz\u00edvja: kis k\u00f6rnyezetismeret \u00f3ra a depresszi\u00f3 h\u00e1tter\u00e9ben \u00e1ll\u00f3 g\u00e9n-k\u00f6rnyezet k\u00f6lcs\u00f6nhat\u00e1sokr\u00f3l<\/em><\/li>\n<li>Eszl\u00e1ri N\u00f3ra: <em>Mi a k\u00f6z\u00f6s benn\u00fcnk \u00e9s a tehenekben? \u2013 A (rossz \u00e9lm\u00e9nyeken val\u00f3) r\u00e1g\u00f3d\u00e1s alapjai<\/em><\/li>\n<\/ul>\n<\/li>\n<\/ul>\n<ol start=\"7\">\n<li>Semmelweis Eg\u00e9szs\u00e9g Napok, <strong>12.06.<\/strong><\/li>\n<\/ol>\n<p style=\"padding-left: 40px\"><a href=\"https:\/\/semmelweis.hu\/250\/semmelweis-egeszseg-napok\/molekulaktol-az-ursebeszetig\/\">https:\/\/semmelweis.hu\/250\/semmelweis-egeszseg-napok\/molekulaktol-az-ursebeszetig\/<\/a><\/p>\n<p style=\"padding-left: 40px\"><em>Hangulatunk a rohan\u00f3 vil\u00e1gban \u2013 fenn \u00e9s lenn<\/em> (4 r\u00f6vid el\u0151ad\u00e1s az elm\u00e9r\u0151l)<\/p>\n<ul>\n<li style=\"list-style-type: none\">\n<ul>\n<li>Baksa D\u00e1niel: <em>Depresszi\u00f3|s|ok \u2013 A g\u00e9nekt\u0151l a depresszi\u00f3ig<\/em><\/li>\n<li>Eszl\u00e1ri N\u00f3ra: <em>Mi a k\u00f6z\u00f6s benn\u00fcnk \u00e9s a tehenekben? A (rossz \u00e9lm\u00e9nyeken val\u00f3) r\u00e1g\u00f3d\u00e1s alapjai<\/em><\/li>\n<li>Gecse Kinga: <em>F\u00e1jdalom, a k\u00e9pzelet \u00e9s val\u00f3s\u00e1g hat\u00e1r\u00e1n<\/em><\/li>\n<li>Petschner P\u00e9ter: <em>Ekszt\u00e1zis az ecstasy k\u00f6r\u00fcl<\/em><\/li>\n<\/ul>\n<\/li>\n<\/ul>\n<ol start=\"8\">\n<li>Gonda X\u00e9nia, Petschner Anna: Mit (nem) tudunk a depresszi\u00f3 h\u00e1tter\u00e9r\u0151l? Agyi t\u00f6rt\u00e9n\u00e9sek c\u00e9lzott kezel\u00e9se. <em>Term\u00e9szet Vil\u00e1ga<\/em> 151(2): 55-55. (2020)\n<\/li>\n<li>Gonda X\u00e9nia, Petschner Anna: A lehangolts\u00e1g ezer arca: A depresszi\u00f3 alt\u00edpusai \u2013 legenyh\u00e9bbt\u0151l a legs\u00falyosabbig. <em>\u00c9let \u00e9s Tudom\u00e1ny<\/em> 2020\/16. 492-494.\n<\/li>\n<li>Petschner Anna, Bagdy Gy\u00f6rgy: Tudom\u00e1ny, tud\u00f3sok \u00e9s ahogy besz\u00e9l\u00fcnk r\u00f3lunk \u2013 G\u00e9nt\u0151l a l\u00e9lekig, \u00f6tlett\u0151l a projektig. <em>Term\u00e9szet Vil\u00e1ga <\/em>151(9): 392-397.\n<\/li>\n<li>Petschner Anna, Bagdy Gy\u00f6rgy: Komplex kutat\u00e1s kezd\u0151dik \u2013 G\u00e9nt\u0151l a l\u00e9lekig, \u00f6tlett\u0151l a projektig 2. <em>Term\u00e9szet Vil\u00e1ga <\/em>151(10): 467-471.\n<\/li>\n<li>Kutat\u00f3k \u00c9jszak\u00e1ja, Semmelweis Egyetem, 2020.11.27.<\/li>\n<\/ol>\n<ul>\n<li style=\"list-style-type: none\">\n<ul>\n<li>Baksa D\u00e1niel: <em>Depresszi\u00f3(s)ok &#8211; A g\u00e9nekt\u0151l a depresszi\u00f3ig<\/em><\/li>\n<li>Gonda X\u00e9nia: <em>Es\u0151 veri, sz\u00e9l f\u00fajja, nap sz\u00edvja: kis k\u00f6rnyezetismeret \u00f3ra a depresszi\u00f3 h\u00e1tter\u00e9ben \u00e1ll\u00f3 g\u00e9n-k\u00f6rnyezet k\u00f6lcs\u00f6nhat\u00e1sokr\u00f3l<\/em><\/li>\n<li>Eszl\u00e1ri N\u00f3ra: <em>Mi a k\u00f6z\u00f6s benn\u00fcnk \u00e9s a tehenekben? \u2013 A (rossz \u00e9lm\u00e9nyeken val\u00f3) r\u00e1g\u00f3d\u00e1s alapjai<\/em><\/li>\n<\/ul>\n<\/li>\n<\/ul>\n<ol start=\"13\">\n<li>G\u00c9NJEINKVIZSG\u00c1LATA\u00a0LEHET A DEPRESSZI\u00d3 \u00daJ GY\u00d3GYSZEREINEK KIINDUL\u00d3PONTJA<\/li>\n<\/ol>\n<p style=\"padding-left: 40px\"><a href=\"https:\/\/agykutatas.hu\/fohir\/genjeink-vizsgalata-lehet-a-depresszio-uj-gyogyszereinek-kiindulopontja\/\">https:\/\/agykutatas.hu\/fohir\/genjeink-vizsgalata-lehet-a-depresszio-uj-gyogyszereinek-kiindulopontja\/<\/a><\/p>\n<ol start=\"14\">\n<li>Hargittay Csenge; Gonda, X\u00e9nia; M\u00e1rkus, Bernadett; V\u00f6r\u00f6s, Kriszti\u00e1n; Kalabay, L\u00e1szl\u00f3; Rihmer, Zolt\u00e1n; Torzsa, P\u00e9ter: A depresszi\u00f3 \u00e9s a cukorbetegs\u00e9g k\u00f6zti k\u00e9tir\u00e1ny\u00fa kapcsolat: A depresszi\u00f3 sz\u0171r\u00e9s\u00e9nek fontoss\u00e1ga cukorbetegs\u00e9gben. <em>Medical Tribune<\/em> 19: 1 p. 18 (2021)<\/li>\n<\/ol>\n","protected":false},"excerpt":{"rendered":"<p>Petschner P\u00e9ter,\u00a0Petschner Anna, Bagdy Gy\u00f6rgy. <a href=\"https:\/\/m2.mtmt.hu\/gui2\/?mode=browse&amp;params=publication;31776370\">Egy vita a depresszi\u00f3kutat\u00e1s t\u00f6rt\u00e9net\u00e9b\u0151l: Elhiggy\u00fck, vagy k\u00e9tkedve fogadjuk a tudom\u00e1nyos eredm\u00e9nyeket?<\/a> Term\u00e9szet Vil\u00e1ga\u00a0149(5): 228-232.\u00a0(2018) Kutat\u00f3k \u00c9jszak\u00e1ja, Semmelweis Egyetem, 2018.09.28. Baksa D\u00e1niel: Depresszi\u00f3(s)ok &#8211; A g\u00e9nekt\u0151l a depresszi\u00f3ig Gonda X\u00e9nia: Der\u0171re bor\u00fa: a depresszi\u00f3s g\u00e9nek napf\u00e9nyes \u00e9s s\u00f6t\u00e9t oldala Eszl\u00e1ri N\u00f3ra: Mi a k\u00f6z\u00f6s benn\u00fcnk \u00e9s a tehenekben? \u2013 A (rossz \u00e9lm\u00e9nyeken val\u00f3) r\u00e1g\u00f3d\u00e1s alapjai Eszl\u00e1ri N\u00f3ra: A depresszi\u00f3 genetikai h\u00e1tter\u00e9nek vizsg\u00e1lata &hellip;<\/p>\n","protected":false},"author":101145,"featured_media":0,"parent":2569,"menu_order":0,"comment_status":"closed","ping_status":"closed","template":"","meta":{"_acf_changed":false,"footnotes":""},"categories":[],"tags":[],"class_list":["post-3154","page","type-page","status-publish","hentry"],"acf":[],"_links":{"self":[{"href":"https:\/\/semmelweis.hu\/gyogyszerhatastan\/wp-json\/wp\/v2\/pages\/3154","targetHints":{"allow":["GET"]}}],"collection":[{"href":"https:\/\/semmelweis.hu\/gyogyszerhatastan\/wp-json\/wp\/v2\/pages"}],"about":[{"href":"https:\/\/semmelweis.hu\/gyogyszerhatastan\/wp-json\/wp\/v2\/types\/page"}],"author":[{"embeddable":true,"href":"https:\/\/semmelweis.hu\/gyogyszerhatastan\/wp-json\/wp\/v2\/users\/101145"}],"replies":[{"embeddable":true,"href":"https:\/\/semmelweis.hu\/gyogyszerhatastan\/wp-json\/wp\/v2\/comments?post=3154"}],"version-history":[{"count":2,"href":"https:\/\/semmelweis.hu\/gyogyszerhatastan\/wp-json\/wp\/v2\/pages\/3154\/revisions"}],"predecessor-version":[{"id":3156,"href":"https:\/\/semmelweis.hu\/gyogyszerhatastan\/wp-json\/wp\/v2\/pages\/3154\/revisions\/3156"}],"up":[{"embeddable":true,"href":"https:\/\/semmelweis.hu\/gyogyszerhatastan\/wp-json\/wp\/v2\/pages\/2569"}],"wp:attachment":[{"href":"https:\/\/semmelweis.hu\/gyogyszerhatastan\/wp-json\/wp\/v2\/media?parent=3154"}],"wp:term":[{"taxonomy":"category","embeddable":true,"href":"https:\/\/semmelweis.hu\/gyogyszerhatastan\/wp-json\/wp\/v2\/categories?post=3154"},{"taxonomy":"post_tag","embeddable":true,"href":"https:\/\/semmelweis.hu\/gyogyszerhatastan\/wp-json\/wp\/v2\/tags?post=3154"}],"curies":[{"name":"wp","href":"https:\/\/api.w.org\/{rel}","templated":true}]}}