{"id":3115,"date":"2021-05-20T13:34:05","date_gmt":"2021-05-20T11:34:05","guid":{"rendered":"https:\/\/semmelweis.hu\/gyogyszerhatastan\/?page_id=3115"},"modified":"2024-01-11T11:03:03","modified_gmt":"2024-01-11T10:03:03","slug":"vke-hu","status":"publish","type":"page","link":"https:\/\/semmelweis.hu\/gyogyszerhatastan\/kutatas-fejlesztes\/vke-hu\/","title":{"rendered":"VKE Kutat\u00f3csoport"},"content":{"rendered":"<p><img loading=\"lazy\" decoding=\"async\" class=\"alignnone size-large wp-image-3120\" src=\"https:\/\/semmelweis.hu\/gyogyszerhatastan\/files\/2021\/05\/Tabla-1024x707.jpg\" alt=\"\" width=\"690\" height=\"476\" srcset=\"https:\/\/semmelweis.hu\/gyogyszerhatastan\/files\/2021\/05\/Tabla-1024x707.jpg 1024w, https:\/\/semmelweis.hu\/gyogyszerhatastan\/files\/2021\/05\/Tabla-300x207.jpg 300w, https:\/\/semmelweis.hu\/gyogyszerhatastan\/files\/2021\/05\/Tabla-768x531.jpg 768w, https:\/\/semmelweis.hu\/gyogyszerhatastan\/files\/2021\/05\/Tabla-434x300.jpg 434w, https:\/\/semmelweis.hu\/gyogyszerhatastan\/files\/2021\/05\/Tabla-175x120.jpg 175w, https:\/\/semmelweis.hu\/gyogyszerhatastan\/files\/2021\/05\/Tabla.jpg 1200w\" sizes=\"auto, (max-width: 690px) 100vw, 690px\" \/><\/p>\n<p>A centr\u00e1lis hat\u00e1s\u00fa izomrelax\u00e1ns hat\u00f3anyaggal folytatott gy\u00f3gyszertechnol\u00f3giai, farmakol\u00f3giai \u00e9s klinikai vizsg\u00e1latok<\/p>\n<p>Projekt azonos\u00edt\u00f3: <strong>2018-1.3.1-VKE-2018-00030<\/strong><\/p>\n<p>Konzorciumvezet\u0151: Meditop Gy\u00f3gyszeripari Kft.<\/p>\n<p>Konzorciumi tagok:<\/p>\n<ul>\n<li>Semmelweis Egyetem Gy\u00f3gyszerhat\u00e1stani Int\u00e9zet<\/li>\n<li>Semmelweis Egyetem Neurol\u00f3giai Klinika<\/li>\n<\/ul>\n<p>Kutat\u00e1si alprojekt c\u00edme a Gy\u00f3gyszerhat\u00e1stani Int\u00e9zetben: A tolperison allodyni\u00e1ra \u00e9s hyperalgesi\u00e1ra kifejtett hat\u00e1s\u00e1nak \u00e9s molekul\u00e1ris hat\u00e1sm\u00f3dj\u00e1nak vizsg\u00e1lata \u00e1llatmodelleken \u00e9s in vitro teszteken<\/p>\n<p>Alprojektvezet\u0151: Dr. Sz\u00f6k\u0151 \u00c9va, egyetemi tan\u00e1r<\/p>\n<p>T\u00e9mavezet\u0151k: Dr. T\u00e1bi Tam\u00e1s, egyetemi docens \u00e9s Dr. Al-Khrasani Mahmoud, egyetemi docens<\/p>\n<p>Projekt futamideje: 2019.01.01-2023.12.31.<\/p>\n<p>&nbsp;<\/p>\n","protected":false},"excerpt":{"rendered":"<p>A centr\u00e1lis hat\u00e1s\u00fa izomrelax\u00e1ns hat\u00f3anyaggal folytatott gy\u00f3gyszertechnol\u00f3giai, farmakol\u00f3giai \u00e9s klinikai vizsg\u00e1latok Projekt azonos\u00edt\u00f3: 2018-1.3.1-VKE-2018-00030 Konzorciumvezet\u0151: Meditop Gy\u00f3gyszeripari Kft. Konzorciumi tagok: Semmelweis Egyetem Gy\u00f3gyszerhat\u00e1stani Int\u00e9zet Semmelweis Egyetem Neurol\u00f3giai Klinika Kutat\u00e1si alprojekt c\u00edme a Gy\u00f3gyszerhat\u00e1stani Int\u00e9zetben: A tolperison allodyni\u00e1ra \u00e9s hyperalgesi\u00e1ra kifejtett hat\u00e1s\u00e1nak \u00e9s molekul\u00e1ris hat\u00e1sm\u00f3dj\u00e1nak vizsg\u00e1lata \u00e1llatmodelleken \u00e9s in vitro teszteken Alprojektvezet\u0151: Dr. Sz\u00f6k\u0151 \u00c9va, egyetemi &hellip;<\/p>\n","protected":false},"author":107,"featured_media":0,"parent":19,"menu_order":1,"comment_status":"closed","ping_status":"closed","template":"","meta":{"_acf_changed":false,"footnotes":""},"categories":[],"tags":[],"class_list":["post-3115","page","type-page","status-publish","hentry"],"acf":[],"_links":{"self":[{"href":"https:\/\/semmelweis.hu\/gyogyszerhatastan\/wp-json\/wp\/v2\/pages\/3115","targetHints":{"allow":["GET"]}}],"collection":[{"href":"https:\/\/semmelweis.hu\/gyogyszerhatastan\/wp-json\/wp\/v2\/pages"}],"about":[{"href":"https:\/\/semmelweis.hu\/gyogyszerhatastan\/wp-json\/wp\/v2\/types\/page"}],"author":[{"embeddable":true,"href":"https:\/\/semmelweis.hu\/gyogyszerhatastan\/wp-json\/wp\/v2\/users\/107"}],"replies":[{"embeddable":true,"href":"https:\/\/semmelweis.hu\/gyogyszerhatastan\/wp-json\/wp\/v2\/comments?post=3115"}],"version-history":[{"count":6,"href":"https:\/\/semmelweis.hu\/gyogyszerhatastan\/wp-json\/wp\/v2\/pages\/3115\/revisions"}],"predecessor-version":[{"id":3527,"href":"https:\/\/semmelweis.hu\/gyogyszerhatastan\/wp-json\/wp\/v2\/pages\/3115\/revisions\/3527"}],"up":[{"embeddable":true,"href":"https:\/\/semmelweis.hu\/gyogyszerhatastan\/wp-json\/wp\/v2\/pages\/19"}],"wp:attachment":[{"href":"https:\/\/semmelweis.hu\/gyogyszerhatastan\/wp-json\/wp\/v2\/media?parent=3115"}],"wp:term":[{"taxonomy":"category","embeddable":true,"href":"https:\/\/semmelweis.hu\/gyogyszerhatastan\/wp-json\/wp\/v2\/categories?post=3115"},{"taxonomy":"post_tag","embeddable":true,"href":"https:\/\/semmelweis.hu\/gyogyszerhatastan\/wp-json\/wp\/v2\/tags?post=3115"}],"curies":[{"name":"wp","href":"https:\/\/api.w.org\/{rel}","templated":true}]}}