{"id":30,"date":"2020-07-17T10:42:55","date_gmt":"2020-07-17T08:42:55","guid":{"rendered":"https:\/\/semmelweis.hu\/trajectome\/?page_id=30"},"modified":"2025-11-27T14:02:52","modified_gmt":"2025-11-27T13:02:52","slug":"a-nemzetkozi-konzorcium-tagjai","status":"publish","type":"page","link":"https:\/\/semmelweis.hu\/gyogyszerhatastan\/kutatas-fejlesztes\/korabbi-palyazatok\/trajectome\/a-nemzetkozi-konzorcium-tagjai\/","title":{"rendered":"A nemzetk\u00f6zi konzorcium tagjai"},"content":{"rendered":"<h4><b><a href=\"https:\/\/semmelweis.hu\/\"><img loading=\"lazy\" decoding=\"async\" class=\"size-thumbnail wp-image-234 alignright\" src=\"https:\/\/semmelweis.hu\/gyogyszerhatastan\/files\/2025\/10\/Logo_univsemmelweis.svg_-150x150.png\" alt=\"\" width=\"150\" height=\"150\" srcset=\"https:\/\/semmelweis.hu\/gyogyszerhatastan\/files\/2025\/10\/Logo_univsemmelweis.svg_-150x150.png 150w, https:\/\/semmelweis.hu\/gyogyszerhatastan\/files\/2025\/10\/Logo_univsemmelweis.svg_-400x400.png 400w, https:\/\/semmelweis.hu\/gyogyszerhatastan\/files\/2025\/10\/Logo_univsemmelweis.svg_.png 512w\" sizes=\"auto, (max-width: 150px) 100vw, 150px\" \/><\/a>Gy\u00f3gyszerhat\u00e1stani Int\u00e9zet, Semmelweis Egyetem, Budapest, Magyarorsz\u00e1g <\/b><\/h4>\n<p><i><span style=\"font-weight: 400;\">Vezet\u0151:<\/span><\/i><span style=\"font-weight: 400;\"> Dr. Juh\u00e1sz Gabriella<\/span><\/p>\n<p><i><span style=\"font-weight: 400;\">Csoport tagjai:<\/span><\/i><span style=\"font-weight: 400;\"> Dr. Petschner P\u00e9ter, Dr. Hull\u00e1m G\u00e1bor, Dr. Eszl\u00e1ri N\u00f3ra, Dr. Gonda X\u00e9nia, G\u00e1l Zs\u00f3fia, Prof. Bagdy Gy\u00f6rgy, Baksa D\u00e1niel<\/span><\/p>\n<p><span style=\"font-weight: 400;\">A Gy\u00f3gyszer\u00e9sztudom\u00e1nyi Kar legfiatalabb int\u00e9zete 1979-ben alakult, legfontosabb feladata az orvos-biol\u00f3giai t\u00e1rgyak oktat\u00e1s\u00e1nak er\u0151s\u00edt\u00e9se volt a gy\u00f3gyszer\u00e9szk\u00e9pz\u00e9sben. A gy\u00f3gyszerhat\u00e1stan \u00e9s m\u00e1s biol\u00f3giai szeml\u00e9let\u0171 gy\u00f3gyszer k\u00f6zpont\u00fa t\u00e1rgyak ma is az oktat\u00e1s f\u0151 profilj\u00e1t alkotj\u00e1k. Emellett magas sz\u00ednvonal\u00fa farmakol\u00f3giai kutat\u00e1sok folynak az int\u00e9zetben, amelyek f\u0151 c\u00e9lpontja a k\u00f6zponti idegrendszer farmakol\u00f3gi\u00e1ja. Az int\u00e9zet munkat\u00e1rsai 2013 \u00f3ta sz\u00e1mtalan p\u00e1ly\u00e1zatot nyertek el, aminek eredm\u00e9nyek\u00e9nt h\u00e1rom kutat\u00f3csoport alakult: az MTA-SE Neuropszichofarmakol\u00f3giai \u00e9s Neurok\u00e9miai Kutat\u00f3csoport, a NAP2-SE (kor\u00e1bban NAP-A-SE) \u00daj Antidepressz\u00edv Gy\u00f3gyszerc\u00e9lpont Kutat\u00f3csoport \u00e9s az SE-NAP2 (kor\u00e1bban MTA-SE-NAP B) Genetikai Agyi K\u00e9palkot\u00f3 Migr\u00e9n Kutat\u00f3 Csoport. Az el\u0151bbi kett\u0151 els\u0151sorban a depresszi\u00f3 genetikai \u00e9s k\u00f6rnyezeti k\u00f6lcs\u00f6nhat\u00e1sait vizsg\u00e1lta, lehets\u00e9ges gy\u00f3gyszerc\u00e9lpontok ut\u00e1n kutatva. Az ut\u00f3bbi migr\u00e9nes \u00e9s eg\u00e9szs\u00e9ges szem\u00e9lyek agyi m\u0171k\u00f6d\u00e9s\u00e9t vizsg\u00e1lta, olyan markerek ut\u00e1n kutatva, amelyek felel\u0151sek a stresszel szembeni ellen\u00e1ll\u00f3k\u00e9pess\u00e9g \u00e9s f\u00e1jdalom\u00e9szlel\u00e9s kialak\u00edt\u00e1s\u00e1\u00e9rt. A fentiek k\u00f6z\u00fcl kett\u0151 a Nemzeti Agykutat\u00e1si Program 2.0. t\u00e1mogat\u00e1s\u00e1nak k\u00f6sz\u00f6nhet\u0151en ma is akt\u00edvan tev\u00e9kenykedik. Ezek a kutat\u00e1sok \u00e9s eredm\u00e9nyeik alapozt\u00e1k meg a most l\u00e9trej\u00f6tt TRAJECTOME projektet.<\/span><\/p>\n<p><span style=\"font-weight: 400;\">Tov\u00e1bbi inform\u00e1ci\u00f3k: <\/span><a href=\"https:\/\/semmelweis.hu\/gyogyszerhatastan\/gyogyszerhatastan\/\"><span style=\"font-weight: 400;\">https:\/\/semmelweis.hu\/gyogyszerhatastan\/gyogyszerhatastan\/<\/span><\/a><\/p>\n<hr \/>\n<h4><b>Abiomics Europe Kft., Budapest, Magyarorsz\u00e1g<img loading=\"lazy\" decoding=\"async\" class=\"size-full wp-image-52 alignright\" src=\"https:\/\/semmelweis.hu\/gyogyszerhatastan\/files\/2020\/07\/abiomics.png\" alt=\"\" width=\"250\" height=\"121\" \/><\/b><\/h4>\n<p><i><span style=\"font-weight: 400;\">Vezet\u0151:<\/span><\/i><span style=\"font-weight: 400;\"> Dr. Antal P\u00e9ter<\/span><\/p>\n<p><i><span style=\"font-weight: 400;\">Csoport tagjai:<\/span><\/i><span style=\"font-weight: 400;\"> Dr. G\u00e9zsi Andr\u00e1s, Millinghoffer Andr\u00e1s, Dr. Bolg\u00e1r Bence, Dr. Temesi Tibor<\/span><\/p>\n<p><span style=\"font-weight: 400;\">Abiomics Europe Kft. (Abiomics), a kemoinformatikai \u00e9s bioinformatikai adat- \u00e9s tud\u00e1sintegr\u00e1l\u00e1s, a genetikai statisztikai adatelemz\u00e9sek t\u00e1mogat\u00e1sa \u00e9s klinikai d\u00f6nt\u00e9st\u00e1mogat\u00f3 rendszerek ter\u00fclet\u00e9n k\u00edn\u00e1l szak\u00e9rt\u0151i t\u00e1mogat\u00e1st \u00e9s szoftveres megold\u00e1sokat. Ezeken a ter\u00fcleteken t\u00f6bb hazai \u00e9s nemzetk\u00f6zi egyetemi \u00e9s akad\u00e9miai kutat\u00f3csoporttal \u00e9s gy\u00f3gyszeripari, illetve biotechnol\u00f3giai c\u00e9ggel egy\u00fcttm\u0171k\u00f6d\u00e9sben vesz\u00fcnk r\u00e9szt k\u00f6z\u00f6s kutat\u00e1sokban.<\/span><\/p>\n<p><span style=\"font-weight: 400;\">Szoftvermegold\u00e1saink a biomarker elemz\u00e9s, szem\u00e9lyreszabott medicina \u00e9s gy\u00f3gyszerkutat\u00e1s k\u00f6z\u00f6s pontjai f\u00f3kusz\u00e1lnak, \u00f6tv\u00f6zve a statisztika, d\u00f6nt\u00e9selm\u00e9let, mesters\u00e9ges intelligencia, g\u00e9pi tanul\u00e1s, sz\u00f6vegb\u00e1ny\u00e1szat \u00e9s szemantikus technol\u00f3gi\u00e1k eredm\u00e9nyeit. Speci\u00e1lis alkalmaz\u00e1saink a k\u00f6vetkez\u0151ek:<\/span><\/p>\n<ol>\n<li style=\"font-weight: 400;\"><span style=\"font-weight: 400;\">Rendszeralap\u00fa biomarker elemz\u00e9s, amely komplex le\u00edr\u00e1s\u00fa kimeneteli felt\u00e9telek eset\u00e9n is egy \u00e1tl\u00e1that\u00f3, szak\u00e9rt\u0151k sz\u00e1m\u00e1ra is \u00e9rtelmezhet\u0151 t\u00e9rk\u00e9pet ad a minim\u00e1lis, de el\u00e9gs\u00e9ges diagnosztikai markerekr\u0151l.<\/span><\/li>\n<li style=\"font-weight: 400;\"><span style=\"font-weight: 400;\">Nagy l\u00e9pt\u00e9k\u0171 inform\u00e1ci\u00f3 integr\u00e1l\u00e1s a gy\u00f3gyszerkutat\u00e1sban, amely k\u00e9miai, biol\u00f3giai, klinikai \u00e9s szem\u00e9lyes adatokat is k\u00e9pes integr\u00e1lni.<\/span><\/li>\n<li style=\"font-weight: 400;\"><span style=\"font-weight: 400;\">Genetikai adatelemz\u00e9s, amelynek keret\u00e9ben a k\u00eds\u00e9rletek tervez\u00e9s\u00e9t, adatm\u00e9rn\u00f6ki megold\u00e1sokat, statisztikai adatelemz\u00e9st \u00e9s az eredm\u00e9nyek \u00e9rtelmez\u00e9s\u00e9t is t\u00e1mogatjuk.<\/span><\/li>\n<li style=\"font-weight: 400;\"><span style=\"font-weight: 400;\">Klinikai d\u00f6nt\u00e9st\u00e1mogat\u00f3 rendszerek, amelyek a d\u00f6nt\u00e9sek mellett a diagnosztikai inform\u00e1ci\u00f3 begy\u0171jt\u00e9s\u00e9t, t\u00f6bbl\u00e9pcs\u0151s ter\u00e1pia adapt\u00edv megv\u00e1laszt\u00e1s\u00e1t vagy ak\u00e1r egy protokoll optimaliz\u00e1l\u00e1s\u00e1t is k\u00e9pes t\u00e1mogatni.<\/span><\/li>\n<\/ol>\n<p><span style=\"font-weight: 400;\">Tov\u00e1bbi inform\u00e1ci\u00f3k: <\/span><a href=\"http:\/\/www.abiomics.eu\/\"><span style=\"font-weight: 400;\">http:\/\/www.abiomics.eu\/<\/span><\/a><\/p>\n<hr \/>\n<h4><b>The Department of Public Health Solutions, Finnish Institute for Health and Welfare, Helsinki, Finnorsz\u00e1g<\/b><\/h4>\n<p><i><span style=\"font-weight: 400;\"><img loading=\"lazy\" decoding=\"async\" class=\"size-medium wp-image-3590 alignright\" src=\"https:\/\/semmelweis.hu\/gyogyszerhatastan\/files\/2020\/07\/finnish-400x75.png\" alt=\"\" width=\"400\" height=\"75\" srcset=\"https:\/\/semmelweis.hu\/gyogyszerhatastan\/files\/2020\/07\/finnish-400x75.png 400w, https:\/\/semmelweis.hu\/gyogyszerhatastan\/files\/2020\/07\/finnish.png 544w\" sizes=\"auto, (max-width: 400px) 100vw, 400px\" \/>Vezet\u0151:<\/span><\/i><span style=\"font-weight: 400;\"> Dr. Mikko Kuokkanen<\/span><\/p>\n<p><i><span style=\"font-weight: 400;\">Csoport tagjai:<\/span><\/i><span style=\"font-weight: 400;\"> Dr. Hannu M\u00e4kinen, Nita Mettinen, Teemu Paajanen<\/span><\/p>\n<p><span style=\"font-weight: 400;\">A Finnish Insitute for Health and Welfare tanulm\u00e1nyozza, monitorozza \u00e9s fejleszti azokat az int\u00e9zked\u00e9seket, amelyek el\u0151seg\u00edtik a finn lakoss\u00e1g j\u00f3l\u00e9t\u00e9t \u00e9s eg\u00e9szs\u00e9g\u00e9t. El\u0151\u00e1ll\u00edtj\u00e1k \u00e9s \u00f6sszegy\u0171jtik a kutat\u00e1sokb\u00f3l nyert \u00e9s regisztr\u00e1lt adatokat. Mindezek mellett a d\u00f6nt\u00e9shoz\u00e1st is seg\u00edtik szak\u00e9rtelm\u00fckkel \u00e9s megold\u00e1saikkal. <\/span><span style=\"font-weight: 400;\">K\u00fcl\u00f6nb\u00f6z\u0151 szervezeteket \u00e9s csoportokat is kiszolg\u00e1lnak: a korm\u00e1nyt, az \u00f6nkorm\u00e1nyzati \u00e9s tartom\u00e1nyi d\u00f6nt\u00e9shoz\u00f3kat, a szoci\u00e1lis \u00e9s eg\u00e9szs\u00e9g\u00fcgyi szektor szerepl\u0151it, k\u00fcl\u00f6nb\u00f6z\u0151 szervezeteket, a kutat\u00f3k\u00f6z\u00f6ss\u00e9get \u00e9s a nyilv\u00e1noss\u00e1got. Seg\u00edtik \u00fcgyfeleiket \u00e9s partnereiket a min\u0151s\u00e9gi \u00e9lethez a finn dinamikus, j\u00f3l\u00e9ti t\u00e1rsadalomban.<\/span><\/p>\n<p><span style=\"font-weight: 400;\">A finn Department of Public Health Solutions megold\u00e1sokat keres a k\u00f6zeg\u00e9szs\u00e9g el\u0151mozd\u00edt\u00e1s\u00e1ra. A c\u00e9l az, hogy a teljes lakoss\u00e1g a lehet\u0151 legeg\u00e9szs\u00e9gesebb legyen, amit tudom\u00e1nyos bizony\u00edt\u00e9kokon alapul\u00f3 kutat\u00e1sokkal er\u0151s\u00edtenek meg. Az Int\u00e9zet a technol\u00f3gia \u00e1ltal k\u00edn\u00e1lt lehet\u0151s\u00e9geket alkalmazza a nemzeti adatforr\u00e1sok \u00e9s a sokoldal\u00fa kutat\u00e1si hagyom\u00e1nyok jobb kihaszn\u00e1l\u00e1sa \u00e9rdek\u00e9ben. Ez lehet\u0151s\u00e9get teremt arra, hogy m\u00e9g jobb k\u00f6zeg\u00e9szs\u00e9g\u00fcgyi megold\u00e1sokat k\u00edn\u00e1ljon a finn t\u00e1rsadalom sz\u00e9les r\u00e9tege sz\u00e1m\u00e1ra.<\/span><\/p>\n<p><span style=\"font-weight: 400;\">Tov\u00e1bbi inform\u00e1ci\u00f3k: <\/span><a href=\"https:\/\/thl.fi\/en\/web\/thlfi-en\"><span style=\"font-weight: 400;\">https:\/\/thl.fi\/en\/web\/thlfi-en<\/span><\/a><span style=\"font-weight: 400;\">, <\/span><a href=\"https:\/\/thl.fi\/en\/web\/thlfi-en\/about-us\/organisation\/departments-and-units\/department-of-public-health-solutions\"><span style=\"font-weight: 400;\">https:\/\/thl.fi\/en\/web\/thlfi-en\/about-us\/organisation\/departments-and-units\/department-of-public-health-solutions<\/span><\/a><\/p>\n<hr \/>\n<h4><b>Institut d\u2019Investigacions Biom\u00e8diques August Pi i Sunyer (IDIBAPS) &#8211; Hospital Clinic de Barcelona, Barcelona, Spanyolorsz\u00e1g<\/b><\/h4>\n<p><i><span style=\"font-weight: 400;\"><img loading=\"lazy\" decoding=\"async\" class=\"wp-image-3592 alignright\" src=\"https:\/\/semmelweis.hu\/gyogyszerhatastan\/files\/2020\/07\/idi-400x263.png\" alt=\"\" width=\"154\" height=\"102\" srcset=\"https:\/\/semmelweis.hu\/gyogyszerhatastan\/files\/2020\/07\/idi-400x263.png 400w, https:\/\/semmelweis.hu\/gyogyszerhatastan\/files\/2020\/07\/idi-203x135.png 203w, https:\/\/semmelweis.hu\/gyogyszerhatastan\/files\/2020\/07\/idi.png 640w\" sizes=\"auto, (max-width: 154px) 100vw, 154px\" \/>Vezet\u0151:<\/span><\/i><span style=\"font-weight: 400;\"> Dr. Josep Roca<img loading=\"lazy\" decoding=\"async\" class=\" wp-image-54 alignright\" src=\"https:\/\/semmelweis.hu\/gyogyszerhatastan\/files\/2020\/07\/clinic.png\" alt=\"\" width=\"132\" height=\"132\" \/><br \/>\n<\/span><\/p>\n<p><i><span style=\"font-weight: 400;\">Csoport tagjai:<\/span><\/i><span style=\"font-weight: 400;\"> Dr. Isaac Cano, Ruben Gonzalez Colom, Euridice Alvaro, Dr. Miquel Bioque, Mrs. Antonieta Also, Mrs. Carme Herranz, Mr Jordi Piera, Dr. Marta Cascante<\/span><\/p>\n<p><span style=\"font-weight: 400;\">Az Institut D&#8217;Investigacions Biomediques August Pi i Sunyer egy olyan kutat\u00f3k\u00f6zpont, amely a biomedicina ter\u00fclet\u00e9n v\u00e9gzett transzl\u00e1ci\u00f3s kutat\u00e1sokkal foglalkozik. K\u00fcldet\u00e9se az, hogy egyes\u00edtse a korszer\u0171 alapkutat\u00e1st \u00e9s a min\u0151s\u00e9gi klinikai kutat\u00e1st. Az 1996-ban alap\u00edtott IDIBAPS a Catalan Ministry of Economy and Knowledge, a University of Barcelona\u2019s Faculty of Medicine, a\u00a0Hospital Cl\u00ednic de Barcelona, \u00e9s az Institut d\u2019Investigacions Biom\u00e8diques de Barcelona of the Spanish Council for Scientific Research (IIBB-CSIC)<\/span> <span style=\"font-weight: 400;\">egyes\u00fcl\u00e9s\u00e9b\u0151l j\u00f6tt l\u00e9tre. Az int\u00e9zm\u00e9ny nagyon akt\u00edv a tudom\u00e1nyos kutat\u00e1s ter\u00fclet\u00e9n, 2016-ban t\u00f6bb mint 1500 eredeti publik\u00e1ci\u00f3 jelent meg magas impakt faktorral rendelkez\u0151 tudom\u00e1nyos foly\u00f3iratokban.\u00a0<\/span><\/p>\n<p><span style=\"font-weight: 400;\">A Hospital Clinic de Barcelona (HCPB) egy egyetemi k\u00f3rh\u00e1z, amely mintegy 4000 olyan szakembert foglalkoztat, akik kiv\u00e1l\u00f3 h\u00edrn\u00e9vnek \u00f6rvendenek a klinikai ell\u00e1t\u00e1sban, a szakember k\u00e9pz\u00e9sben, \u00e9s a tudom\u00e1nyos kutat\u00e1sban hazai \u00e9s nemzetk\u00f6zi szinten. A HCPB egyszerre a lakoss\u00e1g eg\u00e9szs\u00e9g\u00fcgyi sz\u00fcks\u00e9gleteit ell\u00e1t\u00f3 k\u00f6zk\u00f3rh\u00e1z, \u00e9s hi-tech kutat\u00f3k\u00f6zpont, ami vezet\u0151 szerepet t\u00f6lt be a nemzetk\u00f6zi tudom\u00e1nyos szf\u00e9r\u00e1ban. Az elm\u00falt \u00e9vtizedben a HCPB ambici\u00f3zus programot dolgozott ki a kr\u00f3nikus betegek kezel\u00e9s\u00e9re, el\u0151mozd\u00edtva az ell\u00e1t\u00e1s \u00f6sszehangol\u00e1s\u00e1t, \u00e9s az inform\u00e1ci\u00f3s \u00e9s kommunik\u00e1ci\u00f3s technol\u00f3gi\u00e1k haszn\u00e1lat\u00e1t az 540 000 lakos integr\u00e1lt ell\u00e1t\u00e1s\u00e1re. Ezen t\u00falmen\u0151en az int\u00e9zm\u00e9ny k\u00fcl\u00f6nf\u00e9le EU projekteket vezet, melyek az orvosi kutat\u00e1sokban alkalmazhat\u00f3 rendszerbiol\u00f3giai m\u00f3dszerekkel \u00e9s sz\u00e1m\u00edt\u00f3g\u00e9pes technol\u00f3gi\u00e1k alkalmaz\u00e1s\u00e1val foglalkoznak.<\/span><\/p>\n<p><span style=\"font-weight: 400;\">Tov\u00e1bbi inform\u00e1ci\u00f3k: <\/span><a href=\"https:\/\/www.clinicbarcelona.org\/en\/idibaps\"><span style=\"font-weight: 400;\">https:\/\/www.clinicbarcelona.org\/en\/idibaps<\/span><\/a><span style=\"font-weight: 400;\">, <\/span><a href=\"https:\/\/www.hospitalclinic.org\/\"><span style=\"font-weight: 400;\">https:\/\/www.hospitalclinic.org\/<\/span><\/a><\/p>\n<hr \/>\n<h4><b>Department of Psychiatry, University Medicine Greifswald (UMG), Greifswald, Mecklenburg-West Pomerania, N\u00e9metorsz\u00e1g<\/b><\/h4>\n<p><i><span style=\"font-weight: 400;\"><img loading=\"lazy\" decoding=\"async\" class=\"alignright  wp-image-143\" src=\"https:\/\/semmelweis.hu\/gyogyszerhatastan\/files\/2021\/01\/BMBF_gefoerdert_2017_en-400x275.jpg\" alt=\"\" width=\"260\" height=\"179\" srcset=\"https:\/\/semmelweis.hu\/gyogyszerhatastan\/files\/2021\/01\/BMBF_gefoerdert_2017_en-400x275.jpg 400w, https:\/\/semmelweis.hu\/gyogyszerhatastan\/files\/2021\/01\/BMBF_gefoerdert_2017_en-768x528.jpg 768w, https:\/\/semmelweis.hu\/gyogyszerhatastan\/files\/2021\/01\/BMBF_gefoerdert_2017_en-175x120.jpg 175w, https:\/\/semmelweis.hu\/gyogyszerhatastan\/files\/2021\/01\/BMBF_gefoerdert_2017_en-753x518.jpg 753w, https:\/\/semmelweis.hu\/gyogyszerhatastan\/files\/2021\/01\/BMBF_gefoerdert_2017_en.jpg 945w\" sizes=\"auto, (max-width: 260px) 100vw, 260px\" \/><img loading=\"lazy\" decoding=\"async\" class=\"alignright  wp-image-3593\" src=\"https:\/\/semmelweis.hu\/gyogyszerhatastan\/files\/2020\/07\/univer-400x140.png\" alt=\"\" width=\"380\" height=\"133\" srcset=\"https:\/\/semmelweis.hu\/gyogyszerhatastan\/files\/2020\/07\/univer-400x140.png 400w, https:\/\/semmelweis.hu\/gyogyszerhatastan\/files\/2020\/07\/univer.png 500w\" sizes=\"auto, (max-width: 380px) 100vw, 380px\" \/>Vezet\u0151:<\/span><\/i><span style=\"font-weight: 400;\"> Dr. rer. med. Sandra Van der Auwera-Palitschka<br \/>\n<\/span><\/p>\n<p><i><span style=\"font-weight: 400;\">Csoport tagjai:<\/span><\/i><span style=\"font-weight: 400;\"> Prof. Hans J\u00f6rgen Grabe, Sarah Bonk, Kevin Kirchner<\/span><\/p>\n<p>A Greifswald-i Orvostudom\u00e1nyi Egyetem Pszichi\u00e1triai Int\u00e9zete a klinikai feladatok mellett \u2013 amibe pl. a<\/p>\n<p>depresszi\u00f3val, szorong\u00e1ssal, szem\u00e9lyis\u00e9gzavarokkal vagy m\u00e1s traum\u00e1kkal k\u00fczd\u0151 betegek ell\u00e1t\u00e1sa tartozik \u2013 a tudom\u00e1nyos \u00e9letben is r\u00e9szt vesz.<\/p>\n<p><span style=\"font-weight: 400;\">Az AG genetika Greifswald-ban azt vizsg\u00e1lja, hogy a k\u00fcl\u00f6nf\u00e9le pszichi\u00e1triai rendelleness\u00e9gek kock\u00e1zatot jelent\u0151 g\u00e9njei kapcsol\u00f3dnak-e m\u00e1s betegs\u00e9gekhez, \u00edgy szeretn\u00e9k meg\u00e9rteni e betegs\u00e9gek eredet\u00e9t, \u00e9s a korai felismer\u00e9st. Ezek a kapcsolt pszichi\u00e1triai betegs\u00e9gek lehetnek pl. a skizofr\u00e9nia vagy bipol\u00e1ris rendelleness\u00e9g, de olyan s\u00falyos \u201e\u00e1ltal\u00e1nos betegs\u00e9gek\u201d is, mint p\u00e9ld\u00e1ul a II-es t\u00edpus\u00fa cukorbetegs\u00e9g, az elh\u00edz\u00e1s vagy a sz\u00edv- \u00e9s \u00e9rrendszeri betegs\u00e9gek. A m\u00e1sik vizsg\u00e1lt t\u00e9nyez\u0151, hogy a k\u00f6rnyezet milyen m\u00e9rt\u00e9kben jelent tov\u00e1bbi kock\u00e1zatot, vagy vannak-e olyan genetikai vari\u00e1nsok, amelyek csak bizonyos k\u00f6rnyezeti t\u00e9nyez\u0151k eset\u00e9n fokozz\u00e1k egy betegs\u00e9g kialakul\u00e1s\u00e1nak lehet\u0151s\u00e9g\u00e9t. Ez k\u00fcl\u00f6n\u00f6sen fontos az egyik legsz\u00e9lesebb k\u00f6rben elterjedt ment\u00e1lis betegs\u00e9g, a depresszi\u00f3 kutat\u00e1sa szempontj\u00e1b\u00f3l.<\/span><\/p>\n<p><span style=\"font-weight: 400;\">Tov\u00e1bbi inform\u00e1ci\u00f3k: <\/span><a href=\"http:\/\/www2.medizin.uni-greifswald.de\/psych\/\"><span style=\"font-weight: 400;\">http:\/\/www2.medizin.uni-greifswald.de\/psych\/<\/span><\/a><\/p>\n","protected":false},"excerpt":{"rendered":"<p><a href=\"https:\/\/semmelweis.hu\/\"><\/a> Gy\u00f3gyszerhat\u00e1stani Int\u00e9zet, Semmelweis Egyetem, Budapest, Magyarorsz\u00e1g Vezet\u0151: Dr. Juh\u00e1sz Gabriella Csoport tagjai: Dr. Petschner P\u00e9ter, Dr. Hull\u00e1m G\u00e1bor, Dr. Eszl\u00e1ri N\u00f3ra, Dr. Gonda X\u00e9nia, G\u00e1l Zs\u00f3fia, Prof. Bagdy Gy\u00f6rgy, Baksa D\u00e1niel A Gy\u00f3gyszer\u00e9sztudom\u00e1nyi Kar legfiatalabb int\u00e9zete 1979-ben alakult, legfontosabb feladata az orvos-biol\u00f3giai t\u00e1rgyak oktat\u00e1s\u00e1nak er\u0151s\u00edt\u00e9se volt a gy\u00f3gyszer\u00e9szk\u00e9pz\u00e9sben. A gy\u00f3gyszerhat\u00e1stan \u00e9s m\u00e1s biol\u00f3giai szeml\u00e9let\u0171 gy\u00f3gyszer &hellip;<\/p>\n","protected":false},"author":101145,"featured_media":0,"parent":28,"menu_order":3,"comment_status":"closed","ping_status":"closed","template":"template-fullwidth.php","meta":{"_acf_changed":false,"footnotes":""},"categories":[],"tags":[],"class_list":["post-30","page","type-page","status-publish","hentry"],"acf":[],"_links":{"self":[{"href":"https:\/\/semmelweis.hu\/gyogyszerhatastan\/wp-json\/wp\/v2\/pages\/30","targetHints":{"allow":["GET"]}}],"collection":[{"href":"https:\/\/semmelweis.hu\/gyogyszerhatastan\/wp-json\/wp\/v2\/pages"}],"about":[{"href":"https:\/\/semmelweis.hu\/gyogyszerhatastan\/wp-json\/wp\/v2\/types\/page"}],"author":[{"embeddable":true,"href":"https:\/\/semmelweis.hu\/gyogyszerhatastan\/wp-json\/wp\/v2\/users\/101145"}],"replies":[{"embeddable":true,"href":"https:\/\/semmelweis.hu\/gyogyszerhatastan\/wp-json\/wp\/v2\/comments?post=30"}],"version-history":[{"count":2,"href":"https:\/\/semmelweis.hu\/gyogyszerhatastan\/wp-json\/wp\/v2\/pages\/30\/revisions"}],"predecessor-version":[{"id":3608,"href":"https:\/\/semmelweis.hu\/gyogyszerhatastan\/wp-json\/wp\/v2\/pages\/30\/revisions\/3608"}],"up":[{"embeddable":true,"href":"https:\/\/semmelweis.hu\/gyogyszerhatastan\/wp-json\/wp\/v2\/pages\/28"}],"wp:attachment":[{"href":"https:\/\/semmelweis.hu\/gyogyszerhatastan\/wp-json\/wp\/v2\/media?parent=30"}],"wp:term":[{"taxonomy":"category","embeddable":true,"href":"https:\/\/semmelweis.hu\/gyogyszerhatastan\/wp-json\/wp\/v2\/categories?post=30"},{"taxonomy":"post_tag","embeddable":true,"href":"https:\/\/semmelweis.hu\/gyogyszerhatastan\/wp-json\/wp\/v2\/tags?post=30"}],"curies":[{"name":"wp","href":"https:\/\/api.w.org\/{rel}","templated":true}]}}