{"id":2951,"date":"2020-05-01T10:59:00","date_gmt":"2020-05-01T08:59:00","guid":{"rendered":"https:\/\/semmelweis.hu\/gyogyszerhatastan\/?page_id=2951"},"modified":"2023-02-15T13:58:28","modified_gmt":"2023-02-15T12:58:28","slug":"publikaciok","status":"publish","type":"page","link":"https:\/\/semmelweis.hu\/gyogyszerhatastan\/kutatas-fejlesztes\/korabbi-palyazatok\/nap-b-kutatocsoport\/publikaciok\/","title":{"rendered":"A NAP B kutat\u00f3csoport publik\u00e1ci\u00f3i"},"content":{"rendered":"<p style=\"text-align: center;\"><strong>A KUTAT\u00c1S T\u00c9M\u00c1J\u00c1HOZ SZOROSAN KAPCSOL\u00d3D\u00d3 CIKKEK<\/strong><\/p>\n<p style=\"text-align: center;\"><strong>2017<\/strong><\/p>\n<p>Baksa D., Gonda X., Juh\u00e1sz G.<\/p>\n<p><em>Why are migraineurs more depressed? A review of the factors contributing to the comorbidity of migraine and depression.<\/em><\/p>\n<p><strong>Neuropsychopharmacologia Hungarica<\/strong>\u00a019(1): 37-44. (2017)<\/p>\n<p>Link:\u00a0<a href=\"https:\/\/epa.oszk.hu\/02400\/02454\/00065\/pdf\/EPA02454_neuropsychopharmacologia_hungarica_2017_01_037-044.pdf\">https:\/\/epa.oszk.hu\/02400\/02454\/00065\/pdf\/EPA02454_neuropsychopharmacologia_hungarica_2017_01_037-044.pdf<\/a><\/p>\n<p>Az \u00f6sszefoglal\u00f3 tanulm\u00e1ny a migr\u00e9n \u00e9s a depresszi\u00f3 k\u00f6z\u00f6tti kapcsolat h\u00e1tter\u00e9t t\u00e1rgyalja, \u00f6sszegy\u0171jtve a legfontosabb szakirodalmi eredm\u00e9nyeket. A cikkben kiemelt\u00fck a k\u00e9t betegs\u00e9g k\u00f6z\u00f6s genetikai rizik\u00f3faktorait, az \u00e1tfed\u0151 agyi mechanizmusokat, valamint a k\u00f6z\u00f6s k\u00f6rnyezeti (pl. stressz) \u00e9s pszichol\u00f3giai (pl. r\u00e1g\u00f3d\u00e1s) t\u00e9nyez\u0151ket.\u00a0<\/p>\n<p>&nbsp;<\/p>\n<p>\u00c9des A.E., Koz\u00e1k L.R., Magyar M., Zsomb\u00f3k T., K\u00f6k\u00f6nyei G., Bagdy G., Juh\u00e1sz G.<\/p>\n<p><em>Spontaneous migraine attack causes alterations in default mode network connectivity: a resting-state fMRI case report.<\/em><\/p>\n<p><strong>BMC Research Notes<\/strong>\u00a010(1): 165. (2017)<\/p>\n<p>Link:\u00a0<a href=\"https:\/\/bmcresnotes.biomedcentral.com\/track\/pdf\/10.1186\/s13104-017-2484-1\">https:\/\/bmcresnotes.biomedcentral.com\/track\/pdf\/10.1186\/s13104-017-2484-1<\/a><\/p>\n<p>&nbsp;<\/p>\n<p>Juh\u00e1sz G., Cs\u00e9p\u00e1ny E., Magyar M., \u00c9des A.E., Eszl\u00e1ri N., Hull\u00e1m G., Antal P., K\u00f6k\u00f6nyei G., Anderson I.M., Deakin J.F., Bagdy G.<\/p>\n<p><em>Variants in the CNR1 gene predispose to headache with nausea in the presence of life stress.<\/em><\/p>\n<p><strong>Genes, Brain and Behavior<\/strong>\u00a016(3): 384-393. (2017)<\/p>\n<p>Link:\u00a0<a href=\"https:\/\/onlinelibrary.wiley.com\/doi\/epdf\/10.1111\/gbb.12352\">https:\/\/onlinelibrary.wiley.com\/doi\/epdf\/10.1111\/gbb.12352<\/a><\/p>\n<p>&nbsp;<\/p>\n<p>Magyar, M., Gonda X., Pap D., \u00c9des A.E., Galambos A., Baksa D., Kocsel N., Szab\u00f3 E., Bagdy G., Elliott R., K\u00f6k\u00f6nyei G., Juh\u00e1sz G.<\/p>\n<p><em>Decreased Openness to Experience Is Associated with Migraine-Type Headaches in Subjects with Lifetime Depression.<\/em><\/p>\n<p><strong>Frontiers in Neurology<\/strong>\u00a08: 270. (2017)<\/p>\n<p>Link:\u00a0<a href=\"https:\/\/www.frontiersin.org\/articles\/10.3389\/fneur.2017.00270\/full\">https:\/\/www.frontiersin.org\/articles\/10.3389\/fneur.2017.00270\/full<\/a><\/p>\n<p>&nbsp;<\/p>\n<p>Kocsel N, Szab\u00f3 E, Galambos A, \u00c9des A, Pap D, Elliott R, Koz\u00e1k LR, Bagdy G, Juh\u00e1sz G, K\u00f6k\u00f6nyei G.<\/p>\n<p><em>Trait Rumination Influences Neural Correlates of the Anticipation but Not the Consumption Phase of Reward Processing.<\/em><\/p>\n<p><strong>Frontiers in Behavioral Neuroscience<\/strong> (2017)<\/p>\n<p>Link:\u00a0<a href=\"https:\/\/www.frontiersin.org\/articles\/10.3389\/fnbeh.2017.00085\/full\">https:\/\/www.frontiersin.org\/articles\/10.3389\/fnbeh.2017.00085\/full<\/a><\/p>\n<p>&nbsp;<\/p>\n<p style=\"text-align: center;\"><strong>2016<\/strong><\/p>\n<p>K\u00f6k\u00f6nyei G., Szab\u00f3 E., Kocsel N., \u00c9des A.E., Eszl\u00e1ri N., Pap D., Magyar M., Kov\u00e1cs D., Zsomb\u00f3k T., Elliott R., Anderson I.M., William Deakin J.F., Bagdy G., Juh\u00e1sz G.<\/p>\n<p><em>Rumination in migraine: Mediating effects of brooding and reflection between migraine and psychological distress.<\/em><\/p>\n<p><strong>Psychology &amp; Health<\/strong>\u00a031(12): 1481-1497. (2016)<\/p>\n<p>Link:\u00a0<a href=\"https:\/\/www.tandfonline.com\/doi\/full\/10.1080\/08870446.2016.1235166\">https:\/\/www.tandfonline.com\/doi\/full\/10.1080\/08870446.2016.1235166<\/a><\/p>\n<p>&nbsp;<\/p>\n<p>Kov\u00e1cs D., Eszl\u00e1ri N., Petschner P., Pap D., Vas S., Kov\u00e1cs P., Gonda X., Bagdy G.,\u00a0Juh\u00e1sz G.<\/p>\n<p><em>Interleukin-6 promoter polymorphism interacts with pain and life stress influencing depression phenotypes.<\/em><\/p>\n<p><strong>Journal of Neural Transmission <\/strong>123(5): 541-8. (2016)<\/p>\n<p>Link:\u00a0<a href=\"https:\/\/link.springer.com\/content\/pdf\/10.1007\/s00702-016-1506-9.pdf\">https:\/\/link.springer.com\/content\/pdf\/10.1007\/s00702-016-1506-9.pdf<\/a><\/p>\n<p>&nbsp;<\/p>\n<p>\u00c9des A.E., Juh\u00e1sz G.<\/p>\n<p><em>[Functional magnetic resonance imaging studies in pain research]<\/em><\/p>\n<p><strong>Ideggy\u00f3gy\u00e1szati Szemle<\/strong>\u00a069(9-10): 307-312. (2016)<\/p>\n<p>Link:\u00a0<a href=\"https:\/\/www.ncbi.nlm.nih.gov\/pubmed\/29638094\">https:\/\/www.ncbi.nlm.nih.gov\/pubmed\/29638094<\/a><\/p>\n<p>&nbsp;<\/p>\n<p>Peir\u00f3 A.M., Planelles B.,\u00a0Juh\u00e1sz G., Bagdy G., Libert F., Eschalier A., Busserolles J., Sperlagh B., Llerena A.<\/p>\n<p><em>Pharmacogenomics in pain treatment.<\/em><\/p>\n<p><strong>Drug Metabolism and Personalized Therapy <\/strong>31(3): 131-42.\u00a0(2016)<\/p>\n<p>Link:\u00a0<a href=\"https:\/\/www.degruyter.com\/view\/journals\/dmdi\/31\/3\/article-p131.xml\">https:\/\/www.degruyter.com\/view\/journals\/dmdi\/31\/3\/article-p131.xml<\/a><\/p>\n<p>&nbsp;<\/p>\n<p style=\"text-align: center;\"><strong>A KUTAT\u00c1S T\u00c9M\u00c1J\u00c1HOZ LAZ\u00c1BBAN KAPCSOL\u00d3D\u00d3 CIKKEK<\/strong><\/p>\n<p style=\"text-align: center;\"><strong>2018<\/strong><\/p>\n<p>Culverhouse R.C. et al.<\/p>\n<p><em>Collaborative meta-analysis finds no evidence of a strong interaction between stress and 5-HTTLPR genotype contributing to the development of depression.<\/em><\/p>\n<p><strong>Molecular Psychiatry<\/strong>. 23(1): 133-142. (2018)<\/p>\n<p>Link:\u00a0<a href=\"https:\/\/www.ncbi.nlm.nih.gov\/pmc\/articles\/PMC5628077\/pdf\/nihms849357.pdf\">https:\/\/www.ncbi.nlm.nih.gov\/pmc\/articles\/PMC5628077\/pdf\/nihms849357.pdf<\/a><\/p>\n<p><strong>\u00a0<\/strong><\/p>\n<p>Petschner P., Gonda X., Baksa D., Eszl\u00e1ri N., Trivaks M.,\u00a0Juh\u00e1sz G., Bagdy G.<\/p>\n<p><em>Genes Linking Mitochondrial Function, Cognitive Impairment and Depression are Associated with Endophenotypes Serving Precision Medicine.<\/em><\/p>\n<p><strong>Neuroscience <\/strong>370: 207-217.\u00a0(2018)<\/p>\n<p>Link:\u00a0<a href=\"https:\/\/www.sciencedirect.com\/science\/article\/pii\/S0306452217307029?via%3Dihub\">https:\/\/www.sciencedirect.com\/science\/article\/pii\/S0306452217307029?via%3Dihub<\/a><\/p>\n<p>&nbsp;<\/p>\n<p style=\"text-align: center;\"><strong>2017<\/strong><\/p>\n<p>Gonda X., Sarginson J., Eszl\u00e1ri N., Petschner P., T\u00f3th Z.G., Baksa D., Hull\u00e1m G., Anderson I.M., Deakin J.F.W.,\u00a0Juh\u00e1sz G., Bagdy G.<\/p>\n<p><em>A new stress sensor and risk factor for suicide: the T allele of the functional genetic variant in the GABRA6 gene.<\/em><\/p>\n<p><strong>Scientific Reports <\/strong>7(1): 12887. (2017)<\/p>\n<p>Link:\u00a0<a href=\"https:\/\/www.ncbi.nlm.nih.gov\/pmc\/articles\/PMC5635130\/pdf\/41598_2017_Article_12776.pdf\">https:\/\/www.ncbi.nlm.nih.gov\/pmc\/articles\/PMC5635130\/pdf\/41598_2017_Article_12776.pdf<\/a><\/p>\n<p><strong>\u00a0<em>\u00a0<\/em><\/strong><\/p>\n<p>Marx P., Antal P., Bolg\u00e1r B., Bagdy G., Deakin D., Juh\u00e1sz G.<\/p>\n<p><em>Comorbidities in the diseasome are more apparent than real: What Bayesian filtering reveals about the comorbidities of depression.<\/em><\/p>\n<p><strong>PLOS Computational Biology<\/strong>\u00a013(6): e1005487 (2017)<\/p>\n<p>Link:\u00a0<a href=\"https:\/\/journals.plos.org\/ploscompbiol\/article\/file?id=10.1371\/journal.pcbi.1005487&amp;type=printable\">https:\/\/journals.plos.org\/ploscompbiol\/article\/file?id=10.1371\/journal.pcbi.1005487&amp;type=printable<\/a><\/p>\n<p>&nbsp;<\/p>\n<p style=\"text-align: center;\"><strong>2016<\/strong><\/p>\n<p>Eszl\u00e1ri N., Kov\u00e1cs D., Petschner P., Pap D., Gonda X., Elliott R., Anderson I.M., Deakin J.F., Bagdy G.,\u00a0Juh\u00e1sz G.<\/p>\n<p><em>Distinct effects of folate pathway genes MTHFR and MTHFD1L on ruminative response style: a potential risk mechanism for depression.<\/em><\/p>\n<p><strong>Translational Psychiatry <\/strong>6: e745.\u00a0(2016)<\/p>\n<p>Link:\u00a0<a href=\"https:\/\/www.ncbi.nlm.nih.gov\/pmc\/articles\/PMC4872445\/pdf\/tp201619a.pdf\">https:\/\/www.ncbi.nlm.nih.gov\/pmc\/articles\/PMC4872445\/pdf\/tp201619a.pdf<\/a><\/p>\n<p><strong>\u00a0<\/strong><\/p>\n<p>Barde S., R\u00fcegg J., Prud\u2019homme J., Ekstr\u00f6m T.J., Palkovits M., Turecki G., Bagdy G., Ihnatko R., Theodorsson E.,\u00a0Juh\u00e1sz G., Diaz-Heijtz R., Mechawar N., H\u00f6kfelt T.G.<\/p>\n<p><em>Alterations in the neuropeptide galanin system in major depressive disorder involve levels of transcripts, methylation, and peptide.<\/em><\/p>\n<p><strong>Proceedings of the National Academy of Sciences of the USA<\/strong> 113(52): E8472-E8481. (2016)<\/p>\n<p>Link:\u00a0<a href=\"https:\/\/www.ncbi.nlm.nih.gov\/pmc\/articles\/PMC5206567\/pdf\/pnas.201617824.pdf\">https:\/\/www.ncbi.nlm.nih.gov\/pmc\/articles\/PMC5206567\/pdf\/pnas.201617824.pdf<\/a><\/p>\n<p>&nbsp;<\/p>\n<p>Gonda X., Eszl\u00e1ri N., Anderson I.M., Deakin J.F., Bagdy G.,\u00a0Juh\u00e1sz G.<\/p>\n<p><em>Association of ATP6V1B2 rs1106634 with lifetime risk of depression and hippocampal neurocognitive deficits: possible novel mechanisms in the etiopathology of depression.<\/em><\/p>\n<p><strong>Translational Psychiatry<\/strong> 6(11): e945. (2016)<\/p>\n<p>Link: <a href=\"https:\/\/www.ncbi.nlm.nih.gov\/pmc\/articles\/PMC5314132\/pdf\/tp2016221a.pdf\">https:\/\/www.ncbi.nlm.nih.gov\/pmc\/articles\/PMC5314132\/pdf\/tp2016221a.pdf<\/a><\/p>\n<p>&nbsp;<\/p>\n<p>Kov\u00e1cs D., Kov\u00e1cs P., Eszl\u00e1ri N., Gonda X.,\u00a0Juh\u00e1sz G.<\/p>\n<p><em>Psychological side effects of immune therapies: symptoms and pathomechanism.<\/em><\/p>\n<p><strong>Current Opinion in Pharmacology<\/strong> 29: 97-103. (2016)<\/p>\n<p>Link:\u00a0<a href=\"https:\/\/www.sciencedirect.com\/science\/article\/pii\/S1471489216300571?via%3Dihub\">https:\/\/www.sciencedirect.com\/science\/article\/pii\/S1471489216300571?via%3Dihub<\/a><\/p>\n<p>&nbsp;<\/p>\n<p>Gonda X., Eszl\u00e1ri N., Kov\u00e1cs D., Anderson I.M., Deakin J.F.,\u00a0Juh\u00e1sz G., Bagdy G.<\/p>\n<p><em>Financial difficulties but not other types of recent negative life events show strong interactions with 5-HTTLPR genotype in the development of depressive symptoms.<\/em><\/p>\n<p><strong>Translational Psychiatry<\/strong> \u00a06: e798.\u00a0(2016)<\/p>\n<p>Link:\u00a0<a href=\"https:\/\/www.ncbi.nlm.nih.gov\/pmc\/articles\/PMC5070066\/pdf\/tp201657a.pdf\">https:\/\/www.ncbi.nlm.nih.gov\/pmc\/articles\/PMC5070066\/pdf\/tp201657a.pdf<\/a><\/p>\n<p>&nbsp;<\/p>\n<p>Laz\u00e1ry J., Eszl\u00e1ri N.,\u00a0Juh\u00e1sz G., Bagdy G.<\/p>\n<p><em>Genetically reduced FAAH activity may be a risk for the development of anxiety and depression in persons with repetitive childhood trauma.<\/em><\/p>\n<p><strong>European Neuropsychopharmacology<\/strong> 26(6): 1020-8.\u00a0(2016)<\/p>\n<p>Link:\u00a0<a href=\"https:\/\/www.sciencedirect.com\/science\/article\/pii\/S0924977X16000778?via%3Dihub\">https:\/\/www.sciencedirect.com\/science\/article\/pii\/S0924977X16000778?via%3Dihub<\/a><\/p>\n<p>&nbsp;<\/p>\n<p>Kov\u00e1cs D., Eszl\u00e1ri N., Petschner P., Pap D., Vas S., Kov\u00e1cs P., Gonda X.,\u00a0Juh\u00e1sz G., Bagdy G.<\/p>\n<p><em>Effects of IL1B single nucleotide polymorphisms on depressive and anxiety symptoms are determined by severity and type of life stress.<\/em><\/p>\n<p><strong>Brain, Behavior, and Immunity<\/strong>\u00a056: 96-104.\u00a0(2016)<\/p>\n<p>Link:\u00a0<a href=\"https:\/\/www.sciencedirect.com\/science\/article\/pii\/S0889159116300332?via%3Dihub\">https:\/\/www.sciencedirect.com\/science\/article\/pii\/S0889159116300332?via%3Dihub<\/a><\/p>\n<p>&nbsp;<\/p>\n<p>Petschner P.,\u00a0Juh\u00e1sz G., Tam\u00e1si V., \u00c1dori C., T\u00f3thfalusi L., H\u00f6kfelt T., Bagdy G.<\/p>\n<p><em>Chronic venlafaxine treatment fails to alter the levels of galanin system transcripts in normal rats.<\/em><\/p>\n<p><strong>Neuropeptides<\/strong> 57: 65-70. (2016)<\/p>\n<p>Link:\u00a0<a href=\"https:\/\/www.sciencedirect.com\/science\/article\/pii\/S0143417916000184?via%3Dihub\">https:\/\/www.sciencedirect.com\/science\/article\/pii\/S0143417916000184?via%3Dihub<\/a><\/p>\n<p>&nbsp;<\/p>\n<p style=\"text-align: center;\"><strong>2015<\/strong><\/p>\n<p>Kov\u00e1cs P., P\u00e1ncz\u00e9l G., Balatoni T., Liszkay G., Gonda X., Bagdy G.,\u00a0Juh\u00e1sz G.<\/p>\n<p><em>Social support decreases depressogenic effect of low-dose interferon alpha treatment in melanoma patients.<\/em><\/p>\n<p><strong>Journal of Psychosomatic Research <\/strong>78(6): 579-84.\u00a0(2015)<\/p>\n<p>Link:\u00a0<a href=\"https:\/\/www.sciencedirect.com\/science\/article\/pii\/S0022399915000598?via%3Dihub\">https:\/\/www.sciencedirect.com\/science\/article\/pii\/S0022399915000598?via%3Dihub<\/a><\/p>\n","protected":false},"excerpt":{"rendered":"<p>A KUTAT\u00c1S T\u00c9M\u00c1J\u00c1HOZ SZOROSAN KAPCSOL\u00d3D\u00d3 CIKKEK 2017 Baksa D., Gonda X., Juh\u00e1sz G. Why are migraineurs more depressed? A review of the factors contributing to the comorbidity of migraine and depression. Neuropsychopharmacologia Hungarica\u00a019(1): 37-44. (2017) Link:\u00a0 <a href=\"https:\/\/epa.oszk.hu\/02400\/02454\/00065\/pdf\/EPA02454_neuropsychopharmacologia_hungarica_2017_01_037-044.pdf\">https:\/\/epa.oszk.hu\/02400\/02454\/00065\/pdf\/EPA02454_neuropsychopharmacologia_hungarica_2017_01_037-044.pdf<\/a> Az \u00f6sszefoglal\u00f3 tanulm\u00e1ny a migr\u00e9n \u00e9s a depresszi\u00f3 k\u00f6z\u00f6tti kapcsolat h\u00e1tter\u00e9t t\u00e1rgyalja, \u00f6sszegy\u0171jtve a legfontosabb szakirodalmi eredm\u00e9nyeket. A cikkben &hellip;<\/p>\n","protected":false},"author":101145,"featured_media":0,"parent":1757,"menu_order":4,"comment_status":"closed","ping_status":"closed","template":"","meta":{"_acf_changed":false,"footnotes":""},"categories":[],"tags":[],"class_list":["post-2951","page","type-page","status-publish","hentry"],"acf":[],"_links":{"self":[{"href":"https:\/\/semmelweis.hu\/gyogyszerhatastan\/wp-json\/wp\/v2\/pages\/2951","targetHints":{"allow":["GET"]}}],"collection":[{"href":"https:\/\/semmelweis.hu\/gyogyszerhatastan\/wp-json\/wp\/v2\/pages"}],"about":[{"href":"https:\/\/semmelweis.hu\/gyogyszerhatastan\/wp-json\/wp\/v2\/types\/page"}],"author":[{"embeddable":true,"href":"https:\/\/semmelweis.hu\/gyogyszerhatastan\/wp-json\/wp\/v2\/users\/101145"}],"replies":[{"embeddable":true,"href":"https:\/\/semmelweis.hu\/gyogyszerhatastan\/wp-json\/wp\/v2\/comments?post=2951"}],"version-history":[{"count":4,"href":"https:\/\/semmelweis.hu\/gyogyszerhatastan\/wp-json\/wp\/v2\/pages\/2951\/revisions"}],"predecessor-version":[{"id":3433,"href":"https:\/\/semmelweis.hu\/gyogyszerhatastan\/wp-json\/wp\/v2\/pages\/2951\/revisions\/3433"}],"up":[{"embeddable":true,"href":"https:\/\/semmelweis.hu\/gyogyszerhatastan\/wp-json\/wp\/v2\/pages\/1757"}],"wp:attachment":[{"href":"https:\/\/semmelweis.hu\/gyogyszerhatastan\/wp-json\/wp\/v2\/media?parent=2951"}],"wp:term":[{"taxonomy":"category","embeddable":true,"href":"https:\/\/semmelweis.hu\/gyogyszerhatastan\/wp-json\/wp\/v2\/categories?post=2951"},{"taxonomy":"post_tag","embeddable":true,"href":"https:\/\/semmelweis.hu\/gyogyszerhatastan\/wp-json\/wp\/v2\/tags?post=2951"}],"curies":[{"name":"wp","href":"https:\/\/api.w.org\/{rel}","templated":true}]}}