{"id":2899,"date":"2020-01-28T11:05:21","date_gmt":"2020-01-28T10:05:21","guid":{"rendered":"http:\/\/semmelweis.hu\/gyogyszerhatastan\/?page_id=2899"},"modified":"2025-02-18T14:35:30","modified_gmt":"2025-02-18T13:35:30","slug":"a-tudomanyos-kutatas-elso-kezbol","status":"publish","type":"page","link":"https:\/\/semmelweis.hu\/gyogyszerhatastan\/oktatas\/a-tudomanyos-kutatas-elso-kezbol\/","title":{"rendered":"A tudom\u00e1nyos kutat\u00e1s els\u0151 k\u00e9zb\u0151l"},"content":{"rendered":"<p>\u00c9rdemes-e m\u00e1r az els\u0151 vagy m\u00e1sod\u00e9vben kutat\u00e1sra fecs\u00e9relni az id\u0151t? Egy\u00e1ltal\u00e1n kinek hasznos ez \u00e9s kinek felesleges? Mi err\u0151l a hallgat\u00f3k, az oktat\u00f3k \u00e9s a kutat\u00f3k v\u00e9lem\u00e9nye? Hogyan telik egy kutat\u00f3 napja? Mit jelent a kutat\u00e1st v\u00e1lasztani hivat\u00e1snak? Mik a c\u00e9ljai egy kutat\u00f3nak \u00e9s hogyan tudja ezeket v\u00e9ghezvinni? \u00dctk\u00f6zik k\u00f6zben neh\u00e9zs\u00e9gekbe? Milyen felel\u0151ss\u00e9g terhel egy tud\u00f3st? Mi a k\u00fcl\u00f6nbs\u00e9g egy ipari \u00e9s egy egyetemi kutat\u00f3i k\u00f6rnyezet k\u00f6z\u00f6tt? M\u00e9rhet\u0151-e a tudom\u00e1nyos kutat\u00e1s eredm\u00e9nyess\u00e9ge? \u00c9s egy\u00e1ltal\u00e1n mit\u0151l tudom\u00e1ny a tudom\u00e1ny, \u00e9s hogyan \u00e9p\u00fcl fel? Az el\u0151ad\u00e1sokban ezekre a k\u00e9rd\u00e9sekre kaphat v\u00e1laszt a hallgat\u00f3s\u00e1g, szem\u00e9lyes t\u00f6rt\u00e9neteken kereszt\u00fcl.<\/p>\n<p>A c\u00e9l, hogy az hallgat\u00f3k min\u00e9l nagyobb r\u00e1l\u00e1t\u00e1st kapjanak a term\u00e9szettudom\u00e1ny \u00e9s a tudom\u00e1nyos kutat\u00e1s m\u0171vel\u00e9s\u00e9r\u0151l \u00e9s alkalmaz\u00e1s\u00e1r\u00f3l, amit orvosi, gy\u00f3gyszer\u00e9szi, biol\u00f3giai \u00e9s pszichol\u00f3gia ter\u00fcleten mozg\u00f3 kutat\u00f3kt\u00f3l saj\u00e1t\u00edthatnak el. A kurzus sor\u00e1n a hallgat\u00f3k szem\u00e9lyesen tal\u00e1lkozhatnak a kutat\u00e1st \u00e9ppen most elkezd\u0151 \u00e9s m\u00e1r befutott kutat\u00f3kkal. A szemin\u00e1riumok sor\u00e1n megismerhetik a legfontosabb tudom\u00e1nymetriai mutat\u00f3kat, valamint a publik\u00e1l\u00e1s mik\u00e9ntj\u00e9re is nagyobb r\u00e1l\u00e1t\u00e1st kapnak. Az elm\u00e9leti \u00e9s gyakorlati kereteken k\u00edv\u00fcl az el\u0151ad\u00f3k szem\u00e9lyes p\u00e9ld\u00e1kkal is illusztr\u00e1lj\u00e1k egy-egy kutat\u00e1s folyamat\u00e1t, valamint a kutat\u00f3k \u00e9s kutat\u00e1sok mindennapjait.<\/p>\n<p><strong>A teljes\u00edt\u00e9s felt\u00e9tele:<\/strong> akt\u00edv r\u00e9szv\u00e9tel a szemin\u00e1riumok legal\u00e1bb 75%-\u00e1n \u00e9s az utols\u00f3 k\u00e9t csoportfoglalkoz\u00e1son.<\/p>\n<p>A tant\u00e1rgy felel\u0151se: Dr. Bagdy Gy\u00f6rgy, egyetemi tan\u00e1r<br \/>\nTanulm\u00e1nyi felel\u0151s: Dr. Koncz Szabolcs<\/p>\n","protected":false},"excerpt":{"rendered":"<p>\u00c9rdemes-e m\u00e1r az els\u0151 vagy m\u00e1sod\u00e9vben kutat\u00e1sra fecs\u00e9relni az id\u0151t? Egy\u00e1ltal\u00e1n kinek hasznos ez \u00e9s kinek felesleges? Mi err\u0151l a hallgat\u00f3k, az oktat\u00f3k \u00e9s a kutat\u00f3k v\u00e9lem\u00e9nye? Hogyan telik egy kutat\u00f3 napja? Mit jelent a kutat\u00e1st v\u00e1lasztani hivat\u00e1snak? Mik a c\u00e9ljai egy kutat\u00f3nak \u00e9s hogyan tudja ezeket v\u00e9ghezvinni? \u00dctk\u00f6zik k\u00f6zben neh\u00e9zs\u00e9gekbe? Milyen felel\u0151ss\u00e9g terhel egy &hellip;<\/p>\n","protected":false},"author":101145,"featured_media":0,"parent":6,"menu_order":6,"comment_status":"closed","ping_status":"closed","template":"","meta":{"_acf_changed":false,"footnotes":""},"categories":[],"tags":[],"class_list":["post-2899","page","type-page","status-publish","hentry"],"acf":[],"_links":{"self":[{"href":"https:\/\/semmelweis.hu\/gyogyszerhatastan\/wp-json\/wp\/v2\/pages\/2899","targetHints":{"allow":["GET"]}}],"collection":[{"href":"https:\/\/semmelweis.hu\/gyogyszerhatastan\/wp-json\/wp\/v2\/pages"}],"about":[{"href":"https:\/\/semmelweis.hu\/gyogyszerhatastan\/wp-json\/wp\/v2\/types\/page"}],"author":[{"embeddable":true,"href":"https:\/\/semmelweis.hu\/gyogyszerhatastan\/wp-json\/wp\/v2\/users\/101145"}],"replies":[{"embeddable":true,"href":"https:\/\/semmelweis.hu\/gyogyszerhatastan\/wp-json\/wp\/v2\/comments?post=2899"}],"version-history":[{"count":6,"href":"https:\/\/semmelweis.hu\/gyogyszerhatastan\/wp-json\/wp\/v2\/pages\/2899\/revisions"}],"predecessor-version":[{"id":3569,"href":"https:\/\/semmelweis.hu\/gyogyszerhatastan\/wp-json\/wp\/v2\/pages\/2899\/revisions\/3569"}],"up":[{"embeddable":true,"href":"https:\/\/semmelweis.hu\/gyogyszerhatastan\/wp-json\/wp\/v2\/pages\/6"}],"wp:attachment":[{"href":"https:\/\/semmelweis.hu\/gyogyszerhatastan\/wp-json\/wp\/v2\/media?parent=2899"}],"wp:term":[{"taxonomy":"category","embeddable":true,"href":"https:\/\/semmelweis.hu\/gyogyszerhatastan\/wp-json\/wp\/v2\/categories?post=2899"},{"taxonomy":"post_tag","embeddable":true,"href":"https:\/\/semmelweis.hu\/gyogyszerhatastan\/wp-json\/wp\/v2\/tags?post=2899"}],"curies":[{"name":"wp","href":"https:\/\/api.w.org\/{rel}","templated":true}]}}