{"id":2571,"date":"2018-02-26T10:59:03","date_gmt":"2018-02-26T09:59:03","guid":{"rendered":"http:\/\/semmelweis.hu\/gyogyszerhatastan\/?page_id=2571"},"modified":"2020-05-08T11:04:03","modified_gmt":"2020-05-08T09:04:03","slug":"se-nap-2-genetikai-agyi-kepalkoto-migren-kutato-csoport","status":"publish","type":"page","link":"https:\/\/semmelweis.hu\/gyogyszerhatastan\/kutatas-fejlesztes\/nap-2-kutatocsoportok\/se-nap-2-genetikai-agyi-kepalkoto-migren-kutato-csoport\/","title":{"rendered":"SE-NAP 2 Genetikai Agyi K\u00e9palkot\u00f3 Migr\u00e9n Kutat\u00f3csoport"},"content":{"rendered":"<p style=\"text-align: justify;padding-left: 120px\">\u00a0<\/p>\n<p><strong>Kutat\u00f3csoport neve:<\/strong>\u00a0SE-NAP 2 Genetikai Agyi K\u00e9palkot\u00f3 Migr\u00e9n Kutat\u00f3csoport<\/p>\n<p><strong>P\u00e1ly\u00e1zat c\u00edme:<\/strong>\u00a0A migr\u00e9n \u00e9s a tenzi\u00f3s fejf\u00e1j\u00e1s kialakul\u00e1s\u00e1ban szerepet j\u00e1tsz\u00f3 agyi mechanizmusok \u00f6sszehasonl\u00edt\u00e1sa<\/p>\n<p><strong>Vezet\u0151:<\/strong><br \/>\nDr. Juh\u00e1sz Gabriella, PhD, egyetemi docens<br \/>\nE-mail: agykutatas.sote@gmail.com<br \/>\nTel: +36 1 459 1500<br \/>\nInt\u00e9zet: Gy\u00f3gyszerhat\u00e1stani Int\u00e9zet<\/p>\n<p><strong>A megval\u00f3s\u00edt\u00e1s helysz\u00edne:<\/strong>\u00a0Semmelweis Egyetem, 1089 Budapest Nagyv\u00e1rad t\u00e9r 4.<\/p>\n<p><strong>Az Eur\u00f3pai Uni\u00f3 \u00e9s a Magyar \u00c1llam \u00e1ltal ny\u00fajtott t\u00e1mogat\u00e1s \u00f6sszege:<\/strong>\u00a097 512 266 Ft<\/p>\n<p><strong>Kivitelez\u00e9s ideje:<\/strong>\u00a02017.12.01. &#8211; 2021.11.30.<\/p>\n<p><strong>Kulcsszavak:<\/strong><br \/>\nmigr\u00e9n, fMRI, stressz, genetika, k\u00f6rnyezeti faktorok, epigenetika, g\u00e9n-k\u00f6rnyezet interakci\u00f3k, biomarkerek<\/p>\n<p><strong>A projekt r\u00f6vid tartalmi \u00f6sszefoglal\u00f3ja:<\/strong><\/p>\n<p>A Nemzeti Kutat\u00e1si, Fejleszt\u00e9si \u00e9s Innov\u00e1ci\u00f3s Hivatal t\u00e1mogat\u00e1s\u00e1val, a Nemzeti Agykutat\u00e1si Program 2.0 keretein bel\u00fcl megalakult kutat\u00f3csoport migr\u00e9nes, tenzi\u00f3s fejf\u00e1j\u00e1ssal k\u00fczd\u0151 \u00e9s eg\u00e9szs\u00e9ges szem\u00e9lyek agym\u0171k\u00f6d\u00e9s\u00e9t \u00e9s genetik\u00e1j\u00e1t vizsg\u00e1lja, ami lehet\u0151v\u00e9 teszi a migr\u00e9nre specifikus biomarkerek \u00e9s \u00faj gy\u00f3gyszerc\u00e9lpontok azonos\u00edt\u00e1s\u00e1t.<\/p>\n<p><a href=\"https:\/\/semmelweis.hu\/gyogyszerhatastan\/nap-2-kutatocsoportok\/se-nap-2-genetikai-agyi-kepalkoto-migren-kutato-csoport\/a-kutatasrol\/\">A kutat\u00e1sr\u00f3l r\u00e9szletesebben.<\/a><\/p>\n<p><a href=\"https:\/\/semmelweis.hu\/gyogyszerhatastan\/files\/2019\/04\/Tablakep_NAP-2-B_HUN2.png\"><img loading=\"lazy\" decoding=\"async\" class=\"aligncenter wp-image-2745 size-large\" src=\"https:\/\/semmelweis.hu\/gyogyszerhatastan\/files\/2019\/04\/Tablakep_NAP-2-B_HUN2-1024x724.png\" alt=\"\" width=\"690\" height=\"488\" srcset=\"https:\/\/semmelweis.hu\/gyogyszerhatastan\/files\/2019\/04\/Tablakep_NAP-2-B_HUN2-1024x724.png 1024w, https:\/\/semmelweis.hu\/gyogyszerhatastan\/files\/2019\/04\/Tablakep_NAP-2-B_HUN2-300x212.png 300w, https:\/\/semmelweis.hu\/gyogyszerhatastan\/files\/2019\/04\/Tablakep_NAP-2-B_HUN2-768x543.png 768w, https:\/\/semmelweis.hu\/gyogyszerhatastan\/files\/2019\/04\/Tablakep_NAP-2-B_HUN2-424x300.png 424w\" sizes=\"auto, (max-width: 690px) 100vw, 690px\" \/><\/a><\/p>\n<p>A projekt a kor\u00e1bbi\u00a0<a href=\"https:\/\/semmelweis.hu\/gyogyszerhatastan\/nap-b-kutatocsoport\/\">MTA-SE-NAP B Genetikai Agyi K\u00e9palkot\u00f3 Migr\u00e9n Kutat\u00f3csoport<\/a> eredm\u00e9nyeire \u00e9p\u00fcl.<\/p>\n","protected":false},"excerpt":{"rendered":"<p>\u00a0 Kutat\u00f3csoport neve:\u00a0SE-NAP 2 Genetikai Agyi K\u00e9palkot\u00f3 Migr\u00e9n Kutat\u00f3csoport P\u00e1ly\u00e1zat c\u00edme:\u00a0A migr\u00e9n \u00e9s a tenzi\u00f3s fejf\u00e1j\u00e1s kialakul\u00e1s\u00e1ban szerepet j\u00e1tsz\u00f3 agyi mechanizmusok \u00f6sszehasonl\u00edt\u00e1sa Vezet\u0151: Dr. Juh\u00e1sz Gabriella, PhD, egyetemi docens E-mail: agykutatas.sote@gmail.com Tel: +36 1 459 1500 Int\u00e9zet: Gy\u00f3gyszerhat\u00e1stani Int\u00e9zet A megval\u00f3s\u00edt\u00e1s helysz\u00edne:\u00a0Semmelweis Egyetem, 1089 Budapest Nagyv\u00e1rad t\u00e9r 4. Az Eur\u00f3pai Uni\u00f3 \u00e9s a Magyar \u00c1llam &hellip;<\/p>\n","protected":false},"author":101145,"featured_media":0,"parent":2565,"menu_order":0,"comment_status":"closed","ping_status":"closed","template":"","meta":{"_acf_changed":false,"footnotes":""},"categories":[],"tags":[],"class_list":["post-2571","page","type-page","status-publish","hentry"],"acf":[],"_links":{"self":[{"href":"https:\/\/semmelweis.hu\/gyogyszerhatastan\/wp-json\/wp\/v2\/pages\/2571","targetHints":{"allow":["GET"]}}],"collection":[{"href":"https:\/\/semmelweis.hu\/gyogyszerhatastan\/wp-json\/wp\/v2\/pages"}],"about":[{"href":"https:\/\/semmelweis.hu\/gyogyszerhatastan\/wp-json\/wp\/v2\/types\/page"}],"author":[{"embeddable":true,"href":"https:\/\/semmelweis.hu\/gyogyszerhatastan\/wp-json\/wp\/v2\/users\/101145"}],"replies":[{"embeddable":true,"href":"https:\/\/semmelweis.hu\/gyogyszerhatastan\/wp-json\/wp\/v2\/comments?post=2571"}],"version-history":[{"count":11,"href":"https:\/\/semmelweis.hu\/gyogyszerhatastan\/wp-json\/wp\/v2\/pages\/2571\/revisions"}],"predecessor-version":[{"id":2988,"href":"https:\/\/semmelweis.hu\/gyogyszerhatastan\/wp-json\/wp\/v2\/pages\/2571\/revisions\/2988"}],"up":[{"embeddable":true,"href":"https:\/\/semmelweis.hu\/gyogyszerhatastan\/wp-json\/wp\/v2\/pages\/2565"}],"wp:attachment":[{"href":"https:\/\/semmelweis.hu\/gyogyszerhatastan\/wp-json\/wp\/v2\/media?parent=2571"}],"wp:term":[{"taxonomy":"category","embeddable":true,"href":"https:\/\/semmelweis.hu\/gyogyszerhatastan\/wp-json\/wp\/v2\/categories?post=2571"},{"taxonomy":"post_tag","embeddable":true,"href":"https:\/\/semmelweis.hu\/gyogyszerhatastan\/wp-json\/wp\/v2\/tags?post=2571"}],"curies":[{"name":"wp","href":"https:\/\/api.w.org\/{rel}","templated":true}]}}

SE-NAP 2 Genetikai Agyi Képalkotó Migrén Kutatócsoport

<p style="text-align: justify;padding-left: 120px"> </p>
<p><strong>Kutatócsoport neve:</strong> SE-NAP 2 Genetikai Agyi Képalkotó Migrén Kutatócsoport</p>
<p><strong>Pályázat címe:</strong> A migrén és a tenziós fejfájás kialakulásában szerepet játszó agyi mechanizmusok összehasonlítása</p>
<p><strong>Vezető:</strong><br />
Dr. Juhász Gabriella, PhD, egyetemi docens<br />
E-mail: agykutatas.sote@gmail.com<br />
Tel: +36 1 459 1500<br />
Intézet: Gyógyszerhatástani Intézet</p>
<p><strong>A megvalósítás helyszíne:</strong> Semmelweis Egyetem, 1089 Budapest Nagyvárad tér 4.</p>
<p><strong>Az Európai Unió és a Magyar Állam által nyújtott támogatás összege:</strong> 97 512 266 Ft</p>
<p><strong>Kivitelezés ideje:</strong> 2017.12.01. &#8211; 2021.11.30.</p>
<p><strong>Kulcsszavak:</strong><br />
migrén, fMRI, stressz, genetika, környezeti faktorok, epigenetika, gén-környezet interakciók, biomarkerek</p>
<p><strong>A projekt rövid tartalmi összefoglalója:</strong></p>
<p>A Nemzeti Kutatási, Fejlesztési és Innovációs Hivatal támogatásával, a Nemzeti Agykutatási Program 2.0 keretein belül megalakult kutatócsoport migrénes, tenziós fejfájással küzdő és egészséges személyek agyműködését és genetikáját vizsgálja, ami lehetővé teszi a migrénre specifikus biomarkerek és új gyógyszercélpontok azonosítását.</p>
<p><a href="https://semmelweis.hu/gyogyszerhatastan/nap-2-kutatocsoportok/se-nap-2-genetikai-agyi-kepalkoto-migren-kutato-csoport/a-kutatasrol/">A kutatásról részletesebben.</a></p>
<p><a href="https://semmelweis.hu/gyogyszerhatastan/files/2019/04/Tablakep_NAP-2-B_HUN2.png"><img loading="lazy" decoding="async" class="aligncenter wp-image-2745 size-large" src="https://semmelweis.hu/gyogyszerhatastan/files/2019/04/Tablakep_NAP-2-B_HUN2-1024x724.png" alt="" width="690" height="488" srcset="https://semmelweis.hu/gyogyszerhatastan/files/2019/04/Tablakep_NAP-2-B_HUN2-1024x724.png 1024w, https://semmelweis.hu/gyogyszerhatastan/files/2019/04/Tablakep_NAP-2-B_HUN2-300x212.png 300w, https://semmelweis.hu/gyogyszerhatastan/files/2019/04/Tablakep_NAP-2-B_HUN2-768x543.png 768w, https://semmelweis.hu/gyogyszerhatastan/files/2019/04/Tablakep_NAP-2-B_HUN2-424x300.png 424w" sizes="auto, (max-width: 690px) 100vw, 690px" /></a></p>
<p>A projekt a korábbi <a href="https://semmelweis.hu/gyogyszerhatastan/nap-b-kutatocsoport/">MTA-SE-NAP B Genetikai Agyi Képalkotó Migrén Kutatócsoport</a> eredményeire épül.</p>

<p>  Kutatócsoport neve: SE-NAP 2 Genetikai Agyi Képalkotó Migrén Kutatócsoport Pályázat címe: A migrén és a tenziós fejfájás kialakulásában szerepet játszó agyi mechanizmusok összehasonlítása Vezető: Dr. Juhász Gabriella, PhD, egyetemi docens E-mail: agykutatas.sote@gmail.com Tel: +36 1 459 1500 Intézet: Gyógyszerhatástani Intézet A megvalósítás helyszíne: Semmelweis Egyetem, 1089 Budapest Nagyvárad tér 4. Az Európai Unió és a Magyar Állam &hellip;</p>
