{"id":2569,"date":"2018-02-26T10:58:29","date_gmt":"2018-02-26T09:58:29","guid":{"rendered":"http:\/\/semmelweis.hu\/gyogyszerhatastan\/?page_id=2569"},"modified":"2021-09-06T20:14:54","modified_gmt":"2021-09-06T18:14:54","slug":"nap-2-se-uj-antidepressziv-gyogyszercelpont-kutatocsoport","status":"publish","type":"page","link":"https:\/\/semmelweis.hu\/gyogyszerhatastan\/kutatas-fejlesztes\/nap-2-kutatocsoportok\/nap-2-se-uj-antidepressziv-gyogyszercelpont-kutatocsoport\/","title":{"rendered":"NAP-2-SE \u00daj Antidepressz\u00edv Gy\u00f3gyszerc\u00e9lpont Kutat\u00f3csoport"},"content":{"rendered":"<p><strong>Kutat\u00f3csoport neve:<\/strong>\u00a0NAP-2-SE \u00daj Antidepressz\u00edv Gy\u00f3gyszerc\u00e9lpont Kutat\u00f3csoport<\/p>\n<p><strong>P\u00e1ly\u00e1zat c\u00edme:<\/strong>\u00a0\u00daj antidepressz\u00e1ns gy\u00f3gyszerc\u00e9lpontok: genomszint\u0171 g\u00e9n-k\u00f6rnyezet interakci\u00f3s vizsg\u00e1latok<\/p>\n<p><strong>Vezet\u0151:<\/strong><br \/>\nProf. Bagdy Gy\u00f6rgy, egyetemi tan\u00e1r, az MTA doktora<br \/>\nE-mail: bag13638@iif.hu<br \/>\nTel: +36 1 210 4411; mell\u00e9k 56331<br \/>\nInt\u00e9zet: Gy\u00f3gyszerhat\u00e1stani Int\u00e9zet<\/p>\n<p><strong>A megval\u00f3s\u00edt\u00e1s helysz\u00edne:<\/strong>\u00a0Semmelweis Egyetem, 1089 Budapest Nagyv\u00e1rad t\u00e9r 4.<\/p>\n<p><strong>Az Eur\u00f3pai Uni\u00f3 \u00e9s a Magyar \u00c1llam \u00e1ltal ny\u00fajtott t\u00e1mogat\u00e1s \u00f6sszege:<\/strong>\u00a0119\u00a0604 308 Ft<\/p>\n<p><strong>Kivitelez\u00e9s ideje:<\/strong>\u00a02017.12.01.-2021.11.30.<\/p>\n<p><strong>Kulcsszavak:<\/strong><br \/>\ndepresszi\u00f3, szorong\u00e1s, genetika, antidepressz\u00e1nsok, szem\u00e9lyis\u00e9gvon\u00e1sok, temperamentumok, k\u00f6rnyezeti stressz, anyagi neh\u00e9zs\u00e9gek, gy\u00f3gyszerkutat\u00e1s, NewMood, GWAS, microarray<\/p>\n<p><strong>A projekt r\u00f6vid tartalmi \u00f6sszefoglal\u00f3ja:<\/strong><\/p>\n<p>A jelenleg el\u00e9rhet\u0151 antidepressz\u00edv szerek k\u00f6zel sem t\u00f6k\u00e9letesek, hiszen nem mindenkin\u00e9l hatnak, a hat\u00e1suk pedig csak lassan fejl\u0151dik ki. A NAP-2-SE \u00daj Antidepressz\u00edv Gy\u00f3gyszerc\u00e9lpont Kutat\u00f3csoport arra t\u00f6rekszik, hogy a hum\u00e1n genom vizsg\u00e1lata r\u00e9v\u00e9n azonos\u00edtsa a depresszi\u00f3 \u00e9s m\u00e1s pszichi\u00e1triai zavarok h\u00e1tter\u00e9ben h\u00faz\u00f3d\u00f3 biol\u00f3giai folyamatokat, \u00e9s ez\u00e1ltal \u00faj gy\u00f3gyszerc\u00e9lpont feh\u00e9rjemolekul\u00e1kat azonos\u00edtson.<\/p>\n<p><a href=\"https:\/\/semmelweis.hu\/gyogyszerhatastan\/nap-2-kutatocsoportok\/nap-2-se-uj-antidepressziv-gyogyszercelpont-kutatocsoport\/a-kutatasrol\/\">A kutat\u00e1sr\u00f3l r\u00e9szletesebben.<\/a><\/p>\n<p><a href=\"https:\/\/semmelweis.hu\/gyogyszerhatastan\/files\/2021\/09\/tamogatas.jpg\"><img loading=\"lazy\" decoding=\"async\" class=\"alignnone wp-image-3143 size-large\" src=\"https:\/\/semmelweis.hu\/gyogyszerhatastan\/files\/2021\/09\/tamogatas-1024x724.jpg\" alt=\"\" width=\"690\" height=\"488\" srcset=\"https:\/\/semmelweis.hu\/gyogyszerhatastan\/files\/2021\/09\/tamogatas-1024x724.jpg 1024w, https:\/\/semmelweis.hu\/gyogyszerhatastan\/files\/2021\/09\/tamogatas-300x212.jpg 300w, https:\/\/semmelweis.hu\/gyogyszerhatastan\/files\/2021\/09\/tamogatas-768x543.jpg 768w, https:\/\/semmelweis.hu\/gyogyszerhatastan\/files\/2021\/09\/tamogatas-424x300.jpg 424w, https:\/\/semmelweis.hu\/gyogyszerhatastan\/files\/2021\/09\/tamogatas.jpg 1184w\" sizes=\"auto, (max-width: 690px) 100vw, 690px\" \/><\/a><\/p>\n<p>A projekt a kor\u00e1bbi\u00a0 <a href=\"https:\/\/semmelweis.hu\/gyogyszerhatastan\/korabbi-palyazatok\/nap-a-kutatocsoport\/altalanos-informaciok\/\">NAP-A-SE \u00daj Antidepressz\u00edv Gy\u00f3gyszerc\u00e9lpont Kutat\u00f3csoport<\/a> eredm\u00e9nyeire \u00e9p\u00fcl.<\/p>\n","protected":false},"excerpt":{"rendered":"<p>Kutat\u00f3csoport neve:\u00a0NAP-2-SE \u00daj Antidepressz\u00edv Gy\u00f3gyszerc\u00e9lpont Kutat\u00f3csoport P\u00e1ly\u00e1zat c\u00edme:\u00a0\u00daj antidepressz\u00e1ns gy\u00f3gyszerc\u00e9lpontok: genomszint\u0171 g\u00e9n-k\u00f6rnyezet interakci\u00f3s vizsg\u00e1latok Vezet\u0151: Prof. Bagdy Gy\u00f6rgy, egyetemi tan\u00e1r, az MTA doktora E-mail: bag13638@iif.hu Tel: +36 1 210 4411; mell\u00e9k 56331 Int\u00e9zet: Gy\u00f3gyszerhat\u00e1stani Int\u00e9zet A megval\u00f3s\u00edt\u00e1s helysz\u00edne:\u00a0Semmelweis Egyetem, 1089 Budapest Nagyv\u00e1rad t\u00e9r 4. Az Eur\u00f3pai Uni\u00f3 \u00e9s a Magyar \u00c1llam \u00e1ltal ny\u00fajtott t\u00e1mogat\u00e1s \u00f6sszege:\u00a0119\u00a0604 &hellip;<\/p>\n","protected":false},"author":101145,"featured_media":0,"parent":2565,"menu_order":0,"comment_status":"closed","ping_status":"closed","template":"","meta":{"_acf_changed":false,"footnotes":""},"categories":[],"tags":[],"class_list":["post-2569","page","type-page","status-publish","hentry"],"acf":[],"_links":{"self":[{"href":"https:\/\/semmelweis.hu\/gyogyszerhatastan\/wp-json\/wp\/v2\/pages\/2569","targetHints":{"allow":["GET"]}}],"collection":[{"href":"https:\/\/semmelweis.hu\/gyogyszerhatastan\/wp-json\/wp\/v2\/pages"}],"about":[{"href":"https:\/\/semmelweis.hu\/gyogyszerhatastan\/wp-json\/wp\/v2\/types\/page"}],"author":[{"embeddable":true,"href":"https:\/\/semmelweis.hu\/gyogyszerhatastan\/wp-json\/wp\/v2\/users\/101145"}],"replies":[{"embeddable":true,"href":"https:\/\/semmelweis.hu\/gyogyszerhatastan\/wp-json\/wp\/v2\/comments?post=2569"}],"version-history":[{"count":5,"href":"https:\/\/semmelweis.hu\/gyogyszerhatastan\/wp-json\/wp\/v2\/pages\/2569\/revisions"}],"predecessor-version":[{"id":3165,"href":"https:\/\/semmelweis.hu\/gyogyszerhatastan\/wp-json\/wp\/v2\/pages\/2569\/revisions\/3165"}],"up":[{"embeddable":true,"href":"https:\/\/semmelweis.hu\/gyogyszerhatastan\/wp-json\/wp\/v2\/pages\/2565"}],"wp:attachment":[{"href":"https:\/\/semmelweis.hu\/gyogyszerhatastan\/wp-json\/wp\/v2\/media?parent=2569"}],"wp:term":[{"taxonomy":"category","embeddable":true,"href":"https:\/\/semmelweis.hu\/gyogyszerhatastan\/wp-json\/wp\/v2\/categories?post=2569"},{"taxonomy":"post_tag","embeddable":true,"href":"https:\/\/semmelweis.hu\/gyogyszerhatastan\/wp-json\/wp\/v2\/tags?post=2569"}],"curies":[{"name":"wp","href":"https:\/\/api.w.org\/{rel}","templated":true}]}}