{"id":213,"date":"2024-09-03T13:03:48","date_gmt":"2024-09-03T11:03:48","guid":{"rendered":"https:\/\/semmelweis.hu\/trajectome\/?page_id=213"},"modified":"2024-09-03T12:59:22","modified_gmt":"2024-09-03T10:59:22","slug":"projekt-osszefoglalo","status":"publish","type":"page","link":"https:\/\/semmelweis.hu\/gyogyszerhatastan\/kutatas-fejlesztes\/korabbi-palyazatok\/trajectome\/projekt-osszefoglalo\/","title":{"rendered":"Projekt \u00d6sszefoglal\u00f3"},"content":{"rendered":"<h2>A t\u00e1rsbetegs\u00e9gek id\u0151beli mint\u00e1zat\u00e1n alapul\u00f3 betegcsoportok kialak\u00edt\u00e1sa a depresszi\u00f3t okoz\u00f3 folyamatok meg\u00e9rt\u00e9s\u00e9nek j\u00f6v\u0151beli eszk\u00f6ze lehet<\/h2>\n<p>A betegek \u00e9s az orvosok egyar\u00e1nt egyre ink\u00e1bb azzal szembes\u00fclnek, hogy a kr\u00f3nikus betegs\u00e9gek nem \u00f6nmagukban, hanem m\u00e1s, \u00fagynevezett t\u00e1rsbetegs\u00e9gekkel egy\u00fctt jelentkeznek, ami arra utal, hogy a h\u00e1tt\u00e9rben k\u00f6z\u00f6s vagy egym\u00e1ssal \u00f6sszef\u00fcgg\u0151 k\u00f3rokok \u00e1llnak. B\u00e1r ez a helyes, miel\u0151bbi diagn\u00f3zisban \u00e9s a szem\u00e9lyre szabottabb kezel\u00e9sben is sokat seg\u00edthetne, a betegs\u00e9gek k\u00f6z\u00f6tti val\u00f3di, k\u00f6zvetlen \u00f6sszef\u00fcgg\u00e9seket neh\u00e9z felismerni. Ennek felder\u00edt\u00e9s\u00e9ben jelenthet nagy el\u0151rel\u00e9p\u00e9st a rendszerjelleg\u0171 elemz\u00e9si szeml\u00e9let, mely k\u00e9pes annak figyelembe v\u00e9tel\u00e9re, hogy egy adott betegn\u00e9l milyen k\u00fcl\u00f6nb\u00f6z\u0151 t\u00e1rsbetegs\u00e9gek milyen \u00e9letkorban jelennek meg.<\/p>\n<div class=\"keretes w-100\">\n<p><strong>A TRAJECTOME konzorcium kutat\u00e1sainak k\u00f6z\u00e9ppontj\u00e1ban a major depresszi\u00f3s zavar (r\u00f6viden depresszi\u00f3) \u00e1llt<\/strong>, ami elt\u00e9r\u0151en az egyszer\u0171 lehangolts\u00e1gt\u00f3l gyakori, s\u00falyos, komoly szenved\u00e9ssel \u00e9s k\u00f6vetkezm\u00e9nyekkel j\u00e1r\u00f3 betegs\u00e9g. Azonban a depresszi\u00f3 nagyon sokf\u00e9le t\u00fcneti k\u00e9ppel nyilv\u00e1nulhat meg, melyek k\u00f3roki h\u00e1ttere is elt\u00e9r, ami miatt sokszor nem k\u00f6nny\u0171 megtal\u00e1lni a hat\u00e9kony kezel\u00e9st. Ez\u00e9rt nagyon fontos, hogy min\u00e9l alaposabban meg\u00e9rts\u00fck a depresszi\u00f3 h\u00e1tter\u00e9t, k\u00fcl\u00f6nf\u00e9le alt\u00edpusait, amiben seg\u00edts\u00e9get ny\u00fajthat az is, ha meg\u00e9rtj\u00fck a t\u00e1rsbetegs\u00e9gekkel val\u00f3 \u00f6sszef\u00fcgg\u00e9s\u00e9t.<\/p>\n<\/div>\n<p>Kutat\u00e1sunkban a betegeket a depresszi\u00f3 \u00e9s hozz\u00e1 k\u00f6zvetlen\u00fcl kapcsol\u00f3d\u00f3 lelki \u00e9s testi t\u00e1rsbetegs\u00e9gek (p\u00e9ld\u00e1ul sz\u00edv-\u00e9rrendszeri betegs\u00e9gek, l\u00e9gz\u0151szervi betegs\u00e9gek, neurol\u00f3giai k\u00f3rk\u00e9pek stb.) megjelen\u00e9s\u00e9nek id\u0151rendje szerint csoportokba soroltuk, mivel azt felt\u00e9telezt\u00fck, hogy a t\u00e1rsbetegs\u00e9gekkel k\u00f6z\u00f6s genetikai rizik\u00f3 hat\u00e9konyabban beazonos\u00edthat\u00f3, \u00e9s felt\u00e9rk\u00e9pez\u00e9se el\u0151seg\u00edti a depresszi\u00f3 h\u00e1tter\u00e9ben \u00e1ll\u00f3 k\u00fcl\u00f6nb\u00f6z\u0151 biol\u00f3giai folyamatok meg\u00e9rt\u00e9s\u00e9t. Ehhez 1,2 milli\u00f3 eur\u00f3pai r\u00e9sztvev\u0151 betegs\u00e9gadatait elemezt\u00fck a TRAJECTOME project munkat\u00e1rsai \u00e1ltal fejlesztett m\u00f3dszereket alkalmazva. Ezut\u00e1n az \u00e1ltalunk azonos\u00edtott csoportok genetikai \u00e9s egy\u00e9b rizik\u00f3 t\u00e9nyez\u0151it vizsg\u00e1ltuk.<\/p>\n<h3>Eredm\u00e9nyek:<\/h3>\n<p>Eredm\u00e9nyeink szerint h\u00e9t csoport elk\u00fcl\u00f6n\u00edt\u00e9s\u00e9vel lehet a legjobban jellemezni a depresszi\u00f3t, mely csoportok jelent\u0151sen elt\u00e9rnek abban, hogy a depresszi\u00f3 mellett milyen testi \u00e9s lelki t\u00e1rsbetegs\u00e9gek milyen gyakoris\u00e1ggal \u00e9s milyen \u00e9letkorban fordulnak el\u0151. Ezen t\u00falmen\u0151en a h\u00e9t betegcsoport jelent\u0151sen k\u00fcl\u00f6nb\u00f6z\u00f6tt egym\u00e1st\u00f3l genetikai \u00e9s nem-genetikai kock\u00e1zati t\u00e9nyez\u0151k (pl. stressz, egyes szem\u00e9lyis\u00e9gvon\u00e1sok, \u00e9lettani vagy viselked\u00e9ses t\u00e9nyez\u0151k) szempontj\u00e1b\u00f3l is. P\u00e9ld\u00e1ul alacsonyabb testt\u00f6meg-index \u00e9s v\u00e9rnyom\u00e1s, a magasabb iskolai v\u00e9gzetts\u00e9g \u00e9s a doh\u00e1nyz\u00e1s ritk\u00e1bb el\u0151fordul\u00e1sa jellemezte az eg\u00e9szs\u00e9gesebb csoportokat.<\/p>\n<p>A h\u00e9t csoport k\u00f6z\u00fcl n\u00e9gyben viszonylag k\u00e9s\u0151n (45-65 \u00e9vesen) kezd\u0151dnek a betegs\u00e9gek \u00e9s ritk\u00e1bban fordul el\u0151 depresszi\u00f3. E csoportokra legink\u00e1bb az immunrendszer kedvez\u0151 hat\u00e1s\u00fa genetikai vari\u00e1nsainak jelenl\u00e9te \u00e9s a depresszi\u00f3 alacsony genetikai rizik\u00f3ja jellemz\u0151. \u00c1m m\u00e9g ezeket a csoportokat is j\u00f3l el lehetett k\u00fcl\u00f6n\u00edteni egym\u00e1st\u00f3l: az egyik csoportban p\u00e9ld\u00e1ul a magas v\u00e9rnyom\u00e1s, a vese \u00e9s az agyi erek betegs\u00e9gei, egy m\u00e1sikban a pajzsmirigy-alulm\u0171k\u00f6d\u00e9s \u00e9s a zs\u00edranyagcsere zavarai voltak gyakoribbak.<\/p>\n<p>A m\u00e1sik h\u00e1rom csoport k\u00f6z\u00fcl, melyeket a depresszi\u00f3 \u00e9s sz\u00e1mos t\u00e1rsbetegs\u00e9g\u00e9nek fokozott el\u0151fordul\u00e1sa jellemez, kett\u0151ben a depresszi\u00f3val \u00f6sszef\u00fcgg\u0151 genetikai vari\u00e1nsok megjelen\u00e9se, m\u00edg a harmadikban a gyullad\u00e1sos betegs\u00e9gekkel \u00f6sszef\u00fcgg\u0151 g\u00e9nek t\u00fals\u00falya volt megfigyelhet\u0151. E csoportok k\u00f6z\u00fcl kett\u0151ben m\u00e1r fiatalabb \u00e9letkorban megjelentek betegs\u00e9gek, azonban az egyikben a f\u00e1jdalommal j\u00e1r\u00f3 \u00e9s pszichi\u00e1triai betegs\u00e9gek voltak t\u00fals\u00falyban, m\u00edg a m\u00e1sikban f\u0151leg allergi\u00e1s betegs\u00e9gek \u00e9s a migr\u00e9n. V\u00e9g\u00fcl a harmadik csoportban k\u00e9s\u0151bb (45 \u00e9ves kor ut\u00e1n) kezd\u0151dnek ugyan a betegs\u00e9gek, de akkor nagy sz\u00e1mban fordulnak el\u0151, \u00e9s k\u00fcl\u00f6n\u00f6sen jellemz\u0151ek a l\u00e9gz\u0151rendszeri fert\u0151z\u00e9sek, valamint stresszhez t\u00e1rsul\u00f3 pszich\u00e9s zavarok.<\/p>\n<div class=\"fontos_div\">\n<h3>Konkl\u00fazi\u00f3<\/h3>\n<p>Kutat\u00e1sunk arra h\u00edvja fel a figyelmet, hogy a depresszi\u00f3val egy\u00fctt el\u0151fordul\u00f3 k\u00f6zvetlen t\u00e1rsbetegs\u00e9gek mint\u00e1zat\u00e1nak ismerete, k\u00fcl\u00f6n\u00f6sen az id\u0151belis\u00e9g\u00fcket is figyelembe v\u00e9ve, nagyon fontos t\u00f6bblettud\u00e1st ny\u00fajt ahhoz, hogy j\u00f3l elk\u00fcl\u00f6n\u00edthet\u0151 biol\u00f3giai h\u00e1tt\u00e9rrel jellemzett beteg-alcsoportokat azonos\u00edtsunk. Eredm\u00e9nyeink a j\u00f6v\u0151ben hozz\u00e1j\u00e1rulhatnak a depresszi\u00f3 \u00e9s t\u00e1rsbetegs\u00e9geinek hat\u00e9konyabb megel\u0151z\u00e9se mellett a betegek c\u00e9lzott, \u00edgy hat\u00e9konyabb kezel\u00e9s\u00e9hez.<\/p>\n<p>&nbsp;<\/p>\n<p>A Nature Communication-ben megjelent k\u00f6zlem\u00e9ny itt olvashat\u00f3:<br \/>\n<a href=\"https:\/\/www.nature.com\/articles\/s41467-024-51467-7\" target=\"_blank\" rel=\"noopener\">https:\/\/www.nature.com\/articles\/s41467-024-51467-7<\/a><\/p>\n<\/div>\n<p><a href=\"https:\/\/semmelweis.hu\/gyogyszerhatastan\/files\/2020\/08\/Komorb_hu3-1.jpg\"><img loading=\"lazy\" decoding=\"async\" class=\"aligncenter wp-image-128 size-full\" src=\"https:\/\/semmelweis.hu\/gyogyszerhatastan\/files\/2020\/08\/Komorb_hu3-1.jpg\" alt=\"\" width=\"1240\" height=\"420\" \/><\/a><\/p>\n<p><a href=\"https:\/\/semmelweis.hu\/gyogyszerhatastan\/files\/2020\/08\/Envirome_hu3.jpg\"><img loading=\"lazy\" decoding=\"async\" class=\"alignright wp-image-129 size-full\" src=\"https:\/\/semmelweis.hu\/gyogyszerhatastan\/files\/2020\/08\/Envirome_hu3.jpg\" alt=\"\" width=\"1240\" height=\"420\" srcset=\"https:\/\/semmelweis.hu\/gyogyszerhatastan\/files\/2020\/08\/Envirome_hu3.jpg 1240w, https:\/\/semmelweis.hu\/gyogyszerhatastan\/files\/2020\/08\/Envirome_hu3-400x135.jpg 400w, https:\/\/semmelweis.hu\/gyogyszerhatastan\/files\/2020\/08\/Envirome_hu3-1024x347.jpg 1024w, https:\/\/semmelweis.hu\/gyogyszerhatastan\/files\/2020\/08\/Envirome_hu3-768x260.jpg 768w, https:\/\/semmelweis.hu\/gyogyszerhatastan\/files\/2020\/08\/Envirome_hu3-753x255.jpg 753w\" sizes=\"auto, (max-width: 1240px) 100vw, 1240px\" \/><\/a><\/p>\n","protected":false},"excerpt":{"rendered":"<p>A t\u00e1rsbetegs\u00e9gek id\u0151beli mint\u00e1zat\u00e1n alapul\u00f3 betegcsoportok kialak\u00edt\u00e1sa a depresszi\u00f3t okoz\u00f3 folyamatok meg\u00e9rt\u00e9s\u00e9nek j\u00f6v\u0151beli eszk\u00f6ze lehet A betegek \u00e9s az orvosok egyar\u00e1nt egyre ink\u00e1bb azzal szembes\u00fclnek, hogy a kr\u00f3nikus betegs\u00e9gek nem \u00f6nmagukban, hanem m\u00e1s, \u00fagynevezett t\u00e1rsbetegs\u00e9gekkel egy\u00fctt jelentkeznek, ami arra utal, hogy a h\u00e1tt\u00e9rben k\u00f6z\u00f6s vagy egym\u00e1ssal \u00f6sszef\u00fcgg\u0151 k\u00f3rokok \u00e1llnak. B\u00e1r ez a helyes, miel\u0151bbi diagn\u00f3zisban &hellip;<\/p>\n","protected":false},"author":101145,"featured_media":0,"parent":28,"menu_order":2,"comment_status":"closed","ping_status":"closed","template":"template-fullwidth.php","meta":{"_acf_changed":false,"footnotes":""},"categories":[],"tags":[],"class_list":["post-213","page","type-page","status-publish","hentry"],"acf":[],"_links":{"self":[{"href":"https:\/\/semmelweis.hu\/gyogyszerhatastan\/wp-json\/wp\/v2\/pages\/213","targetHints":{"allow":["GET"]}}],"collection":[{"href":"https:\/\/semmelweis.hu\/gyogyszerhatastan\/wp-json\/wp\/v2\/pages"}],"about":[{"href":"https:\/\/semmelweis.hu\/gyogyszerhatastan\/wp-json\/wp\/v2\/types\/page"}],"author":[{"embeddable":true,"href":"https:\/\/semmelweis.hu\/gyogyszerhatastan\/wp-json\/wp\/v2\/users\/101145"}],"replies":[{"embeddable":true,"href":"https:\/\/semmelweis.hu\/gyogyszerhatastan\/wp-json\/wp\/v2\/comments?post=213"}],"version-history":[{"count":0,"href":"https:\/\/semmelweis.hu\/gyogyszerhatastan\/wp-json\/wp\/v2\/pages\/213\/revisions"}],"up":[{"embeddable":true,"href":"https:\/\/semmelweis.hu\/gyogyszerhatastan\/wp-json\/wp\/v2\/pages\/28"}],"wp:attachment":[{"href":"https:\/\/semmelweis.hu\/gyogyszerhatastan\/wp-json\/wp\/v2\/media?parent=213"}],"wp:term":[{"taxonomy":"category","embeddable":true,"href":"https:\/\/semmelweis.hu\/gyogyszerhatastan\/wp-json\/wp\/v2\/categories?post=213"},{"taxonomy":"post_tag","embeddable":true,"href":"https:\/\/semmelweis.hu\/gyogyszerhatastan\/wp-json\/wp\/v2\/tags?post=213"}],"curies":[{"name":"wp","href":"https:\/\/api.w.org\/{rel}","templated":true}]}}