{"id":1989,"date":"2016-08-08T18:24:28","date_gmt":"2016-08-08T16:24:28","guid":{"rendered":"http:\/\/semmelweis.hu\/gyogyszerhatastan\/?page_id=1989"},"modified":"2023-02-15T13:39:20","modified_gmt":"2023-02-15T12:39:20","slug":"munkatarsak-mta-se","status":"publish","type":"page","link":"https:\/\/semmelweis.hu\/gyogyszerhatastan\/kutatas-fejlesztes\/korabbi-palyazatok\/mta-se-kutatocsoport\/munkatarsak-mta-se\/","title":{"rendered":"Az MTA-SE Kutat\u00f3csoport munkat\u00e1rsai"},"content":{"rendered":"\n<table id=\"tablepress-28\" class=\"tablepress tablepress-id-28\">\n<thead>\n<tr class=\"row-1\">\n\t<th class=\"column-1\">Kutat\u00f3csoportbeli tiszts\u00e9g<\/th><td class=\"column-2\"><\/td><th class=\"column-3\">N\u00e9v<\/th><th class=\"column-4\">Fokozat<\/th><th class=\"column-5\">Int\u00e9zet<\/th>\n<\/tr>\n<\/thead>\n<tbody class=\"row-striping row-hover\">\n<tr class=\"row-2\">\n\t<td class=\"column-1\">Vezet\u0151<\/td><td class=\"column-2\"><img loading=\"lazy\" decoding=\"async\" style=\"float: left\" src=\"http:\/\/semmelweis.hu\/gyogyszerhatastan\/files\/2015\/05\/BagdyGyorgy.jpg\" alt=\"Bagdy Gy\u00f6rgy\" width=\"90\" height=\"120\" \/><\/td><td class=\"column-3\">Dr. Bagdy Gy\u00f6rgy<\/td><td class=\"column-4\">tudom\u00e1nyos rektorhelyettes, egyetemi tan\u00e1r, igazgat\u00f3, az MTA doktora<\/td><td class=\"column-5\">SE GYTK Gy\u00f3gyszerhat\u00e1stani Int\u00e9zet<\/td>\n<\/tr>\n<tr class=\"row-3\">\n\t<td class=\"column-1\">F\u0151munkat\u00e1rsak<\/td><td class=\"column-2\"><img loading=\"lazy\" decoding=\"async\" style=\"float: left\" src=\"http:\/\/semmelweis.hu\/gyogyszerhatastan\/files\/2015\/05\/juhaszgabriella.jpg\" alt=\"Juh\u00e1sz Gabriella\" width=\"90\" height=\"120\" \/><\/td><td class=\"column-3\">Dr. Juh\u00e1sz Gabriella<\/td><td class=\"column-4\">egyetemi docens<\/td><td class=\"column-5\">SE GYTK Gy\u00f3gyszerhat\u00e1stani Int\u00e9zet<\/td>\n<\/tr>\n<tr class=\"row-4\">\n\t<td class=\"column-1\"><\/td><td class=\"column-2\"><img loading=\"lazy\" decoding=\"async\" style=\"float: left\" src=\"http:\/\/semmelweis.hu\/gyogyszerhatastan\/files\/2016\/08\/Antal-Peter.jpg\" alt=\"Antal P\u00e9ter\" width=\"90\" height=\"120\" \/><\/td><td class=\"column-3\">Dr. Antal P\u00e9ter<\/td><td class=\"column-4\">egyetemi docens<\/td><td class=\"column-5\">BME VIK M\u00e9r\u00e9stechnikai \u00e9s Inform\u00e1ci\u00f3s Rendszerek Tansz\u00e9k<\/td>\n<\/tr>\n<tr class=\"row-5\">\n\t<td class=\"column-1\">Kutat\u00f3csoport tagjai<\/td><td class=\"column-2\"><\/td><td class=\"column-3\">B\u00e1konyi Ivonne Fanni<\/td><td class=\"column-4\"><\/td><td class=\"column-5\">SE GYTK Gy\u00f3gyszerhat\u00e1stani Int\u00e9zet<\/td>\n<\/tr>\n<tr class=\"row-6\">\n\t<td class=\"column-1\"><\/td><td class=\"column-2\"><img loading=\"lazy\" decoding=\"async\" style=\"float: left\" src=\"http:\/\/semmelweis.hu\/gyogyszerhatastan\/files\/2015\/05\/GalambosAttila.jpg\" alt=\"Galambos Attila\" width=\"90\" height=\"120\" \/><\/td><td class=\"column-3\">Galambos Attila<\/td><td class=\"column-4\">kutat\u00f3 pszichol\u00f3gus, PhD-hallgat\u00f3<\/td><td class=\"column-5\">ELTE Pszichol\u00f3giai Doktori Iskola<\/td>\n<\/tr>\n<tr class=\"row-7\">\n\t<td class=\"column-1\"><\/td><td class=\"column-2\"><img loading=\"lazy\" decoding=\"async\" style=\"float: left\" src=\"http:\/\/semmelweis.hu\/gyogyszerhatastan\/files\/2016\/08\/Vas-Szilvia.jpg\" alt=\"Vas Szilvia\" width=\"90\" height=\"120\" \/><\/td><td class=\"column-3\">Kalm\u00e1rn\u00e9 Dr. Vas Szilvia<\/td><td class=\"column-4\">kutat\u00f3 gy\u00f3gyszer\u00e9sz, tudom\u00e1nyos seg\u00e9dmunkat\u00e1rs<\/td><td class=\"column-5\">SE GYTK Gy\u00f3gyszerhat\u00e1stani Int\u00e9zet<\/td>\n<\/tr>\n<tr class=\"row-8\">\n\t<td class=\"column-1\"><\/td><td class=\"column-2\"><img loading=\"lazy\" decoding=\"async\" style=\"float: left\" src=\"http:\/\/semmelweis.hu\/gyogyszerhatastan\/files\/2016\/08\/Katona-Eniko-Rozsa.jpg\" alt=\"Katonai Enik\u0151 R\u00f3zsa\" width=\"90\" height=\"120\" \/><\/td><td class=\"column-3\">Katonai Enik\u0151 R\u00f3zsa<\/td><td class=\"column-4\">kutat\u00f3 pszichol\u00f3gus, PhD-hallgat\u00f3<\/td><td class=\"column-5\">ELTE Pszichol\u00f3giai Doktori Iskola<\/td>\n<\/tr>\n<tr class=\"row-9\">\n\t<td class=\"column-1\"><\/td><td class=\"column-2\"><img loading=\"lazy\" decoding=\"async\" style=\"float: left\" src=\"http:\/\/semmelweis.hu\/gyogyszerhatastan\/files\/2016\/08\/Petschner-Anna.jpg\" alt=\"Petschner Anna\" width=\"90\" height=\"120\" \/><\/td><td class=\"column-3\">Petschner Anna<\/td><td class=\"column-4\">tudom\u00e1nyos seg\u00e9dmunkat\u00e1rs<\/td><td class=\"column-5\">SE GYTK Gy\u00f3gyszerhat\u00e1stani Int\u00e9zet<\/td>\n<\/tr>\n<tr class=\"row-10\">\n\t<td class=\"column-1\"><\/td><td class=\"column-2\"><img loading=\"lazy\" decoding=\"async\" style=\"float: left\" src=\"http:\/\/semmelweis.hu\/gyogyszerhatastan\/files\/2016\/08\/Petschner-Peter.jpg\" alt=\"Petschner P\u00e9ter\" width=\"90\" height=\"120\" \/><\/td><td class=\"column-3\">Dr. Petschner P\u00e9ter<\/td><td class=\"column-4\">kutat\u00f3 gy\u00f3gyszer\u00e9sz, tudom\u00e1nyos seg\u00e9dmunkat\u00e1rs<\/td><td class=\"column-5\">SE GYTK Gy\u00f3gyszerhat\u00e1stani Int\u00e9zet<\/td>\n<\/tr>\n<tr class=\"row-11\">\n\t<td class=\"column-1\">fMRI vizsg\u00e1latokban egy\u00fcttm\u0171k\u00f6d\u0151 partnerek<\/td><td class=\"column-2\"><img loading=\"lazy\" decoding=\"async\" style=\"float: left\" src=\"http:\/\/semmelweis.hu\/gyogyszerhatastan\/files\/2015\/05\/GyureTamas.jpg\" alt=\"Gy\u00fcre Tam\u00e1s\" width=\"90\" height=\"120\" \/><\/td><td class=\"column-3\">Gy\u00fcre Tam\u00e1s<\/td><td class=\"column-4\">kutat\u00f3 pszichol\u00f3gus, PhD-hallgat\u00f3<\/td><td class=\"column-5\">SE Szent\u00e1gothai J\u00e1nos Idegtudom\u00e1nyok Doktori Iskola<\/td>\n<\/tr>\n<tr class=\"row-12\">\n\t<td class=\"column-1\"><\/td><td class=\"column-2\"><img loading=\"lazy\" decoding=\"async\" style=\"float: left\" src=\"http:\/\/semmelweis.hu\/gyogyszerhatastan\/files\/2015\/05\/KokonyeiGyongyi.jpg\" alt=\"K\u00f6k\u00f6nyei Gy\u00f6ngyi\" width=\"90\" height=\"120\" \/><\/td><td class=\"column-3\">Dr. K\u00f6k\u00f6nyei Gy\u00f6ngyi<\/td><td class=\"column-4\">tudom\u00e1nyos munkat\u00e1rs, egyetemi adjunktus<\/td><td class=\"column-5\">ELTE PPK Klinikai Pszichol\u00f3gia \u00e9s Addiktol\u00f3gia Tansz\u00e9k<\/td>\n<\/tr>\n<tr class=\"row-13\">\n\t<td class=\"column-1\"><\/td><td class=\"column-2\"><img loading=\"lazy\" decoding=\"async\" style=\"float: left\" src=\"http:\/\/semmelweis.hu\/gyogyszerhatastan\/files\/2016\/09\/toth_zoltan_1.jpg\" alt=\"T\u00f3th Zolt\u00e1n G\u00e9za\" width=\"90\" height=\"120\" \/><\/td><td class=\"column-3\">Dr. T\u00f3th Zolt\u00e1n G\u00e9za<\/td><td class=\"column-4\">okleveles villamosm\u00e9rn\u00f6k, alkalmazott informatikus<\/td><td class=\"column-5\">\u00d3E KVK H\u00edrad\u00e1stechnikai Int\u00e9zet<\/td>\n<\/tr>\n<tr class=\"row-14\">\n\t<td class=\"column-1\">Tov\u00e1bbi egy\u00fcttm\u0171k\u00f6d\u0151 partnerek<\/td><td class=\"column-2\"><img loading=\"lazy\" decoding=\"async\" style=\"float: left\" src=\"http:\/\/semmelweis.hu\/gyogyszerhatastan\/files\/2015\/05\/EszlariNora.jpg\" alt=\"Eszl\u00e1ri N\u00f3ra\" width=\"90\" height=\"120\" \/><\/td><td class=\"column-3\">Eszl\u00e1ri N\u00f3ra<\/td><td class=\"column-4\">kutat\u00f3 pszichol\u00f3gus, PhD-hallgat\u00f3<\/td><td class=\"column-5\">SE Ment\u00e1lis Eg\u00e9szs\u00e9gtudom\u00e1nyok Doktori Iskola<\/td>\n<\/tr>\n<tr class=\"row-15\">\n\t<td class=\"column-1\"><\/td><td class=\"column-2\"><img loading=\"lazy\" decoding=\"async\" style=\"float: left\" src=\"http:\/\/semmelweis.hu\/gyogyszerhatastan\/files\/2015\/09\/XeniaGonda.jpg\" alt=\"Gonda X\u00e9nia\" width=\"90\" height=\"120\" \/><\/td><td class=\"column-3\">Dr. Gonda X\u00e9nia<\/td><td class=\"column-4\">tudom\u00e1nyos munkat\u00e1rs, klinikai szakpszichol\u00f3gus<\/td><td class=\"column-5\">SE K\u00fatv\u00f6lgyi Klinikai T\u00f6mb, Klinikai \u00e9s Kutat\u00e1si Ment\u00e1lhigi\u00e9ni\u00e1s Oszt\u00e1ly<\/td>\n<\/tr>\n<tr class=\"row-16\">\n\t<td class=\"column-1\"><\/td><td class=\"column-2\"><img loading=\"lazy\" decoding=\"async\" style=\"float: left\" src=\"http:\/\/semmelweis.hu\/gyogyszerhatastan\/files\/2016\/08\/Marx-Peter.jpg\" alt=\"Marx P\u00e9ter\" width=\"90\" height=\"120\" \/><\/td><td class=\"column-3\">Marx P\u00e9ter<\/td><td class=\"column-4\">PhD-hallgat\u00f3<\/td><td class=\"column-5\">BME VIK M\u00e9r\u00e9stechnikai \u00e9s Inform\u00e1ci\u00f3s Rendszerek Tansz\u00e9k<\/td>\n<\/tr>\n<tr class=\"row-17\">\n\t<td class=\"column-1\"><\/td><td class=\"column-2\"><img loading=\"lazy\" decoding=\"async\" style=\"float: left\" src=\"http:\/\/semmelweis.hu\/gyogyszerhatastan\/files\/2015\/09\/milli.jpg\" alt=\"Millinghoffer Andr\u00e1s D\u00e1niel\" width=\"90\" height=\"120\" \/><\/td><td class=\"column-3\">Millinghoffer Andr\u00e1s D\u00e1niel<\/td><td class=\"column-4\">PhD-hallgat\u00f3<\/td><td class=\"column-5\">BME VIK M\u00e9r\u00e9stechnikai \u00e9s Inform\u00e1ci\u00f3s Rendszerek Tansz\u00e9k<\/td>\n<\/tr>\n<\/tbody>\n<\/table>\n<!-- #tablepress-28 from cache -->\n","protected":false},"excerpt":{"rendered":"","protected":false},"author":107,"featured_media":0,"parent":1950,"menu_order":5,"comment_status":"closed","ping_status":"closed","template":"template-fullwidth.php","meta":{"_acf_changed":false,"footnotes":""},"categories":[],"tags":[],"class_list":["post-1989","page","type-page","status-publish","hentry"],"acf":[],"_links":{"self":[{"href":"https:\/\/semmelweis.hu\/gyogyszerhatastan\/wp-json\/wp\/v2\/pages\/1989","targetHints":{"allow":["GET"]}}],"collection":[{"href":"https:\/\/semmelweis.hu\/gyogyszerhatastan\/wp-json\/wp\/v2\/pages"}],"about":[{"href":"https:\/\/semmelweis.hu\/gyogyszerhatastan\/wp-json\/wp\/v2\/types\/page"}],"author":[{"embeddable":true,"href":"https:\/\/semmelweis.hu\/gyogyszerhatastan\/wp-json\/wp\/v2\/users\/107"}],"replies":[{"embeddable":true,"href":"https:\/\/semmelweis.hu\/gyogyszerhatastan\/wp-json\/wp\/v2\/comments?post=1989"}],"version-history":[{"count":2,"href":"https:\/\/semmelweis.hu\/gyogyszerhatastan\/wp-json\/wp\/v2\/pages\/1989\/revisions"}],"predecessor-version":[{"id":3416,"href":"https:\/\/semmelweis.hu\/gyogyszerhatastan\/wp-json\/wp\/v2\/pages\/1989\/revisions\/3416"}],"up":[{"embeddable":true,"href":"https:\/\/semmelweis.hu\/gyogyszerhatastan\/wp-json\/wp\/v2\/pages\/1950"}],"wp:attachment":[{"href":"https:\/\/semmelweis.hu\/gyogyszerhatastan\/wp-json\/wp\/v2\/media?parent=1989"}],"wp:term":[{"taxonomy":"category","embeddable":true,"href":"https:\/\/semmelweis.hu\/gyogyszerhatastan\/wp-json\/wp\/v2\/categories?post=1989"},{"taxonomy":"post_tag","embeddable":true,"href":"https:\/\/semmelweis.hu\/gyogyszerhatastan\/wp-json\/wp\/v2\/tags?post=1989"}],"curies":[{"name":"wp","href":"https:\/\/api.w.org\/{rel}","templated":true}]}}