{"id":1891,"date":"2016-08-08T20:49:15","date_gmt":"2016-08-08T18:49:15","guid":{"rendered":"http:\/\/semmelweis.hu\/gyogyszerhatastan\/?page_id=1891"},"modified":"2023-02-15T13:41:58","modified_gmt":"2023-02-15T12:41:58","slug":"nap-a-kutatocsoport","status":"publish","type":"page","link":"https:\/\/semmelweis.hu\/gyogyszerhatastan\/kutatas-fejlesztes\/korabbi-palyazatok\/nap-a-kutatocsoport\/","title":{"rendered":"NAP A kutat\u00f3csoport"},"content":{"rendered":"<p><strong>N\u00e9v:<\/strong> NAP-A-SE Kutat\u00f3csoport<br \/>\n<strong>Kutat\u00e1si t\u00e9ma c\u00edme: <\/strong>\u00daj antidepressz\u00e1ns gy\u00f3gyszerc\u00e9lpontok azonos\u00edt\u00e1sa<\/p>\n<p><strong>Vezet\u0151:<\/strong> Prof. Bagdy Gy\u00f6rgy, egyetemi tan\u00e1r, az MTA doktora<br \/>\nE-mail: bag13638@iif.hu<br \/>\nTel: +36-1-210-4411, +36-1-459-1500; mell\u00e9k 56331, 56336, 56217<br \/>\nInt\u00e9zet: Gy\u00f3gyszerhat\u00e1stani Int\u00e9zet<br \/>\n<strong>A megval\u00f3s\u00edt\u00e1s helysz\u00edne:<\/strong> Semmelweis Egyetem, 1089 Budapest Nagyv\u00e1rad t\u00e9r 4.<\/p>\n<p><strong>Az Eur\u00f3pai Uni\u00f3 \u00e9s a Magyar \u00c1llam \u00e1ltal ny\u00fajtott t\u00e1mogat\u00e1s \u00f6sszege: <\/strong>127 850 000 Ft<br \/>\n<strong>Kivitelez\u00e9s ideje: <\/strong>2014.12.01.-2017.11.30.<br \/>\n<strong>Link:<\/strong> <a href=\"https:\/\/semmelweis.hu\/gyogyszerhatastan\/nap-a-kutatocsoport\/\">https:\/\/semmelweis.hu\/gyogyszerhatastan\/nap-a-kutatocsoport\/<\/a><\/p>\n<p><strong>Kulcsszavak:<\/strong><br \/>\ndepresszi\u00f3, szorong\u00e1s, genetika, antidepressz\u00e1nsok, szem\u00e9lyis\u00e9gvon\u00e1sok, temperamentumok, k\u00f6rnyezeti stressz, anyagi neh\u00e9zs\u00e9gek, gy\u00f3gyszerkutat\u00e1s, NewMood, GWAS, microarray<\/p>\n<p><strong>A projekt r\u00f6vid tartalmi \u00f6sszefoglal\u00f3ja:<\/strong><br \/>\nA Nemzeti Agykutat\u00e1si Program (NAP) t\u00e1mogat\u00e1s\u00e1val a munkacsoport \u00faj, a depresszi\u00f3 kezel\u00e9s\u00e9re alkalmas gy\u00f3gyszerc\u00e9lpontok ut\u00e1n kutat. Ehhez egy t\u00f6bb ezer f\u0151s popul\u00e1ci\u00f3ban a teljes g\u00e9n\u00e1llom\u00e1nyt felt\u00e9rk\u00e9pezik, olyan g\u00e9nv\u00e1ltozatokat keresve, amelyek a betegs\u00e9g kialakul\u00e1s\u00e1hoz vezethetnek.<\/p>\n","protected":false},"excerpt":{"rendered":"<p>N\u00e9v: NAP-A-SE Kutat\u00f3csoport Kutat\u00e1si t\u00e9ma c\u00edme: \u00daj antidepressz\u00e1ns gy\u00f3gyszerc\u00e9lpontok azonos\u00edt\u00e1sa Vezet\u0151: Prof. Bagdy Gy\u00f6rgy, egyetemi tan\u00e1r, az MTA doktora E-mail: bag13638@iif.hu Tel: +36-1-210-4411, +36-1-459-1500; mell\u00e9k 56331, 56336, 56217 Int\u00e9zet: Gy\u00f3gyszerhat\u00e1stani Int\u00e9zet A megval\u00f3s\u00edt\u00e1s helysz\u00edne: Semmelweis Egyetem, 1089 Budapest Nagyv\u00e1rad t\u00e9r 4. Az Eur\u00f3pai Uni\u00f3 \u00e9s a Magyar \u00c1llam \u00e1ltal ny\u00fajtott t\u00e1mogat\u00e1s \u00f6sszege: 127 850 000 &hellip;<\/p>\n","protected":false},"author":107,"featured_media":0,"parent":2546,"menu_order":1,"comment_status":"closed","ping_status":"closed","template":"","meta":{"_acf_changed":false,"footnotes":""},"categories":[],"tags":[],"class_list":["post-1891","page","type-page","status-publish","hentry"],"acf":[],"_links":{"self":[{"href":"https:\/\/semmelweis.hu\/gyogyszerhatastan\/wp-json\/wp\/v2\/pages\/1891","targetHints":{"allow":["GET"]}}],"collection":[{"href":"https:\/\/semmelweis.hu\/gyogyszerhatastan\/wp-json\/wp\/v2\/pages"}],"about":[{"href":"https:\/\/semmelweis.hu\/gyogyszerhatastan\/wp-json\/wp\/v2\/types\/page"}],"author":[{"embeddable":true,"href":"https:\/\/semmelweis.hu\/gyogyszerhatastan\/wp-json\/wp\/v2\/users\/107"}],"replies":[{"embeddable":true,"href":"https:\/\/semmelweis.hu\/gyogyszerhatastan\/wp-json\/wp\/v2\/comments?post=1891"}],"version-history":[{"count":10,"href":"https:\/\/semmelweis.hu\/gyogyszerhatastan\/wp-json\/wp\/v2\/pages\/1891\/revisions"}],"predecessor-version":[{"id":3418,"href":"https:\/\/semmelweis.hu\/gyogyszerhatastan\/wp-json\/wp\/v2\/pages\/1891\/revisions\/3418"}],"up":[{"embeddable":true,"href":"https:\/\/semmelweis.hu\/gyogyszerhatastan\/wp-json\/wp\/v2\/pages\/2546"}],"wp:attachment":[{"href":"https:\/\/semmelweis.hu\/gyogyszerhatastan\/wp-json\/wp\/v2\/media?parent=1891"}],"wp:term":[{"taxonomy":"category","embeddable":true,"href":"https:\/\/semmelweis.hu\/gyogyszerhatastan\/wp-json\/wp\/v2\/categories?post=1891"},{"taxonomy":"post_tag","embeddable":true,"href":"https:\/\/semmelweis.hu\/gyogyszerhatastan\/wp-json\/wp\/v2\/tags?post=1891"}],"curies":[{"name":"wp","href":"https:\/\/api.w.org\/{rel}","templated":true}]}}