{"id":1757,"date":"2015-05-21T20:22:56","date_gmt":"2015-05-21T18:22:56","guid":{"rendered":"http:\/\/semmelweis.hu\/gyogyszerhatastan\/?page_id=1757"},"modified":"2023-02-15T13:53:02","modified_gmt":"2023-02-15T12:53:02","slug":"nap-b-kutatocsoport","status":"publish","type":"page","link":"https:\/\/semmelweis.hu\/gyogyszerhatastan\/kutatas-fejlesztes\/korabbi-palyazatok\/nap-b-kutatocsoport\/","title":{"rendered":"NAP B kutat\u00f3csoport"},"content":{"rendered":"<p><img decoding=\"async\" src=\"https:\/\/semmelweis.hu\/gyogyszerhatastan\/files\/2015\/05\/Tabla-design_JG.gif\" alt=\"NAP-B kutat\u00f3csoport\" \/><\/p>\n<p><strong>Kutat\u00f3csoport neve: <\/strong>MTA-SE-NAP B Genetikai Agyi K\u00e9palkot\u00f3 Migr\u00e9n Kutat\u00f3 Csoport<\/p>\n<p><strong>P\u00e1ly\u00e1zat c\u00edme:<\/strong> Funkcion\u00e1lis MR \u00e9s genetikai biomarker vizsg\u00e1latok migr\u00e9nben<\/p>\n<p><strong>Vezet\u0151:<\/strong><\/p>\n<p>Dr. Juh\u00e1sz Gabriella, PhD, egyetemi docens<\/p>\n<p>E-mail: <a href=\"mailto:juhasz.gabriella@pharma.semmelweis-univ.hu\">juhasz.gabriella@pharma.semmelweis-univ.hu<\/a><\/p>\n<p>Tel: +36 1\u00a0459 1500<\/p>\n<p>Int\u00e9zet: Gy\u00f3gyszerhat\u00e1stani Int\u00e9zet<\/p>\n<p><strong>A megval\u00f3s\u00edt\u00e1s helysz\u00edne:<\/strong> Semmelweis Egyetem, 1089 Budapest Nagyv\u00e1rad t\u00e9r 4.<\/p>\n<p><strong>Az Eur\u00f3pai Uni\u00f3 \u00e9s a Magyar \u00c1llam \u00e1ltal ny\u00fajtott t\u00e1mogat\u00e1s \u00f6sszege:<\/strong> 120\u00a0738\u00a0000 Ft<\/p>\n<p><strong>Kivitelez\u00e9s ideje:<\/strong> 2015.01.01-2017.12.31.<\/p>\n<p><strong>Link:<\/strong> <a href=\"https:\/\/semmelweis.hu\/gyogyszerhatastan\/nap-b-kutatocsoport\/\">https:\/\/semmelweis.hu\/gyogyszerhatastan\/nap-b-kutatocsoport\/<\/a><\/p>\n<p><strong>Kulcsszavak:<\/strong><\/p>\n<p>migr\u00e9n, fMRI, stressz, genetika, k\u00f6rnyezeti faktorok, epigenetika, g\u00e9n-k\u00f6rnyezet interakci\u00f3k, biomarkerek, autog\u00e9n tr\u00e9ning<\/p>\n<p><strong>A projekt r\u00f6vid tartalmi \u00f6sszefoglal\u00f3ja:<\/strong><\/p>\n<p>A Magyar Tudom\u00e1nyos Akad\u00e9mia \u00e9s a Nemzeti Agykutat\u00e1si Program t\u00e1mogat\u00e1s\u00e1val megalakult kutat\u00f3csoport migr\u00e9nes \u00e9s eg\u00e9szs\u00e9ges szem\u00e9lyek agyi m\u0171k\u00f6d\u00e9s\u00e9t vizsg\u00e1lja, olyan markerek ut\u00e1n kutatva, amelyek felel\u0151sek a stresszel szembeni ellen\u00e1ll\u00f3k\u00e9pess\u00e9g \u00e9s f\u00e1jdalom\u00e9szlel\u00e9s kialak\u00edt\u00e1s\u00e1\u00e9rt.<\/p>\n","protected":false},"excerpt":{"rendered":"<p>Kutat\u00f3csoport neve: MTA-SE-NAP B Genetikai Agyi K\u00e9palkot\u00f3 Migr\u00e9n Kutat\u00f3 Csoport P\u00e1ly\u00e1zat c\u00edme: Funkcion\u00e1lis MR \u00e9s genetikai biomarker vizsg\u00e1latok migr\u00e9nben Vezet\u0151: Dr. Juh\u00e1sz Gabriella, PhD, egyetemi docens E-mail: <a href=\"mailto:juhasz.gabriella@pharma.semmelweis-univ.hu\">juhasz.gabriella@pharma.semmelweis-univ.hu<\/a> Tel: +36 1\u00a0459 1500 Int\u00e9zet: Gy\u00f3gyszerhat\u00e1stani Int\u00e9zet A megval\u00f3s\u00edt\u00e1s helysz\u00edne: Semmelweis Egyetem, 1089 Budapest Nagyv\u00e1rad t\u00e9r 4. Az Eur\u00f3pai Uni\u00f3 \u00e9s a Magyar \u00c1llam \u00e1ltal ny\u00fajtott t\u00e1mogat\u00e1s \u00f6sszege: &hellip;<\/p>\n","protected":false},"author":107,"featured_media":0,"parent":2546,"menu_order":3,"comment_status":"open","ping_status":"closed","template":"","meta":{"_acf_changed":false,"footnotes":""},"categories":[],"tags":[],"class_list":["post-1757","page","type-page","status-publish","hentry"],"acf":[],"_links":{"self":[{"href":"https:\/\/semmelweis.hu\/gyogyszerhatastan\/wp-json\/wp\/v2\/pages\/1757","targetHints":{"allow":["GET"]}}],"collection":[{"href":"https:\/\/semmelweis.hu\/gyogyszerhatastan\/wp-json\/wp\/v2\/pages"}],"about":[{"href":"https:\/\/semmelweis.hu\/gyogyszerhatastan\/wp-json\/wp\/v2\/types\/page"}],"author":[{"embeddable":true,"href":"https:\/\/semmelweis.hu\/gyogyszerhatastan\/wp-json\/wp\/v2\/users\/107"}],"replies":[{"embeddable":true,"href":"https:\/\/semmelweis.hu\/gyogyszerhatastan\/wp-json\/wp\/v2\/comments?post=1757"}],"version-history":[{"count":9,"href":"https:\/\/semmelweis.hu\/gyogyszerhatastan\/wp-json\/wp\/v2\/pages\/1757\/revisions"}],"predecessor-version":[{"id":2956,"href":"https:\/\/semmelweis.hu\/gyogyszerhatastan\/wp-json\/wp\/v2\/pages\/1757\/revisions\/2956"}],"up":[{"embeddable":true,"href":"https:\/\/semmelweis.hu\/gyogyszerhatastan\/wp-json\/wp\/v2\/pages\/2546"}],"wp:attachment":[{"href":"https:\/\/semmelweis.hu\/gyogyszerhatastan\/wp-json\/wp\/v2\/media?parent=1757"}],"wp:term":[{"taxonomy":"category","embeddable":true,"href":"https:\/\/semmelweis.hu\/gyogyszerhatastan\/wp-json\/wp\/v2\/categories?post=1757"},{"taxonomy":"post_tag","embeddable":true,"href":"https:\/\/semmelweis.hu\/gyogyszerhatastan\/wp-json\/wp\/v2\/tags?post=1757"}],"curies":[{"name":"wp","href":"https:\/\/api.w.org\/{rel}","templated":true}]}}