{"id":1137,"date":"2014-02-04T14:42:17","date_gmt":"2014-02-04T13:42:17","guid":{"rendered":"http:\/\/semmelweis.hu\/gyogyszerhatastan\/?page_id=1137"},"modified":"2022-10-23T10:39:19","modified_gmt":"2022-10-23T08:39:19","slug":"kontakt","status":"publish","type":"page","link":"https:\/\/semmelweis.hu\/gyogyszerhatastan\/de\/kontakt\/","title":{"rendered":"Kontakt"},"content":{"rendered":"<p><strong>Kontakt:<\/strong><\/p>\n<p>Das Insitute ist im 8. Stock des Nagyv\u00e1rad t\u00e9ri Elm\u00e9leti T\u00f6mb der Universit\u00e4t, aber unsere einige B\u00fcros und Laboratorien ist im Erdgescoss, im 3. Stock und im 11. Stock.<\/p>\n<p>Adresse:<\/p>\n<p>Nagyv\u00e1rad t\u00e9r 4.<br \/>\nH-1089 Budapest<br \/>\nUngarn<br \/>\nTel\/fax: +36-1-2104411<br \/>\nNebenstelle: 56217<br \/>\nE-mail:\u00a0<a href=\"mailto:titkarsag.gyhat@pharma.semmelweis-univ.hu?subject=%C3%9Czenet%20a%20Semmelweis%20Egyetem%20honlapr%C3%B3l\">titkarsag.gyhat@pharma.semmelweis-univ.hu<\/a><\/p>\n","protected":false},"excerpt":{"rendered":"<p>Kontakt:<br \/>\nDas Insitute ist im 8. Stock des Nagyv\u00e1rad t\u00e9ri Elm\u00e9leti T\u00f6mb der Universit\u00e4t, aber unsere einige B\u00fcros und Laboratorien ist im Erdgescoss, im 3. Stock und im 11. Stock.<br \/>\nAdresse:<br \/>\nNagyv\u00e1rad t\u00e9r 4.<br \/>\nH-1089 Budapest<br \/>\nUngarn<br \/>\nTel\/fax: +36-1-2104411<br \/>\nNebenstelle: 56217<br \/>\nE-mail:\u00a0<a href=\"mailto:titkarsag.gyhat@pharma.semmelweis-univ.hu?subject=%C3%9Czenet%20a%20Semmelweis%20Egyetem%20honlapr%C3%B3l\">titkarsag.gyhat@pharma.semmelweis-univ.hu<\/a><\/p>\n","protected":false},"author":107,"featured_media":0,"parent":0,"menu_order":15,"comment_status":"open","ping_status":"closed","template":"","meta":{"_acf_changed":false,"footnotes":""},"categories":[],"tags":[],"class_list":["post-1137","page","type-page","status-publish","hentry"],"acf":[],"_links":{"self":[{"href":"https:\/\/semmelweis.hu\/gyogyszerhatastan\/wp-json\/wp\/v2\/pages\/1137","targetHints":{"allow":["GET"]}}],"collection":[{"href":"https:\/\/semmelweis.hu\/gyogyszerhatastan\/wp-json\/wp\/v2\/pages"}],"about":[{"href":"https:\/\/semmelweis.hu\/gyogyszerhatastan\/wp-json\/wp\/v2\/types\/page"}],"author":[{"embeddable":true,"href":"https:\/\/semmelweis.hu\/gyogyszerhatastan\/wp-json\/wp\/v2\/users\/107"}],"replies":[{"embeddable":true,"href":"https:\/\/semmelweis.hu\/gyogyszerhatastan\/wp-json\/wp\/v2\/comments?post=1137"}],"version-history":[{"count":5,"href":"https:\/\/semmelweis.hu\/gyogyszerhatastan\/wp-json\/wp\/v2\/pages\/1137\/revisions"}],"predecessor-version":[{"id":3229,"href":"https:\/\/semmelweis.hu\/gyogyszerhatastan\/wp-json\/wp\/v2\/pages\/1137\/revisions\/3229"}],"wp:attachment":[{"href":"https:\/\/semmelweis.hu\/gyogyszerhatastan\/wp-json\/wp\/v2\/media?parent=1137"}],"wp:term":[{"taxonomy":"category","embeddable":true,"href":"https:\/\/semmelweis.hu\/gyogyszerhatastan\/wp-json\/wp\/v2\/categories?post=1137"},{"taxonomy":"post_tag","embeddable":true,"href":"https:\/\/semmelweis.hu\/gyogyszerhatastan\/wp-json\/wp\/v2\/tags?post=1137"}],"curies":[{"name":"wp","href":"https:\/\/api.w.org\/{rel}","templated":true}]}}