{"id":10,"date":"2013-08-27T11:31:31","date_gmt":"2012-06-19T05:59:16","guid":{"rendered":"http:\/\/semmelweis-egyetem.hu\/gyogyszerhatastan\/?page_id=10"},"modified":"2025-01-26T18:58:02","modified_gmt":"2025-01-26T17:58:02","slug":"kortani-es-klinikai-alapismeretek","status":"publish","type":"page","link":"https:\/\/semmelweis.hu\/gyogyszerhatastan\/oktatas\/kortani-es-klinikai-alapismeretek\/","title":{"rendered":"K\u00f3rtani \u00e9s klinikai alapismeretek"},"content":{"rendered":"<p>A K\u00f3rtani \u00e9s klinikai alapismeretek tant\u00e1rgy keret\u00e9ben 56 \u00f3r\u00e1s elm\u00e9leti \u00e9s 28 \u00f3r\u00e1s gyakorlati k\u00e9pz\u00e9st kapnak a di\u00e1kok, a gy\u00f3gyszer\u00e9szhallgat\u00f3k speci\u00e1lis ig\u00e9nyeinek megfelel\u0151en a leggyakoribb betegs\u00e9gek patofiziol\u00f3giai vonatkoz\u00e1sair\u00f3l, megalapozva a (gy\u00f3gyszeres) ter\u00e1pia elveinek meg\u00e9rt\u00e9s\u00e9t, annak gyakorlati alkalmaz\u00e1s\u00e1t.<br \/>\nA tant\u00e1rgy felel\u0151se \u00e9s tanulm\u00e1nyi felel\u0151se: Dr. Juh\u00e1sz Gabriella, egyetemi tan\u00e1r<br \/>\n<b><\/b><\/p>\n<p><b>K\u00f6vetelm\u00e9nyek:<\/b> A 5. \u00e9s 6. szemeszterben egyar\u00e1nt heti 2 \u00f3ra el\u0151ad\u00e1s \u00e9s 1 \u00f3ra gyakorlat. A vizsga t\u00edpusa: az 5. szemeszter v\u00e9g\u00e9n gyakorlati jegy a 6. szemeszter v\u00e9g\u00e9n sz\u00f3beli szigorlat.<br \/>\n<b><\/b><\/p>\n<p>A t\u00e1rgy aktu\u00e1lis tematik\u00e1ja el\u00e9rhet\u0151 az egyetem Moodle oldal\u00e1n: <a href=\"https:\/\/itc.semmelweis.hu\/moodle\/\" target=\"_blank\" rel=\"noopener\">https:\/\/itc.semmelweis.hu<\/a>.<\/p>\n","protected":false},"excerpt":{"rendered":"<p>A K\u00f3rtani \u00e9s klinikai alapismeretek tant\u00e1rgy keret\u00e9ben 56 \u00f3r\u00e1s elm\u00e9leti \u00e9s 28 \u00f3r\u00e1s gyakorlati k\u00e9pz\u00e9st kapnak a di\u00e1kok, a gy\u00f3gyszer\u00e9szhallgat\u00f3k speci\u00e1lis ig\u00e9nyeinek megfelel\u0151en a leggyakoribb betegs\u00e9gek patofiziol\u00f3giai vonatkoz\u00e1sair\u00f3l, megalapozva a (gy\u00f3gyszeres) ter\u00e1pia elveinek meg\u00e9rt\u00e9s\u00e9t, annak gyakorlati alkalmaz\u00e1s\u00e1t. A tant\u00e1rgy felel\u0151se \u00e9s tanulm\u00e1nyi felel\u0151se: Dr. Juh\u00e1sz Gabriella, egyetemi tan\u00e1r K\u00f6vetelm\u00e9nyek: A 5. \u00e9s 6. szemeszterben egyar\u00e1nt &hellip;<\/p>\n","protected":false},"author":8,"featured_media":0,"parent":6,"menu_order":2,"comment_status":"closed","ping_status":"closed","template":"","meta":{"_acf_changed":false,"footnotes":""},"categories":[],"tags":[],"class_list":["post-10","page","type-page","status-publish","hentry"],"acf":[],"_links":{"self":[{"href":"https:\/\/semmelweis.hu\/gyogyszerhatastan\/wp-json\/wp\/v2\/pages\/10","targetHints":{"allow":["GET"]}}],"collection":[{"href":"https:\/\/semmelweis.hu\/gyogyszerhatastan\/wp-json\/wp\/v2\/pages"}],"about":[{"href":"https:\/\/semmelweis.hu\/gyogyszerhatastan\/wp-json\/wp\/v2\/types\/page"}],"author":[{"embeddable":true,"href":"https:\/\/semmelweis.hu\/gyogyszerhatastan\/wp-json\/wp\/v2\/users\/8"}],"replies":[{"embeddable":true,"href":"https:\/\/semmelweis.hu\/gyogyszerhatastan\/wp-json\/wp\/v2\/comments?post=10"}],"version-history":[{"count":10,"href":"https:\/\/semmelweis.hu\/gyogyszerhatastan\/wp-json\/wp\/v2\/pages\/10\/revisions"}],"predecessor-version":[{"id":3562,"href":"https:\/\/semmelweis.hu\/gyogyszerhatastan\/wp-json\/wp\/v2\/pages\/10\/revisions\/3562"}],"up":[{"embeddable":true,"href":"https:\/\/semmelweis.hu\/gyogyszerhatastan\/wp-json\/wp\/v2\/pages\/6"}],"wp:attachment":[{"href":"https:\/\/semmelweis.hu\/gyogyszerhatastan\/wp-json\/wp\/v2\/media?parent=10"}],"wp:term":[{"taxonomy":"category","embeddable":true,"href":"https:\/\/semmelweis.hu\/gyogyszerhatastan\/wp-json\/wp\/v2\/categories?post=10"},{"taxonomy":"post_tag","embeddable":true,"href":"https:\/\/semmelweis.hu\/gyogyszerhatastan\/wp-json\/wp\/v2\/tags?post=10"}],"curies":[{"name":"wp","href":"https:\/\/api.w.org\/{rel}","templated":true}]}}