{"id":2417,"date":"2025-01-06T14:26:03","date_gmt":"2025-01-06T13:26:03","guid":{"rendered":"https:\/\/semmelweis.hu\/gyogyszereszi-kemia\/?page_id=2417"},"modified":"2026-03-19T13:23:25","modified_gmt":"2026-03-19T12:23:25","slug":"gyogyszerkemia-es-analizis","status":"publish","type":"page","link":"https:\/\/semmelweis.hu\/gyogyszereszi-kemia\/oktatas\/kotelezo-targyak\/gyogyszerkemia-es-analizis-i\/gyogyszerkemia-es-analizis\/","title":{"rendered":"Gy\u00f3gyszerk\u00e9mia \u00e9s anal\u00edzis (III. \u00e9v) &#8211; k\u00f6vetelm\u00e9nyek"},"content":{"rendered":"<h3 class=\"lead\">Gy\u00f3gyszerk\u00e9mia \u00e9s anal\u00edzis I. t\u00e1rgy teljes\u00edt\u00e9s\u00e9nek krit\u00e9riumai (III. \u00e9v)<\/h3>\n<p>A f\u00e9l\u00e9v megkezd\u00e9s\u00e9t megel\u0151z\u0151en mind az el\u0151ad\u00e1si tematik\u00e1k, mind a gyakorlati tematik\u00e1k r\u00e9szletes inform\u00e1ci\u00f3val felt\u00f6lt\u00e9sre ker\u00fclnek a Moodle rendszerbe. Ezek tartalmazz\u00e1k a sz\u00e1monk\u00e9r\u00e9sek id\u0151pontj\u00e1t, t\u00e9mak\u00f6r\u00e9t \u00e9s a p\u00f3tl\u00e1si\/jav\u00edt\u00e1si lehet\u0151s\u00e9geket. Az el\u0151ad\u00e1sok elej\u00e9n 3-4 k\u00e9rd\u00e9sb\u0151l \u00e1ll\u00f3, az el\u0151ad\u00e1s fontosabb r\u00e9szeire r\u00e1k\u00e9rdez\u0151 ellen\u0151rz\u0151 k\u00e9rd\u00e9seket adunk ki. Az ellen\u0151rz\u0151 k\u00e9rd\u00e9sekre adott v\u00e1laszt pontozzuk. 90-80-70% helyes v\u00e1lasz eset\u00e9n a gyakorlaton meg\u00edr\u00e1sra ker\u00fcl\u0151 nagyz\u00e1rthelyik eredm\u00e9ny\u00e9hez plusz pontok (7,5-5-2,5%) ad\u00f3dnak.<\/p>\n<p>A nagyz\u00e1rthelyik \u00e1tlaga kerek\u00edt\u00e9s n\u00e9lk\u00fcl el kell \u00e9rje a 2,00-t. A hallgat\u00f3k a gyakorlaton meg\u00edrt kisdolgozatok \u00e9s a leadott jegyz\u0151k\u00f6nyvek eredm\u00e9ny\u00e9b\u0151l egy 4. jegyet kapnak, mely belesz\u00e1m\u00edt a f\u00e9l\u00e9v v\u00e9gi gyakorlati jegybe. A gyakorlati jegy besz\u00e1m\u00edt az \u00edr\u00e1sbeli kollokviumba. Az \u00edr\u00e1sbeli vizsga 2\/3-ad, m\u00edg a z\u00e1rthelyik eredm\u00e9nye 1\/3-ad ar\u00e1nyban adja ki a vizsgajegyet, azzal a megk\u00f6t\u00e9ssel, hogy a vizsgajegy is <strong>legal\u00e1bb<\/strong> <u>el\u00e9gs\u00e9ges (2)<\/u> kell legyen<\/p>\n<p>1.) A gyakorlatok l\u00e1togat\u00e1sa k\u00f6telez\u0151.<\/p>\n<p>2.) Maximum 3 igazolt hi\u00e1nyz\u00e1s lehets\u00e9ges. A negyedik hi\u00e1nyz\u00e1s a gyakorlati jegy al\u00e1\u00edr\u00e1s\u00e1nak megtagad\u00e1s\u00e1t vonja maga ut\u00e1n. Az igazol\u00e1st a mulaszt\u00e1st k\u00f6vet\u0151 gyakorlaton kell a gyakorlat vezet\u0151j\u00e9nek bemutatni.<\/p>\n<p>3.) A gyakorlatok az \u00f3rarend szerinti id\u0151ben, pontosan kezd\u0151dnek. 10 percet meghalad\u00f3 k\u00e9s\u00e9s eset\u00e9n a gyakorlatvezet\u0151 a hallgat\u00f3t hazak\u00fcldheti (TVSZ 28\u00a7 (12) pont alapj\u00e1n).<\/p>\n<p>4.) A gyakorlatokra felk\u00e9sz\u00fclten kell j\u00f6nni. A felk\u00e9sz\u00fcl\u00e9st a gyakorlatvezet\u0151 b\u00e1rmikor, el\u0151zetes bejelent\u00e9s n\u00e9lk\u00fcl \u00edr\u00e1sban vagy sz\u00f3ban ellen\u0151rizheti. A felk\u00e9sz\u00fcletlen hallgat\u00f3 adott napi teljes\u00edtm\u00e9nye el\u00e9gtelennel \u00e9rt\u00e9kelhet\u0151.<\/p>\n<p>5.) A tematik\u00e1ban szerepl\u0151 sz\u00e1monk\u00e9r\u00e9seket az adott gyakorlaton kell teljes\u00edteni. A z\u00e1rthelyi dolgozatok p\u00f3tl\u00e1sa\/jav\u00edt\u00e1sa az \u00e9vfolyam sz\u00e1m\u00e1ra egys\u00e9ges m\u00f3don a gyakorlati id\u0151n k\u00edv\u00fcl a tematik\u00e1ban jelzett id\u0151pontban teljes\u00edthet\u0151. A jav\u00edt\u00f3 z\u00e1rthelyi \u00e9rdemjegye minden esetben fel\u00fcl\u00edrja az eredeti z\u00e1rthelyi dolgozat \u00e9rdemjegy\u00e9t.<\/p>\n<p><strong>6.) Al\u00e1\u00edr\u00e1st az a hallgat\u00f3 kap, aki<\/strong><\/p>\n<ol>\n<li><strong>az elm\u00e9leti sz\u00e1monk\u00e9r\u00e9sek sor\u00e1n kerek\u00edt\u00e9s n\u00e9lk\u00fcl 2,00 \u00e1tlagot \u00e9r el;<\/strong><\/li>\n<li><strong>el\u00e9ri a gyakorlati munka sor\u00e1n az el\u0151\u00edrt minimum pontsz\u00e1mot;<\/strong><\/li>\n<li><strong>hi\u00e1nyz\u00e1sainak a sz\u00e1ma nem haladja meg az elfogadhat\u00f3 limitet.<\/strong><\/li>\n<\/ol>\n<p>7.) A szorgalmi id\u0151szakon t\u00fal a TVSZ, illetve a rendk\u00edv\u00fcli Rektori enged\u00e9lyekben megadott szab\u00e1lyok \u00e9rv\u00e9nyesek.<\/p>\n<p>8.) A gyakorlati munk\u00e1r\u00f3l jegyz\u0151k\u00f6nyvet kell vezetni. Az ismeretlenek vizsg\u00e1lat\u00e1nak eredm\u00e9ny\u00e9t jegyz\u0151k\u00f6nyvben kell r\u00f6gz\u00edteni a gyakorlat v\u00e9g\u00e9ig vagy a gyakorlatvezet\u0151vel egyeztetett id\u0151pontig. Ennek elmulaszt\u00e1sa eset\u00e9n a gyakorlatot el\u00e9gtelen eredm\u00e9nnyel (0 pont) vessz\u00fck figyelembe. Az al\u00e1\u00edr\u00e1s megszerz\u00e9s\u00e9hez a gyakorlati jegyz\u0151k\u00f6nyvek el\u00e9rhet\u0151 \u00f6sszpontsz\u00e1m\u00e1nak 50%-\u00e1t sz\u00fcks\u00e9ges el\u00e9rni.<\/p>\n<p>9.) A gyakorlat befejezt\u00e9vel a labor elhagy\u00e1sa abban az esetben lehets\u00e9ges, ha a gyakorlat sor\u00e1n haszn\u00e1lt \u00fcvegeszk\u00f6z\u00f6k <u>elmosva<\/u> visszaker\u00fclnek a laborszekr\u00e9nyekbe, valamint a hallgat\u00f3k rendelkez\u00e9s\u00e9re bocs\u00e1tott spatul\u00e1k \u00e9s v\u00e9d\u0151szem\u00fcvegek lead\u00e1sra ker\u00fclnek a gyakorlatvezet\u0151kn\u00e9l.<\/p>\n<p>Az elv\u00e9gzend\u0151 feladatokat a f\u00e9l\u00e9v elej\u00e9n kiadott gyakorlati tematika tartalmazza. A feladatok lead\u00e1si hat\u00e1ridej\u00e9t a tan\u00e9vbeoszt\u00e1s (\u00fcnnepek, elmarad\u00f3 gyakorlatok, sz\u00fcnnapok) alapj\u00e1n a f\u00e9l\u00e9v els\u0151 gyakorlat\u00e1n a gyakorlatvezet\u0151 oktat\u00f3 a hallgat\u00f3kkal egyet\u00e9rt\u00e9sben hat\u00e1rozza meg.<\/p>\n","protected":false},"excerpt":{"rendered":"<p>Gy\u00f3gyszerk\u00e9mia \u00e9s anal\u00edzis I. t\u00e1rgy teljes\u00edt\u00e9s\u00e9nek krit\u00e9riumai (III. \u00e9v) A f\u00e9l\u00e9v megkezd\u00e9s\u00e9t megel\u0151z\u0151en mind az el\u0151ad\u00e1si tematik\u00e1k, mind a gyakorlati tematik\u00e1k r\u00e9szletes inform\u00e1ci\u00f3val felt\u00f6lt\u00e9sre ker\u00fclnek a Moodle rendszerbe. Ezek tartalmazz\u00e1k a sz\u00e1monk\u00e9r\u00e9sek id\u0151pontj\u00e1t, t\u00e9mak\u00f6r\u00e9t \u00e9s a p\u00f3tl\u00e1si\/jav\u00edt\u00e1si lehet\u0151s\u00e9geket. Az el\u0151ad\u00e1sok elej\u00e9n 3-4 k\u00e9rd\u00e9sb\u0151l \u00e1ll\u00f3, az el\u0151ad\u00e1s fontosabb r\u00e9szeire r\u00e1k\u00e9rdez\u0151 ellen\u0151rz\u0151 k\u00e9rd\u00e9seket adunk ki. Az ellen\u0151rz\u0151 &hellip;<\/p>\n","protected":false},"author":102300,"featured_media":0,"parent":2617,"menu_order":1,"comment_status":"closed","ping_status":"closed","template":"","meta":{"_acf_changed":false,"footnotes":""},"categories":[22],"tags":[],"class_list":["post-2417","page","type-page","status-publish","hentry","category-oktatas"],"acf":[],"_links":{"self":[{"href":"https:\/\/semmelweis.hu\/gyogyszereszi-kemia\/wp-json\/wp\/v2\/pages\/2417","targetHints":{"allow":["GET"]}}],"collection":[{"href":"https:\/\/semmelweis.hu\/gyogyszereszi-kemia\/wp-json\/wp\/v2\/pages"}],"about":[{"href":"https:\/\/semmelweis.hu\/gyogyszereszi-kemia\/wp-json\/wp\/v2\/types\/page"}],"author":[{"embeddable":true,"href":"https:\/\/semmelweis.hu\/gyogyszereszi-kemia\/wp-json\/wp\/v2\/users\/102300"}],"replies":[{"embeddable":true,"href":"https:\/\/semmelweis.hu\/gyogyszereszi-kemia\/wp-json\/wp\/v2\/comments?post=2417"}],"version-history":[{"count":10,"href":"https:\/\/semmelweis.hu\/gyogyszereszi-kemia\/wp-json\/wp\/v2\/pages\/2417\/revisions"}],"predecessor-version":[{"id":2954,"href":"https:\/\/semmelweis.hu\/gyogyszereszi-kemia\/wp-json\/wp\/v2\/pages\/2417\/revisions\/2954"}],"up":[{"embeddable":true,"href":"https:\/\/semmelweis.hu\/gyogyszereszi-kemia\/wp-json\/wp\/v2\/pages\/2617"}],"wp:attachment":[{"href":"https:\/\/semmelweis.hu\/gyogyszereszi-kemia\/wp-json\/wp\/v2\/media?parent=2417"}],"wp:term":[{"taxonomy":"category","embeddable":true,"href":"https:\/\/semmelweis.hu\/gyogyszereszi-kemia\/wp-json\/wp\/v2\/categories?post=2417"},{"taxonomy":"post_tag","embeddable":true,"href":"https:\/\/semmelweis.hu\/gyogyszereszi-kemia\/wp-json\/wp\/v2\/tags?post=2417"}],"curies":[{"name":"wp","href":"https:\/\/api.w.org\/{rel}","templated":true}]}}