{"id":1801,"date":"2023-11-16T16:39:39","date_gmt":"2023-11-16T15:39:39","guid":{"rendered":"https:\/\/semmelweis.hu\/gyogyszereszi-kemia\/?page_id=1801"},"modified":"2025-06-13T09:54:39","modified_gmt":"2025-06-13T07:54:39","slug":"bemutatkozas-dr-mirzahosseini-arash","status":"publish","type":"page","link":"https:\/\/semmelweis.hu\/gyogyszereszi-kemia\/munkatarsak\/bemutatkozas-dr-mirzahosseini-arash\/","title":{"rendered":"Bemutatkoz\u00e1s &#8211; Dr. Mirzahosseini Arash"},"content":{"rendered":"<div class=\"row\">\n<div class=\"col-4\"><img loading=\"lazy\" decoding=\"async\" class=\"size-full wp-image-1625 alignleft\" src=\"https:\/\/semmelweis.hu\/gyogyszereszi-kemia\/files\/2024\/01\/DSC_0733_1-scaled.jpg\" alt=\"\" width=\"274\" height=\"346\" \/><\/div>\n<div class=\"col-8\">\n<div class=\"row\">\n<div class=\"col-3\"><strong>N\u00e9v: Beoszt\u00e1s: Telefonsz\u00e1m: E-mail c\u00edm: Iroda:<\/strong><\/div>\n<div class=\"col-9\">Dr. Mirzahosseini Arash <br \/>\negyetemi adjunktus <br \/>\n476-3600, 53042 <br \/>\nmirzahosseini.arash@semmelweis.hu<br \/>\n1. emelet 2.<\/div>\n<\/div>\n<div class=\"row mt-5\">\n<div class=\"col-12\">Doktori munk\u00e1m sor\u00e1n megismerkedhettem az int\u00e9zetben m\u0171k\u00f6d\u0151 600 MHz-es (14,1 tesla) NMR k\u00e9sz\u00fcl\u00e9kkel, amely seg\u00edts\u00e9g\u00e9vel felt\u00e9rk\u00e9peztem a biorelev\u00e1ns tiol-tartalm\u00fa aminosavak \u00e9s kis peptidek sav-b\u00e1zis \u00e9s redoxi egyens\u00falyait. Ezt a munk\u00e1t k\u00e9s\u0151bb kiterjesztett\u00fck a megfelel\u0151 szel\u00e9n anal\u00f3gokra \u00e9s tov\u00e1bbi peptidekre. Kutat\u00e1si tev\u00e9kenys\u00e9gem mellett a gy\u00f3gyszer\u00e9szk\u00e9pz\u00e9s k\u00e9mia oktat\u00e1s\u00e1ban intenz\u00edven veszek r\u00e9szt (1.-4. \u00e9vfolyamokon egyar\u00e1nt) magyar, angol \u00e9s n\u00e9met nyelven.<\/div>\n<\/div>\n<\/div>\n<\/div>\n<p class=\"mt-3\"><strong>Tanulm\u00e1nyok:<\/strong><\/p>\n<ul style=\"list-style-type: square\">\n<li>2022 \u2013 2023 \u2013 \u00c1llatorvostudom\u00e1nyi Egyetem \u2013 Posztgradu\u00e1lis k\u00e9pz\u00e9s, Biostatisztikus<\/li>\n<li>2014 \u2013 2017 \u2013 Semmelweis Egyetem \u2013 Szakk\u00e9pz\u00e9s, Min\u0151s\u00e9gbiztos\u00edt\u00e1s szakgy\u00f3gyszer\u00e9sz<\/li>\n<li>2012 \u2013 2015 \u2013 Semmelweis Egyetem, Gy\u00f3gyszer\u00e9szi K\u00e9miai Int\u00e9zet \u2013 PhD<\/li>\n<li>2009 \u2013 2012 \u2013 Semmelweis Egyetem \u2013 Gy\u00f3gyszer\u00e9szi diploma<\/li>\n<\/ul>\n<p><strong>Szakmai tapasztalat:<\/strong><\/p>\n<ul style=\"list-style-type: square\">\n<li>2009 \u2013 Avicenna International College \u2013 \u00dcgyvezet\u0151 igazgat\u00f3<\/li>\n<li>2016 \u2013 2019 \u2013 CEMDS Kft \u2013 Klinikai \u00e9rt\u00e9kel\u00e9s \u00e9s vizsg\u00e1lat tervez\u00e9s \u00e9s statisztikai elemz\u00e9s<\/li>\n<li>2015 \u2013 2016 \u2013 BiFarma Szoftverfejleszt\u0151 \u00e9s Tan\u00e1csad\u00f3 Kft \u2013 D\u00f6nt\u00e9st\u00e1mogat\u00f3 szoftver klinikai vizsg\u00e1lat\u00e1nak tervez\u00e9se, biostatisztikai elemz\u00e9se<\/li>\n<li>2008 \u2013 2009 \u2013 SEM Ltd Toronto \u2013 K\u00e9mia \u00e9s biol\u00f3gia tan\u00e1r<\/li>\n<\/ul>\n<p><strong>Oktatott t\u00e1rgyak:<\/strong><\/p>\n<ul>\n<li>\u00c1ltal\u00e1nos k\u00e9mia<\/li>\n<li>Szervetlen k\u00e9mia<\/li>\n<li>Analitikai k\u00e9mia<\/li>\n<li>Molekulaszerkezet-meghat\u00e1roz\u00e1s spektroszk\u00f3piai m\u00f3dszerekkel<\/li>\n<\/ul>\n<p><strong>V\u00e1logatott publik\u00e1ci\u00f3k:<\/strong><\/p>\n<ol>\n<li>Solution Structure and Acid-Base Properties of Reduced \u03b1-Conotoxin MI, Farag\u00f3 Z, <strong>Mirzahosseini A<\/strong>, Horv\u00e1th D, P\u00e1lla T, Horv\u00e1th P, Perczel A, Nosz\u00e1l B. Chemistry &amp; Biodiversity. 2021;18: e2100464.<\/li>\n<li>Species-Specific, pH-Independent, Standard Redox Potential of Selenocysteine and Selenocysteamine, P\u00e1lla T, <strong>Mirzahosseini A<\/strong>, Nosz\u00e1l B. Antioxidants. 2020;9(6):465.<\/li>\n<li>Species-specific standard redox potential of thiol-disulfide systems: a key parameter to develop agents against oxidative stress, <strong>Mirzahosseini A<\/strong>, Nosz\u00e1l B. Scientific Reports. 2016;6:37596.<\/li>\n<li>Skeletal muscle ATP synthesis and cellular H+ handling measured by localized 31P-MRS during exercise and recovery, Fiedler GB, Schmid AI, Goluch S, Schewzow K, Laister E, Niess F, Unger E, Wolzt M, <strong>Mirzahosseini A<\/strong>, Kemp GJ, Moser E, Meyerspeer M. Scientific Reports. 2016;6:32037.<\/li>\n<li>BODIPY\u00ae FL histamine as a new modality for quantitative detection of histamine receptor upregulation upon IgE sensitization in murine bone marrow-derived mast cells. <strong>Mirzahosseini A<\/strong>, Kov\u00e1cs M, K\u00e1nai K, Csutora P, Dalmadi P. Cytometry A. 2015;87A:23-31.<\/li>\n<\/ol>\n<p><strong>T\u00e9mavezet\u0151i tev\u00e9kenys\u00e9g:<\/strong><\/p>\n<p>TDK hallgat\u00f3k:<\/p>\n<ul>\n<li>Dania Alkhazragee<\/li>\n<li>Molaei Mirsadra (2022. TDK I. helyezett)<\/li>\n<li>Farag\u00f3 Zolt\u00e1n (2018. TDK III. helyezett)<\/li>\n<li>Szilvay Andr\u00e1s (2017. OTDK II. helyezett, 2016. TDK I. helyezett, 2015. OTDK III. helyezett, 2015. TDK I. helyezett)<\/li>\n<li>Somlyay M\u00e1t\u00e9 (2015. OTDK II. helyezett, 2015. TDK I. helyezett)<\/li>\n<\/ul>\n<p>PhD konzulens:<\/p>\n<ul>\n<li>P\u00e1lla Tam\u00e1s (v\u00e9d\u00e9s \u00e9ve: 2021.)<\/li>\n<li>Farag\u00f3 Zolt\u00e1n (v\u00e9d\u00e9s \u00e9ve: 2023.)<\/li>\n<\/ul>\n<p>PhD t\u00e1rs-t\u00e9mavezet\u0151:<\/p>\n<ul>\n<li>Santana Juliana (v\u00e9d\u00e9s \u00e9ve: 2023.)<\/li>\n<\/ul>\n<p><strong>D\u00edjak, elismer\u00e9sek:<\/strong><\/p>\n<ul>\n<li>2021-2024 \u2013 Bolyai J\u00e1nos Kutat\u00e1si \u00d6szt\u00f6nd\u00edj<\/li>\n<li>2018-2023 \u2013Semmelweis Egyetem TKP<\/li>\n<li>2022-2023 \u2013\u00daNKP<\/li>\n<li>2021-2022 \u2013\u00daNKP<\/li>\n<li>2020-2021 \u2013\u00daNKP<\/li>\n<li>2017-2018 \u2013 \u00daNKP<\/li>\n<li>2018 \u2013 Semmelweis Egyetem Tudom\u00e1nyos Di\u00e1kk\u00f6ri Tan\u00e1cs \u2013 Kiv\u00e1l\u00f3 T\u00e9mavezet\u0151<\/li>\n<li>2017 \u2013 Kisfaludy Lajos Alap\u00edtv\u00e1ny Publik\u00e1ci\u00f3s D\u00edj 1. helyezett<\/li>\n<li>2016-2018 \u2013 Richter t\u00e9map\u00e1ly\u00e1zat<\/li>\n<li>2015 \u2013 Dr. Mozsonyi S\u00e1ndor \u00d6szt\u00f6nd\u00edj<\/li>\n<li>2014 \u2013 ERASMUS szem\u00e9lyzeti mobilit\u00e1s, Semmelweis Egyetem<\/li>\n<li>2007 \u2013 University of Toronto Rektori \u00d6szt\u00f6nd\u00edj<\/li>\n<\/ul>\n<p><strong>MTMT link: <\/strong><a href=\"https:\/\/m2.mtmt.hu\/api\/author\/10032173\">https:\/\/m2.mtmt.hu\/api\/author\/10032173<\/a><\/p>\n<p><strong>ODT adatlap<\/strong>: <a href=\"https:\/\/doktori.hu\/index.php?menuid=192&amp;lang=HU&amp;sz_ID=46517\">https:\/\/doktori.hu\/index.php?menuid=192&amp;lang=HU&amp;sz_ID=46517<\/a><\/p>\n","protected":false},"excerpt":{"rendered":"<p>N\u00e9v: Beoszt\u00e1s: Telefonsz\u00e1m: E-mail c\u00edm: Iroda: Dr. Mirzahosseini Arash egyetemi adjunktus 476-3600, 53042 mirzahosseini.arash@semmelweis.hu 1. emelet 2. Doktori munk\u00e1m sor\u00e1n megismerkedhettem az int\u00e9zetben m\u0171k\u00f6d\u0151 600 MHz-es (14,1 tesla) NMR k\u00e9sz\u00fcl\u00e9kkel, amely seg\u00edts\u00e9g\u00e9vel felt\u00e9rk\u00e9peztem a biorelev\u00e1ns tiol-tartalm\u00fa aminosavak \u00e9s kis peptidek sav-b\u00e1zis \u00e9s redoxi egyens\u00falyait. Ezt a munk\u00e1t k\u00e9s\u0151bb kiterjesztett\u00fck a megfelel\u0151 szel\u00e9n anal\u00f3gokra \u00e9s tov\u00e1bbi &hellip;<\/p>\n","protected":false},"author":102300,"featured_media":0,"parent":1674,"menu_order":0,"comment_status":"closed","ping_status":"closed","template":"template-fullwidth.php","meta":{"_acf_changed":false,"footnotes":""},"categories":[18],"tags":[],"class_list":["post-1801","page","type-page","status-publish","hentry","category-bemutatkozo-oldal"],"acf":[],"_links":{"self":[{"href":"https:\/\/semmelweis.hu\/gyogyszereszi-kemia\/wp-json\/wp\/v2\/pages\/1801","targetHints":{"allow":["GET"]}}],"collection":[{"href":"https:\/\/semmelweis.hu\/gyogyszereszi-kemia\/wp-json\/wp\/v2\/pages"}],"about":[{"href":"https:\/\/semmelweis.hu\/gyogyszereszi-kemia\/wp-json\/wp\/v2\/types\/page"}],"author":[{"embeddable":true,"href":"https:\/\/semmelweis.hu\/gyogyszereszi-kemia\/wp-json\/wp\/v2\/users\/102300"}],"replies":[{"embeddable":true,"href":"https:\/\/semmelweis.hu\/gyogyszereszi-kemia\/wp-json\/wp\/v2\/comments?post=1801"}],"version-history":[{"count":10,"href":"https:\/\/semmelweis.hu\/gyogyszereszi-kemia\/wp-json\/wp\/v2\/pages\/1801\/revisions"}],"predecessor-version":[{"id":2704,"href":"https:\/\/semmelweis.hu\/gyogyszereszi-kemia\/wp-json\/wp\/v2\/pages\/1801\/revisions\/2704"}],"up":[{"embeddable":true,"href":"https:\/\/semmelweis.hu\/gyogyszereszi-kemia\/wp-json\/wp\/v2\/pages\/1674"}],"wp:attachment":[{"href":"https:\/\/semmelweis.hu\/gyogyszereszi-kemia\/wp-json\/wp\/v2\/media?parent=1801"}],"wp:term":[{"taxonomy":"category","embeddable":true,"href":"https:\/\/semmelweis.hu\/gyogyszereszi-kemia\/wp-json\/wp\/v2\/categories?post=1801"},{"taxonomy":"post_tag","embeddable":true,"href":"https:\/\/semmelweis.hu\/gyogyszereszi-kemia\/wp-json\/wp\/v2\/tags?post=1801"}],"curies":[{"name":"wp","href":"https:\/\/api.w.org\/{rel}","templated":true}]}}