{"id":1770,"date":"2023-11-16T14:09:47","date_gmt":"2023-11-16T13:09:47","guid":{"rendered":"https:\/\/semmelweis.hu\/gyogyszereszi-kemia\/?page_id=1770"},"modified":"2025-06-13T09:54:44","modified_gmt":"2025-06-13T07:54:44","slug":"bemutatkozas-dr-hosztafi-sandor","status":"publish","type":"page","link":"https:\/\/semmelweis.hu\/gyogyszereszi-kemia\/munkatarsak\/bemutatkozas-dr-hosztafi-sandor\/","title":{"rendered":"Bemutatkoz\u00e1s &#8211; Dr. Hosztafi S\u00e1ndor"},"content":{"rendered":"<div class=\"row\">\n<div class=\"col-4\"><img loading=\"lazy\" decoding=\"async\" class=\"size-full wp-image-1625 alignleft\" src=\"https:\/\/semmelweis.hu\/gyogyszereszi-kemia\/files\/2024\/01\/DSC_0727_1-scaled.jpg\" alt=\"\" width=\"274\" height=\"346\" \/><\/div>\n<div class=\"col-8\">\n<div class=\"row\">\n<div class=\"col-3\"><strong>N\u00e9v: Beoszt\u00e1s: Telefonsz\u00e1m: E-mail c\u00edm: Iroda:<\/strong><\/div>\n<div class=\"col-9\">Dr. Hosztafi S\u00e1ndor <br \/>\ntudom\u00e1nyos f\u0151munkat\u00e1rs <br \/>\n476 3600\/53093 <br \/>\nhosztafi.sandor@semmelweis.hu<br \/>\n2. emelet 26.<\/div>\n<\/div>\n<div class=\"row mt-5\">\n<div class=\"col-12\">Opioid hat\u00e1s-szerkezet vizsg\u00e1lata a morfinv\u00e1zas vegy\u00fcletek k\u00f6r\u00e9ben. Periferi\u00e1lis opioid receptorokon hat\u00f3 agonist\u00e1k \u00e9s antagonist\u00e1k szint\u00e9zise. Tebainb\u00f3l Diels-Alder cikloadd\u00edci\u00f3val el\u0151\u00e1ll\u00edtott vegy\u00fcletek biok\u00e9miai \u00e9s farmakol\u00f3giai vizsg\u00e1lata. Szubsztit\u00faci\u00f3s reakci\u00f3k vizsg\u00e1lata a morfinv\u00e1z arom\u00e1s gy\u0171r\u0171j\u00e9ben.<\/div>\n<\/div>\n<\/div>\n<\/div>\n<p class=\"mt-3\"><strong>Tanulm\u00e1nyok:<\/strong><\/p>\n<ul style=\"list-style-type: square\">\n<li>1976 Kossuth L. Tudom\u00e1nyegyetem, \u00a0okleveles vegy\u00e9sz<\/li>\n<li>1982 Egyetemi doktor (KLTE, Debrecen)<\/li>\n<li>1993 A k\u00e9miai tudom\u00e1ny kandid\u00e1tusa<\/li>\n<li>2021 MTA dokori fokozat (alkaloidk\u00e9mia, szerves k\u00e9mia)\u00a0<\/li>\n<\/ul>\n<p><strong>Szakmai tapasztalat:<\/strong><\/p>\n<ul style=\"list-style-type: square\">\n<li>1976 \u2013 2004 Alkaloida Vegy\u00e9szeti Gy\u00e1r kutat\u00e1si oszt\u00e1lyvezet\u0151, f\u0151munkat\u00e1rs<\/li>\n<li>2004 \u2013 2022 Semmelweis Egyetem, Gy\u00f3gyszer\u00e9szi K\u00e9miai Int\u00e9zet, f\u0151munkat\u00e1rs<\/li>\n<\/ul>\n<p><strong style=\"font-size: 1rem\">V\u00e1logatott publik\u00e1ci\u00f3k:<\/strong><\/p>\n<ol>\n<li>Simon, C., <strong>Hosztafi, S.<\/strong>, Makleit, S. Application of the Mitsunobu Reaction in the Morphine Series.Preparation of 6b-Amino-14-b-hydroxymorphine and 14-hydroxycodeine Derivatives Heterocycles, 38, 1347-1354, 1994. \u2026<\/li>\n<li>Gergely, A.; Gyimesi-Forr\u00e1s, K.; Horv\u00e1th, P.; <strong>Hosztafi, S.<\/strong>; K\u00f6k\u00f6si, J.; Nagy, P.I.; Sz\u00e1sz, Gy.; Szentesi, A.: 6-Oxo-Morphinane Oximes : Pharmacology, Chemistry and Analytical Application Current Med. Chem. 11 2555-2564 (2004)\u00a0\u00a0\u00a0<\/li>\n<li>Lack\u00f3, E.; V\u00e1radi, A.; Rapavi, R.; Z\u00e1dor, F.; Riba, P.; Benyhe, S.; Borsodi, A.; <strong>Hosztafi, S.<\/strong>; Tim\u00e1r, J.; Nosz\u00e1l, B.; F\u00fcrst, S.; Al-Khrasani, M.: A novel mu-opioid receptor ligand with high in vitro and in vivo agonist efficacy. Current Medicinal Chemistry\u00a0 19 (27) 4699-4707 (2012)<\/li>\n<li>V\u00e1radi, A.; <strong>Hosztafi, S.<\/strong>; Le Rouzic, V.; T\u00f3th, G.; Urai, \u00c1.; Nosz\u00e1l, B.; Pasternak, G.W.; Grinnell, S.G.; Majumdar, S. : Novel 6b-acylaminomorphinans with analgesic activity. Eur. J. Med. Chem. 69\u00a0786-789 (2013) Supplementary material 8 pages.\u00a0<\/li>\n<li>Sz\u0171cs, E.; Marton, J.; Szab\u00f3, Z.; <strong>Hosztafi, S.<\/strong>;\u00a0 K\u00e9kesi, G.; Tuboly, G.; B\u00e1nki, L.; Horv\u00e1th, Gy.; Szab\u00f3, P.T.; T\u00f6mb\u00f6ly, Cs.; Varga, K.Zs.; Benyhe, S.;\u00a0 \u00d6tv\u00f6s, F.: Synthesis, pharmacological characterization and in silico pharmacological profile modelling of highly potent orvinol and thevinol derivatives.\u00a0 Eur. J. Med. Chem.\u00a0 vol.191 112145 (2020) DOI: 10.1016\/j.ejmech.2020.112145. 15 oldal + supporting information 51 oldal.\u00a0<\/li>\n<\/ol>\n<p><strong>MTMT link:<\/strong><a href=\"https:\/\/m2.mtmt.hu\/api\/author\/10003946\">https:\/\/m2.mtmt.hu\/api\/author\/10003946<\/a><\/p>\n<p><strong>ODT adatlap<\/strong>: <a href=\"https:\/\/doktori.hu\/index.php?menuid=192&amp;lang=HU&amp;sz_ID=10200\">https:\/\/doktori.hu\/index.php?menuid=192&amp;lang=HU&amp;sz_ID=10200<\/a><\/p>\n","protected":false},"excerpt":{"rendered":"<p>N\u00e9v: Beoszt\u00e1s: Telefonsz\u00e1m: E-mail c\u00edm: Iroda: Dr. Hosztafi S\u00e1ndor tudom\u00e1nyos f\u0151munkat\u00e1rs 476 3600\/53093 hosztafi.sandor@semmelweis.hu 2. emelet 26. Opioid hat\u00e1s-szerkezet vizsg\u00e1lata a morfinv\u00e1zas vegy\u00fcletek k\u00f6r\u00e9ben. Periferi\u00e1lis opioid receptorokon hat\u00f3 agonist\u00e1k \u00e9s antagonist\u00e1k szint\u00e9zise. Tebainb\u00f3l Diels-Alder cikloadd\u00edci\u00f3val el\u0151\u00e1ll\u00edtott vegy\u00fcletek biok\u00e9miai \u00e9s farmakol\u00f3giai vizsg\u00e1lata. Szubsztit\u00faci\u00f3s reakci\u00f3k vizsg\u00e1lata a morfinv\u00e1z arom\u00e1s gy\u0171r\u0171j\u00e9ben. Tanulm\u00e1nyok: 1976 Kossuth L. Tudom\u00e1nyegyetem, \u00a0okleveles vegy\u00e9sz &hellip;<\/p>\n","protected":false},"author":102300,"featured_media":0,"parent":1674,"menu_order":0,"comment_status":"closed","ping_status":"closed","template":"template-fullwidth.php","meta":{"_acf_changed":false,"footnotes":""},"categories":[18],"tags":[],"class_list":["post-1770","page","type-page","status-publish","hentry","category-bemutatkozo-oldal"],"acf":[],"_links":{"self":[{"href":"https:\/\/semmelweis.hu\/gyogyszereszi-kemia\/wp-json\/wp\/v2\/pages\/1770","targetHints":{"allow":["GET"]}}],"collection":[{"href":"https:\/\/semmelweis.hu\/gyogyszereszi-kemia\/wp-json\/wp\/v2\/pages"}],"about":[{"href":"https:\/\/semmelweis.hu\/gyogyszereszi-kemia\/wp-json\/wp\/v2\/types\/page"}],"author":[{"embeddable":true,"href":"https:\/\/semmelweis.hu\/gyogyszereszi-kemia\/wp-json\/wp\/v2\/users\/102300"}],"replies":[{"embeddable":true,"href":"https:\/\/semmelweis.hu\/gyogyszereszi-kemia\/wp-json\/wp\/v2\/comments?post=1770"}],"version-history":[{"count":5,"href":"https:\/\/semmelweis.hu\/gyogyszereszi-kemia\/wp-json\/wp\/v2\/pages\/1770\/revisions"}],"predecessor-version":[{"id":2149,"href":"https:\/\/semmelweis.hu\/gyogyszereszi-kemia\/wp-json\/wp\/v2\/pages\/1770\/revisions\/2149"}],"up":[{"embeddable":true,"href":"https:\/\/semmelweis.hu\/gyogyszereszi-kemia\/wp-json\/wp\/v2\/pages\/1674"}],"wp:attachment":[{"href":"https:\/\/semmelweis.hu\/gyogyszereszi-kemia\/wp-json\/wp\/v2\/media?parent=1770"}],"wp:term":[{"taxonomy":"category","embeddable":true,"href":"https:\/\/semmelweis.hu\/gyogyszereszi-kemia\/wp-json\/wp\/v2\/categories?post=1770"},{"taxonomy":"post_tag","embeddable":true,"href":"https:\/\/semmelweis.hu\/gyogyszereszi-kemia\/wp-json\/wp\/v2\/tags?post=1770"}],"curies":[{"name":"wp","href":"https:\/\/api.w.org\/{rel}","templated":true}]}}