{"id":1527,"date":"2022-03-25T10:19:37","date_gmt":"2022-03-25T09:19:37","guid":{"rendered":"https:\/\/semmelweis.hu\/gyogyszereszi-kemia\/?page_id=1527"},"modified":"2025-01-08T13:33:41","modified_gmt":"2025-01-08T12:33:41","slug":"information","status":"publish","type":"page","link":"https:\/\/semmelweis.hu\/gyogyszereszi-kemia\/information\/","title":{"rendered":"Introduction"},"content":{"rendered":"<h4><span style=\"font-size: 20pt\"><strong>Department of Pharmaceutical Chemistry<\/strong><\/span><\/h4>\n<div class=\"keretes w-100\">\n<p><strong>Address:<\/strong> H-1092 Budapest, H\u0151gyes Endre u. 9.<br \/>\n<strong>Phone\/Fax:<\/strong> +36 1 217 0891<br \/>\n<strong>Director:<\/strong>\u00a0 Professor Dr. Gy\u00f6rgy Tibor Balogh<\/p>\n<\/div>\n<h4>Profile<\/h4>\n<p>The scope of teaching involves two compulsory and one elective subjects at the undergraduate level and various courses at postgraduate and Ph.D. levels. Fundamental and applied drug research topics are both represented, often within the context of industrial and international collaborations, including pharmacopoeial analysis.<\/p>\n<h4>History<\/h4>\n<p>The Department was established in 1949. Its former directors were Dr. Antal V\u00e9gh (1949-1974), Dr. Gy\u00f6rgy Sz\u00e1sz (1974-1994), Dr. B\u00e9la Nosz\u00e1l (1994-2012) and Dr. P\u00e9ter Horv\u00e1th (2012-2023)<\/p>\n<h4>Education<\/h4>\n<p><strong>The Department&#8217;s undregraduate courses are:<\/strong><\/p>\n<ul style=\"list-style-type: square\">\n<li>Pharmaceutical Chemistry and Analysis<\/li>\n<li>Instrumental Analysis<\/li>\n<li>Spectrocopic Methods for Structure Elucidation<\/li>\n<\/ul>\n<h4>Research<\/h4>\n<p><strong>Various fields of pharmaceutical and medicinal chemistry are investigated:<\/strong><\/p>\n<ul style=\"list-style-type: square\">\n<li>Determination of biological activity-related physico-chemical parameters, such as macroscopic and microscopic protonation constants, lipophilicity of drug- and drug candidate molecules; solubility<\/li>\n<li>Structural characterisation of drugs and drug-receptor interactions by NMR, UV, CD, IR, molecular modelling, and QSAR methods;<\/li>\n<li>Development and application of separation techniques: HPLC, HPCE, GC, TLC;<\/li>\n<li>Synthesis of potential lead compounds by traditional methods, combinatorial chemistry and parallel synthesis;<\/li>\n<li>Elaboration of techniques to develop molecules to be used in cancer therapy and CNS diseases.<\/li>\n<\/ul>\n<hr \/>\n<p><a href=\"https:\/\/semmelweis.hu\/gyogyszereszi-kemia\/files\/2021\/10\/RS80461_IMG_7321-scr.jpg\"><img loading=\"lazy\" decoding=\"async\" class=\"aligncenter size-full wp-image-1449\" src=\"https:\/\/semmelweis.hu\/gyogyszereszi-kemia\/files\/2021\/10\/RS80461_IMG_7321-scr.jpg\" alt=\"\" width=\"950\" height=\"633\" srcset=\"https:\/\/semmelweis.hu\/gyogyszereszi-kemia\/files\/2021\/10\/RS80461_IMG_7321-scr.jpg 950w, https:\/\/semmelweis.hu\/gyogyszereszi-kemia\/files\/2021\/10\/RS80461_IMG_7321-scr-300x200.jpg 300w, https:\/\/semmelweis.hu\/gyogyszereszi-kemia\/files\/2021\/10\/RS80461_IMG_7321-scr-768x512.jpg 768w, https:\/\/semmelweis.hu\/gyogyszereszi-kemia\/files\/2021\/10\/RS80461_IMG_7321-scr-450x300.jpg 450w, https:\/\/semmelweis.hu\/gyogyszereszi-kemia\/files\/2021\/10\/RS80461_IMG_7321-scr-753x502.jpg 753w, https:\/\/semmelweis.hu\/gyogyszereszi-kemia\/files\/2021\/10\/RS80461_IMG_7321-scr-203x135.jpg 203w\" sizes=\"auto, (max-width: 950px) 100vw, 950px\" \/><\/a><\/p>\n<p>&nbsp;<\/p>\n","protected":false},"excerpt":{"rendered":"<p>Department of Pharmaceutical Chemistry Address: H-1092 Budapest, H\u0151gyes Endre u. 9. Phone\/Fax: +36 1 217 0891 Director:\u00a0 Professor Dr. Gy\u00f6rgy Tibor Balogh Profile The scope of teaching involves two compulsory and one elective subjects at the undergraduate level and various courses at postgraduate and Ph.D. levels. Fundamental and applied drug research topics are both represented, &hellip;<\/p>\n","protected":false},"author":298,"featured_media":0,"parent":0,"menu_order":7,"comment_status":"closed","ping_status":"closed","template":"","meta":{"_acf_changed":false,"footnotes":""},"categories":[24],"tags":[],"class_list":["post-1527","page","type-page","status-publish","hentry","category-english"],"acf":[],"_links":{"self":[{"href":"https:\/\/semmelweis.hu\/gyogyszereszi-kemia\/wp-json\/wp\/v2\/pages\/1527","targetHints":{"allow":["GET"]}}],"collection":[{"href":"https:\/\/semmelweis.hu\/gyogyszereszi-kemia\/wp-json\/wp\/v2\/pages"}],"about":[{"href":"https:\/\/semmelweis.hu\/gyogyszereszi-kemia\/wp-json\/wp\/v2\/types\/page"}],"author":[{"embeddable":true,"href":"https:\/\/semmelweis.hu\/gyogyszereszi-kemia\/wp-json\/wp\/v2\/users\/298"}],"replies":[{"embeddable":true,"href":"https:\/\/semmelweis.hu\/gyogyszereszi-kemia\/wp-json\/wp\/v2\/comments?post=1527"}],"version-history":[{"count":9,"href":"https:\/\/semmelweis.hu\/gyogyszereszi-kemia\/wp-json\/wp\/v2\/pages\/1527\/revisions"}],"predecessor-version":[{"id":1588,"href":"https:\/\/semmelweis.hu\/gyogyszereszi-kemia\/wp-json\/wp\/v2\/pages\/1527\/revisions\/1588"}],"wp:attachment":[{"href":"https:\/\/semmelweis.hu\/gyogyszereszi-kemia\/wp-json\/wp\/v2\/media?parent=1527"}],"wp:term":[{"taxonomy":"category","embeddable":true,"href":"https:\/\/semmelweis.hu\/gyogyszereszi-kemia\/wp-json\/wp\/v2\/categories?post=1527"},{"taxonomy":"post_tag","embeddable":true,"href":"https:\/\/semmelweis.hu\/gyogyszereszi-kemia\/wp-json\/wp\/v2\/tags?post=1527"}],"curies":[{"name":"wp","href":"https:\/\/api.w.org\/{rel}","templated":true}]}}