{"id":10,"date":"2012-06-19T09:14:26","date_gmt":"2012-06-19T07:14:26","guid":{"rendered":"http:\/\/semmelweis-egyetem.hu\/gyogyszereszi-kemia\/?page_id=10"},"modified":"2025-01-06T15:56:30","modified_gmt":"2025-01-06T14:56:30","slug":"oktatas","status":"publish","type":"page","link":"https:\/\/semmelweis.hu\/gyogyszereszi-kemia\/oktatas\/","title":{"rendered":"Oktat\u00e1si tev\u00e9kenys\u00e9g\u00fcnk"},"content":{"rendered":"<p style=\"text-align: justify\"><img loading=\"lazy\" decoding=\"async\" class=\"alignright size-full wp-image-187\" src=\"https:\/\/semmelweis.hu\/gyogyszereszi-kemia\/files\/2014\/01\/titr.jpg\" alt=\"\" width=\"200\" height=\"252\" \/>Int\u00e9zet\u00fcnk feladata a Gy\u00f3gyszerk\u00e9mia \u00e9s Anal\u00edzis, valamint a M\u0171szeres Gy\u00f3gyszeranal\u00edzis f\u0151t\u00e1rgy \u00e9s t\u00f6bb kapcsol\u00f3d\u00f3 t\u00e1rgy oktat\u00e1sa az egyetemi alap-, szak- \u00e9s tov\u00e1bbk\u00e9pz\u00e9sben, tov\u00e1bb\u00e1 a Doktori Iskol\u00e1ban gy\u00f3gyszer\u00e9sz, valamint m\u00e1s term\u00e9szettudom\u00e1nyi \u00e9s orvostudom\u00e1nyi szakos egyetemist\u00e1k \u00e9s diplom\u00e1sok sz\u00e1m\u00e1ra.<b> <\/b><\/p>\n<p style=\"text-align: justify\">A Gy\u00f3gyszerk\u00e9mia \u00e9s Anal\u00edzis f\u0151t\u00e1rgy k\u00e9tf\u00e9l\u00e9ves t\u00e1rgy. Az els\u0151 f\u00e9l\u00e9vet kollokvium z\u00e1rja, melyet a m\u00e1sodik f\u00e9l\u00e9v v\u00e9g\u00e9n szigorlat k\u00f6vet. A t\u00e1rgy teljes\u00edt\u00e9s\u00e9nek r\u00e9szletes felt\u00e9telei a <a href=\"https:\/\/semmelweis.hu\/gyogyszereszi-kemia\/oktatas\/kovetelmenyek\/\" target=\"_blank\" rel=\"noopener noreferrer\">k\u00f6vetelm\u00e9nyek<\/a> men\u00fcpont alatt tal\u00e1lhat\u00f3k meg.<\/p>\n<p>A M\u0171szeres Gy\u00f3gyszeranal\u00edzis f\u0151t\u00e1rgy egy f\u00e9l\u00e9ves t\u00e1rgy, melyet kollokvium z\u00e1r le.<\/p>\n<p><strong>Az Int\u00e9zetben foly\u00f3 gyakorlati oktat\u00e1st bemutat\u00f3 vide\u00f3 megtekint\u00e9se:<\/strong><\/p>\n<p style=\"text-align: center\"><a class=\"button\" href=\"https:\/\/kaltura.semmelweis.hu\/media\/1_fa8gk5u5\" target=\"null\" rel=\"noopener noreferrer\"> IND\u00cdT\u00c1S<\/a><\/p>\n","protected":false},"excerpt":{"rendered":"<p>Int\u00e9zet\u00fcnk feladata a Gy\u00f3gyszerk\u00e9mia \u00e9s Anal\u00edzis, valamint a M\u0171szeres Gy\u00f3gyszeranal\u00edzis f\u0151t\u00e1rgy \u00e9s t\u00f6bb kapcsol\u00f3d\u00f3 t\u00e1rgy oktat\u00e1sa az egyetemi alap-, szak- \u00e9s tov\u00e1bbk\u00e9pz\u00e9sben, tov\u00e1bb\u00e1 a Doktori Iskol\u00e1ban gy\u00f3gyszer\u00e9sz, valamint m\u00e1s term\u00e9szettudom\u00e1nyi \u00e9s orvostudom\u00e1nyi szakos egyetemist\u00e1k \u00e9s diplom\u00e1sok sz\u00e1m\u00e1ra. A Gy\u00f3gyszerk\u00e9mia \u00e9s Anal\u00edzis f\u0151t\u00e1rgy k\u00e9tf\u00e9l\u00e9ves t\u00e1rgy. Az els\u0151 f\u00e9l\u00e9vet kollokvium z\u00e1rja, melyet a m\u00e1sodik f\u00e9l\u00e9v v\u00e9g\u00e9n szigorlat &hellip;<\/p>\n","protected":false},"author":8,"featured_media":0,"parent":0,"menu_order":3,"comment_status":"closed","ping_status":"closed","template":"","meta":{"_acf_changed":false,"footnotes":""},"categories":[19,22],"tags":[],"class_list":["post-10","page","type-page","status-publish","hentry","category-fomenu","category-oktatas"],"acf":[],"_links":{"self":[{"href":"https:\/\/semmelweis.hu\/gyogyszereszi-kemia\/wp-json\/wp\/v2\/pages\/10","targetHints":{"allow":["GET"]}}],"collection":[{"href":"https:\/\/semmelweis.hu\/gyogyszereszi-kemia\/wp-json\/wp\/v2\/pages"}],"about":[{"href":"https:\/\/semmelweis.hu\/gyogyszereszi-kemia\/wp-json\/wp\/v2\/types\/page"}],"author":[{"embeddable":true,"href":"https:\/\/semmelweis.hu\/gyogyszereszi-kemia\/wp-json\/wp\/v2\/users\/8"}],"replies":[{"embeddable":true,"href":"https:\/\/semmelweis.hu\/gyogyszereszi-kemia\/wp-json\/wp\/v2\/comments?post=10"}],"version-history":[{"count":10,"href":"https:\/\/semmelweis.hu\/gyogyszereszi-kemia\/wp-json\/wp\/v2\/pages\/10\/revisions"}],"predecessor-version":[{"id":2483,"href":"https:\/\/semmelweis.hu\/gyogyszereszi-kemia\/wp-json\/wp\/v2\/pages\/10\/revisions\/2483"}],"wp:attachment":[{"href":"https:\/\/semmelweis.hu\/gyogyszereszi-kemia\/wp-json\/wp\/v2\/media?parent=10"}],"wp:term":[{"taxonomy":"category","embeddable":true,"href":"https:\/\/semmelweis.hu\/gyogyszereszi-kemia\/wp-json\/wp\/v2\/categories?post=10"},{"taxonomy":"post_tag","embeddable":true,"href":"https:\/\/semmelweis.hu\/gyogyszereszi-kemia\/wp-json\/wp\/v2\/tags?post=10"}],"curies":[{"name":"wp","href":"https:\/\/api.w.org\/{rel}","templated":true}]}}