{"id":923,"date":"2019-05-16T12:38:22","date_gmt":"2019-05-16T10:38:22","guid":{"rendered":"http:\/\/semmelweis.hu\/gyogyszereszeti-intezet\/?page_id=923"},"modified":"2019-07-05T12:31:22","modified_gmt":"2019-07-05T10:31:22","slug":"arzneimittelherstellung-in-der-apotheke","status":"publish","type":"page","link":"https:\/\/semmelweis.hu\/gyogyszereszeti-intezet\/de\/bildung\/arzneimittelherstellung-in-der-apotheke\/","title":{"rendered":"Arzneimittelherstellung in der Apotheke &#8211; Wahlf\u00e4cher"},"content":{"rendered":"<p style=\"text-align: justify\">Das Ziel des Faches ist, dass die Pharmaziestudenten die unentbehrliche moderne Ansicht der magistralen Herstellung (Rezeptur) kennenlernen sollen und die moderne, spezielle Herstellungsverfahren sich aneignen sollen. Das Fach befasst sich mit den speziellen Herstellungsmethoden, die in einer Apotheke verwendet werden k\u00f6nnen. M\u00f6gliche Unvertr\u00e4glichkeiten unter den Wirkstoffen, Hilfstoffen und Verpackungsmaterialien werden diskutiert. Die speziellen Hinweise zum Gebrauch von medizinischen Hilfsmitteln und die m\u00f6glichen Herstellungsmethoden von komplexen Rezepturen werden besprochen.<\/p>\n<table width=\"102%\">\n<tbody>\n<tr>\n<td width=\"100%\">\n<p><strong>Thematik der Vorlesungen:<\/strong><\/p>\n<ol>\n<li>Woche: Einf\u00fchrung, potenzielle Herstellungstechniken in der Apotheke<\/li>\n<li>Woche: Patientenorientierte Arzneimittelherstellung<\/li>\n<li>Woche: Pharmazeutisch-technologische Inkompatibilit\u00e4ten<\/li>\n<li>Woche: Inkompatibilit\u00e4ten<\/li>\n<li>Woche: Arzneimittelherstellung in Bezug auf das Arzneibuch<\/li>\n<li>Woche: Praktische Probleme bei der Magistralherstellung<\/li>\n<li>Woche: \u00dcberpr\u00fcfung der Dosierung. Synonyme<\/li>\n<li>Woche: Individuelle komplexe Magistralrezepturen I.<\/li>\n<li>Woche: Individuelle komplexe Magistralrezepturen II.<\/li>\n<li>Woche: Individuelle komplexe Magistralrezepturen III.<\/li>\n<li>Woche: Individuelle komplexe Magistralrezepturen IV.<\/li>\n<li>Woche: Medizinische Hilfsmittel in der Apotheke I.<\/li>\n<li>Woche: Medizinische Hilfsmittel in der Apotheke II.<\/li>\n<li>Woche: Zusammenfassende \u00dcbersicht, Konsultation<\/li>\n<\/ol>\n<\/td>\n<\/tr>\n<\/tbody>\n<\/table>\n<p>&nbsp;<\/p>\n","protected":false},"excerpt":{"rendered":"<p>Das Ziel des Faches ist, dass die Pharmaziestudenten die unentbehrliche moderne Ansicht der magistralen Herstellung (Rezeptur) kennenlernen sollen und die moderne, spezielle Herstellungsverfahren sich aneignen sollen. Das Fach befasst sich mit den speziellen Herstellungsmethoden, die in einer Apotheke verwendet werden k\u00f6nnen. M\u00f6gliche Unvertr\u00e4glichkeiten unter den Wirkstoffen, Hilfstoffen und Verpackungsmaterialien werden diskutiert. Die speziellen Hinweise zum &hellip;<\/p>\n","protected":false},"author":114,"featured_media":0,"parent":871,"menu_order":5,"comment_status":"closed","ping_status":"closed","template":"","meta":{"_acf_changed":false,"footnotes":""},"categories":[],"tags":[],"class_list":["post-923","page","type-page","status-publish","hentry"],"acf":[],"_links":{"self":[{"href":"https:\/\/semmelweis.hu\/gyogyszereszeti-intezet\/wp-json\/wp\/v2\/pages\/923","targetHints":{"allow":["GET"]}}],"collection":[{"href":"https:\/\/semmelweis.hu\/gyogyszereszeti-intezet\/wp-json\/wp\/v2\/pages"}],"about":[{"href":"https:\/\/semmelweis.hu\/gyogyszereszeti-intezet\/wp-json\/wp\/v2\/types\/page"}],"author":[{"embeddable":true,"href":"https:\/\/semmelweis.hu\/gyogyszereszeti-intezet\/wp-json\/wp\/v2\/users\/114"}],"replies":[{"embeddable":true,"href":"https:\/\/semmelweis.hu\/gyogyszereszeti-intezet\/wp-json\/wp\/v2\/comments?post=923"}],"version-history":[{"count":3,"href":"https:\/\/semmelweis.hu\/gyogyszereszeti-intezet\/wp-json\/wp\/v2\/pages\/923\/revisions"}],"predecessor-version":[{"id":1010,"href":"https:\/\/semmelweis.hu\/gyogyszereszeti-intezet\/wp-json\/wp\/v2\/pages\/923\/revisions\/1010"}],"up":[{"embeddable":true,"href":"https:\/\/semmelweis.hu\/gyogyszereszeti-intezet\/wp-json\/wp\/v2\/pages\/871"}],"wp:attachment":[{"href":"https:\/\/semmelweis.hu\/gyogyszereszeti-intezet\/wp-json\/wp\/v2\/media?parent=923"}],"wp:term":[{"taxonomy":"category","embeddable":true,"href":"https:\/\/semmelweis.hu\/gyogyszereszeti-intezet\/wp-json\/wp\/v2\/categories?post=923"},{"taxonomy":"post_tag","embeddable":true,"href":"https:\/\/semmelweis.hu\/gyogyszereszeti-intezet\/wp-json\/wp\/v2\/tags?post=923"}],"curies":[{"name":"wp","href":"https:\/\/api.w.org\/{rel}","templated":true}]}}