{"id":9,"date":"2012-06-19T06:51:12","date_gmt":"2012-06-19T06:51:12","guid":{"rendered":"http:\/\/semmelweis-egyetem.hu\/gyogyszereszeti-intezet\/?page_id=9"},"modified":"2022-10-25T11:39:29","modified_gmt":"2022-10-25T09:39:29","slug":"klinikai-farmakokinetika-es-biofarmacia","status":"publish","type":"page","link":"https:\/\/semmelweis.hu\/gyogyszereszeti-intezet\/oktatas\/klinikai-farmakokinetika-es-biofarmacia\/","title":{"rendered":"Klinikai farmakokinetika \u00e9s biofarm\u00e1cia"},"content":{"rendered":"<p style=\"text-align: justify\">A biofarm\u00e1cia t\u00e1rgyalja azokat az ismereteket, amelyek r\u00e9v\u00e9n \u00f6sszef\u00fcgg\u00e9sek mutathat\u00f3k ki az alkalmazott hat\u00f3anyag szervezetbeni sorsa, a gy\u00f3gyszerhat\u00e1s id\u0151beli lefut\u00e1sa \u00e9s intenzit\u00e1sa valamint a hat\u00f3anyag \u00e9s gy\u00f3gyszerforma fizikai k\u00e9miai tulajdons\u00e1gai k\u00f6z\u00f6tt. Ehhez sz\u00fcks\u00e9ges a szervezetben lej\u00e1tsz\u00f3d\u00f3 folyamatok farmakokinetikai \u00e9rtelmez\u00e9se, a hat\u00f3anyag-felsz\u00edv\u00f3d\u00e1s, &#8211; eloszl\u00e1s, -metabolizmus \u00e9s -ki\u00fcr\u00fcl\u00e9s mennyis\u00e9gi viszonyainak, valamint ezek id\u0151beli lefut\u00e1s\u00e1nak kvalitat\u00edv \u00e9s kvantitat\u00edv le\u00edr\u00e1sa. A gyakorlati k\u00e9pz\u00e9s sor\u00e1n a hallgat\u00f3 feladatokat v\u00e9gez az in vitro \u00e9s in vivo vizsg\u00e1l\u00f3 m\u00f3dszerek, bioanalitikai elj\u00e1r\u00e1sok alkalmaz\u00e1s\u00e1val, tov\u00e1bb\u00e1 tapasztalatokra tesz szert a farmakokinetika param\u00e9terek matematikai meghat\u00e1roz\u00e1s\u00e1ban illetve azok alapj\u00e1n sz\u00e1m\u00edt\u00f3g\u00e9pes szimul\u00e1ci\u00f3 lehet\u0151s\u00e9geiben.<\/p>\n<p><strong>Tematika:<\/strong><\/p>\n<ol>\n<li>A biofarm\u00e1ciai szeml\u00e9let kialakul\u00e1sa \u00e9s jelent\u0151s\u00e9ge.<\/li>\n<li>Farmakokinetikai modellek \u00e9s param\u00e9terek I.<\/li>\n<li>A gy\u00f3gyszer szervezetbeni sorsa. A LADME-modell.<\/li>\n<li>Hat\u00f3anyag felszabadul\u00e1s. A Biofarm\u00e1ciai Oszt\u00e1lyoz\u00e1si rendszer.<\/li>\n<li>Transzport folyamatok \u00e9s felsz\u00edv\u00f3d\u00e1s. A felsz\u00edv\u00f3d\u00e1st befoly\u00e1sol\u00f3 t\u00e9nyez\u0151k.<\/li>\n<li>Farmakokinetikai modellek \u00e9s param\u00e9terek. Egyszeri \u00e9s t\u00f6bbsz\u00f6ri adagol\u00e1s.<\/li>\n<li>Metabolizmus \u00e9s biofarm\u00e1ciai vonatkoz\u00e1sai. Bioanalitika jelent\u0151s\u00e9ge.<\/li>\n<li>Exkr\u00e9ci\u00f3, kiv\u00e1laszt\u00e1si folyamatok.<\/li>\n<li>A farmakokinetikai elemz\u00e9s m\u00f3dszerei. Kompartment modellek \u00e9s egy\u00e9b megk\u00f6zel\u00edt\u00e9sek.<\/li>\n<li>Biol\u00f3giai hasznos\u00edthat\u00f3s\u00e1g \u00e9s bioekvivalencia. \u00c9telinterakci\u00f3 jelent\u0151s\u00e9ge.<\/li>\n<li>Farmakokinetikai vizsg\u00e1latok a gy\u00f3gyszerkutat\u00e1s- \u00e9s fejleszt\u00e9s sor\u00e1n.<\/li>\n<li>Biofarm\u00e1ciai \u00e9s farmakokinetikai vizsg\u00e1latok, <em>in vitro<\/em> \u00e9s <em>in vivo <\/em>korrel\u00e1ci\u00f3.<\/li>\n<\/ol>\n","protected":false},"excerpt":{"rendered":"<p>A biofarm\u00e1cia t\u00e1rgyalja azokat az ismereteket, amelyek r\u00e9v\u00e9n \u00f6sszef\u00fcgg\u00e9sek mutathat\u00f3k ki az alkalmazott hat\u00f3anyag szervezetbeni sorsa, a gy\u00f3gyszerhat\u00e1s id\u0151beli lefut\u00e1sa \u00e9s intenzit\u00e1sa valamint a hat\u00f3anyag \u00e9s gy\u00f3gyszerforma fizikai k\u00e9miai tulajdons\u00e1gai k\u00f6z\u00f6tt. Ehhez sz\u00fcks\u00e9ges a szervezetben lej\u00e1tsz\u00f3d\u00f3 folyamatok farmakokinetikai \u00e9rtelmez\u00e9se, a hat\u00f3anyag-felsz\u00edv\u00f3d\u00e1s, &#8211; eloszl\u00e1s, -metabolizmus \u00e9s -ki\u00fcr\u00fcl\u00e9s mennyis\u00e9gi viszonyainak, valamint ezek id\u0151beli lefut\u00e1s\u00e1nak kvalitat\u00edv \u00e9s kvantitat\u00edv &hellip;<\/p>\n","protected":false},"author":8,"featured_media":0,"parent":7,"menu_order":2,"comment_status":"closed","ping_status":"closed","template":"","meta":{"_acf_changed":false,"footnotes":""},"categories":[],"tags":[],"class_list":["post-9","page","type-page","status-publish","hentry"],"acf":[],"_links":{"self":[{"href":"https:\/\/semmelweis.hu\/gyogyszereszeti-intezet\/wp-json\/wp\/v2\/pages\/9","targetHints":{"allow":["GET"]}}],"collection":[{"href":"https:\/\/semmelweis.hu\/gyogyszereszeti-intezet\/wp-json\/wp\/v2\/pages"}],"about":[{"href":"https:\/\/semmelweis.hu\/gyogyszereszeti-intezet\/wp-json\/wp\/v2\/types\/page"}],"author":[{"embeddable":true,"href":"https:\/\/semmelweis.hu\/gyogyszereszeti-intezet\/wp-json\/wp\/v2\/users\/8"}],"replies":[{"embeddable":true,"href":"https:\/\/semmelweis.hu\/gyogyszereszeti-intezet\/wp-json\/wp\/v2\/comments?post=9"}],"version-history":[{"count":10,"href":"https:\/\/semmelweis.hu\/gyogyszereszeti-intezet\/wp-json\/wp\/v2\/pages\/9\/revisions"}],"predecessor-version":[{"id":1434,"href":"https:\/\/semmelweis.hu\/gyogyszereszeti-intezet\/wp-json\/wp\/v2\/pages\/9\/revisions\/1434"}],"up":[{"embeddable":true,"href":"https:\/\/semmelweis.hu\/gyogyszereszeti-intezet\/wp-json\/wp\/v2\/pages\/7"}],"wp:attachment":[{"href":"https:\/\/semmelweis.hu\/gyogyszereszeti-intezet\/wp-json\/wp\/v2\/media?parent=9"}],"wp:term":[{"taxonomy":"category","embeddable":true,"href":"https:\/\/semmelweis.hu\/gyogyszereszeti-intezet\/wp-json\/wp\/v2\/categories?post=9"},{"taxonomy":"post_tag","embeddable":true,"href":"https:\/\/semmelweis.hu\/gyogyszereszeti-intezet\/wp-json\/wp\/v2\/tags?post=9"}],"curies":[{"name":"wp","href":"https:\/\/api.w.org\/{rel}","templated":true}]}}