{"id":6,"date":"2012-06-19T06:51:20","date_gmt":"2012-06-19T06:51:20","guid":{"rendered":"http:\/\/semmelweis-egyetem.hu\/gyogyszereszeti-intezet\/?page_id=6"},"modified":"2019-07-04T09:35:50","modified_gmt":"2019-07-04T07:35:50","slug":"rolunk","status":"publish","type":"page","link":"https:\/\/semmelweis.hu\/gyogyszereszeti-intezet\/rolunk\/","title":{"rendered":"R\u00f3lunk"},"content":{"rendered":"<p style=\"text-align: justify;\">Az 1935-ben alap\u00edtott Gy\u00f3gyszer\u00e9szeti Int\u00e9zet\u00a0 a Gy\u00f3gyszer\u00e9sztudom\u00e1nyi Kar gradu\u00e1lis k\u00e9pz\u00e9s\u00e9ben \u00e9vente mintegy 400 magyar \u00e9s k\u00fclf\u00f6ldi hallgat\u00f3 gyakorlati \u00e9s elm\u00e9leti oktat\u00e1s\u00e1ban vesz r\u00e9szt t\u00f6bb \u00e9vfolyamon. Az Int\u00e9zet fontos feladata a posztgradu\u00e1lis k\u00e9pz\u00e9s is, ezen bel\u00fcl egyr\u00e9szt a szakir\u00e1ny\u00fa szakk\u00e9pz\u00e9s (gy\u00f3gyszertechnol\u00f3gia), tov\u00e1bbk\u00e9pz\u00e9s, illet\u00f5leg akkredit\u00e1lt t\u00e9m\u00e1kkal val\u00f3 r\u00e9szv\u00e9tel a PhD-k\u00e9pz\u00e9sben.<\/p>\n<p><a href=\"https:\/\/semmelweis.hu\/gyogyszereszeti-intezet\/files\/2019\/07\/RS22504__ZZS9727-scr.jpg\"><img loading=\"lazy\" decoding=\"async\" class=\"size-full wp-image-966 aligncenter\" src=\"https:\/\/semmelweis.hu\/gyogyszereszeti-intezet\/files\/2019\/07\/RS22504__ZZS9727-scr.jpg\" alt=\"\" width=\"950\" height=\"604\" srcset=\"https:\/\/semmelweis.hu\/gyogyszereszeti-intezet\/files\/2019\/07\/RS22504__ZZS9727-scr.jpg 950w, https:\/\/semmelweis.hu\/gyogyszereszeti-intezet\/files\/2019\/07\/RS22504__ZZS9727-scr-300x191.jpg 300w, https:\/\/semmelweis.hu\/gyogyszereszeti-intezet\/files\/2019\/07\/RS22504__ZZS9727-scr-768x488.jpg 768w, https:\/\/semmelweis.hu\/gyogyszereszeti-intezet\/files\/2019\/07\/RS22504__ZZS9727-scr-472x300.jpg 472w\" sizes=\"auto, (max-width: 950px) 100vw, 950px\" \/><\/a><\/p>\n<p style=\"text-align: justify;\">Kutat\u00e1si ter\u00fcleteink k\u00f6z\u00f6tt els\u0151sorban a gy\u00f3gyszerforma-tervez\u00e9s technol\u00f3giai \u00e9s biofarm\u00e1ciai-farmakokinetikai t\u00e9m\u00e1i \u00e1llnak a k\u00f6z\u00e9ppontban.<\/p>\n<p><b>Az Int\u00e9zet t\u00f6rt\u00e9nete<\/b><\/p>\n<p style=\"text-align: justify;\">Az 1935-ben alap\u00edtott Gy\u00f3gyszer\u00e9szeti Int\u00e9zet els\u0151 igazgat\u00f3ja Mozsonyi S\u00e1ndor volt, akinek nev\u00e9hez nemcsak az int\u00e9zet adom\u00e1nyokb\u00f3l t\u00f6rt\u00e9n\u0151 felszerel\u00e9se f\u0171z\u0151dik, hanem 1955-ben a Gy\u00f3gyszer\u00e9sztudom\u00e1nyi Kar megalap\u00edt\u00e1sa \u00e9s d\u00e9k\u00e1nk\u00e9nt ir\u00e1ny\u00edt\u00e1sa (1955-1962).<\/p>\n<p><a href=\"https:\/\/semmelweis.hu\/gyogyszereszeti-intezet\/files\/2019\/07\/gyogyszertar-labor-kicsi-1938.jpg\"><img loading=\"lazy\" decoding=\"async\" class=\"aligncenter size-large wp-image-951\" src=\"https:\/\/semmelweis.hu\/gyogyszereszeti-intezet\/files\/2019\/07\/gyogyszertar-labor-kicsi-1938-1024x710.jpg\" alt=\"\" width=\"690\" height=\"478\" srcset=\"https:\/\/semmelweis.hu\/gyogyszereszeti-intezet\/files\/2019\/07\/gyogyszertar-labor-kicsi-1938-1024x710.jpg 1024w, https:\/\/semmelweis.hu\/gyogyszereszeti-intezet\/files\/2019\/07\/gyogyszertar-labor-kicsi-1938-300x208.jpg 300w, https:\/\/semmelweis.hu\/gyogyszereszeti-intezet\/files\/2019\/07\/gyogyszertar-labor-kicsi-1938-768x532.jpg 768w, https:\/\/semmelweis.hu\/gyogyszereszeti-intezet\/files\/2019\/07\/gyogyszertar-labor-kicsi-1938-433x300.jpg 433w, https:\/\/semmelweis.hu\/gyogyszereszeti-intezet\/files\/2019\/07\/gyogyszertar-labor-kicsi-1938-175x120.jpg 175w, https:\/\/semmelweis.hu\/gyogyszereszeti-intezet\/files\/2019\/07\/gyogyszertar-labor-kicsi-1938.jpg 1200w\" sizes=\"auto, (max-width: 690px) 100vw, 690px\" \/><\/a><\/p>\n<p style=\"text-align: justify;\">Pandula Egon 1962-ben vette \u00e1t a tansz\u00e9k vezet\u00e9s\u00e9t \u00e9s figyelmet ford\u00edtott a gy\u00f3gyszeripari szeml\u00e9let \u00e9s kapcsolatok fejleszt\u00e9s\u00e9re.\u00a0Gyarmati L\u00e1szl\u00f3 1970-ben igazgat\u00f3k\u00e9nt a biofarm\u00e1ciai szeml\u00e9letet, a gy\u00f3gyszerforma \u00e9s gy\u00f3gyszerhat\u00e1s \u00f6sszef\u00fcgg\u00e9seit helyezte k\u00f6z\u00e9ppontba. R\u00e1cz Istv\u00e1n vezet\u0151k\u00e9nt (1980\u20131998) sz\u00e1mos \u00faj t\u00e1rgy bevezet\u00e9s\u00e9vel b\u0151v\u00edtette az Int\u00e9zet oktat\u00e1si palett\u00e1j\u00e1t, meger\u0151s\u00edtette az egy\u00fcttm\u0171k\u00f6d\u00e9st a hazai \u00e9s nemzetk\u00f6zi gy\u00f3gyszeripar kutat\u00f3helyeivel. D\u00e9k\u00e1ns\u00e1ga alatt (1990-1996) a kar h\u00e1romszor nyerte el a Fels\u0151oktat\u00e1si Fejleszt\u00e9si Alap (FEFA) p\u00e1ly\u00e1zatait, ami lehet\u0151v\u00e9 tette a m\u0171szer\u00e1llom\u00e1ny jelent\u0151s korszer\u0171s\u00edt\u00e9s\u00e9t. Az egyetemen a Gy\u00f3gyszer\u00e9sztudom\u00e1nyi Kar nyerte el els\u0151k\u00e9nt a PhD-k\u00e9pz\u00e9s akkredit\u00e1ci\u00f3j\u00e1t 1993-ban. Marton Sylvia vezet\u00e9se alatt (1998-2003) sz\u00e1mos \u00faj gyakorlati jegyzet jelent meg.<\/p>\n<p style=\"text-align: justify;\">2003. j\u00falius 1-t\u0151l 2004. j\u00falius 31-ig Antal Istv\u00e1n megb\u00edzott igazgat\u00f3k\u00e9nt vezette az Int\u00e9zetet felgyors\u00edtva az oktat\u00e1s tematikai \u00e9s szeml\u00e9leti korszer\u0171s\u00edt\u00e9s\u00e9t. A megkezdett rekonstrukci\u00f3 eredm\u00e9nyek\u00e9nt ker\u00fclt sor a fel\u00faj\u00edtott Dr. Mozsonyi S\u00e1ndor Tangy\u00f3gyszert\u00e1r felavat\u00e1s\u00e1ra 2004-ben. 2004. augusztus 1. \u00e9s 2014. j\u00fanius 30. k\u00f6z\u00f6tt Klebovich Imre t\u00f6lt\u00f6tte be az int\u00e9zetigazgat\u00f3i tiszts\u00e9get, ezzel n\u00f6vekv\u0151 szerepet kapott az elv\u00e1laszt\u00e1stechnika, a bioanalitika, a farmakokinetika, valamint a bioekvivalencia \u00e9s gy\u00f3gyszer-\u00e9telinterakci\u00f3 vizsg\u00e1lata.<\/p>\n<p style=\"text-align: justify;\">2005-ben a Gy\u00f3gyszer\u00e9sztudom\u00e1nyi Kart\u00f3l, az EGIS Gy\u00f3gyszergy\u00e1r Nyrt-t\u0151l, a Richter Gedeon Nyrt-t\u0151l, sz\u00e1mos egy\u00e9b c\u00e9gt\u0151l \u00e9s mag\u00e1nt\u00e1mogat\u00f3t\u00f3l, valamint k\u00fclf\u00f6ldi egy\u00fcttm\u0171k\u00f6d\u0151 partnert\u0151l kapott t\u00e1mogat\u00e1soknak k\u00f6sz\u00f6nhet\u0151en az Int\u00e9zet jelent\u0151s r\u00e9szben meg\u00fajult, az Int\u00e9zet 70 \u00e9s 75 \u00e9ves jubileum\u00e1ra reprezentat\u00edv kiadv\u00e1nyok k\u00e9sz\u00fcltek. 2014-ben \u00fajb\u00f3l Antal Istv\u00e1n kapott megb\u00edz\u00e1st az int\u00e9zetigazgat\u00f3i feladatok ell\u00e1t\u00e1s\u00e1ra.<\/p>\n","protected":false},"excerpt":{"rendered":"<p>Az 1935-ben alap\u00edtott Gy\u00f3gyszer\u00e9szeti Int\u00e9zet\u00a0 a Gy\u00f3gyszer\u00e9sztudom\u00e1nyi Kar gradu\u00e1lis k\u00e9pz\u00e9s\u00e9ben \u00e9vente mintegy 400 magyar \u00e9s k\u00fclf\u00f6ldi hallgat\u00f3 gyakorlati \u00e9s elm\u00e9leti oktat\u00e1s\u00e1ban vesz r\u00e9szt t\u00f6bb \u00e9vfolyamon. Az Int\u00e9zet fontos feladata a posztgradu\u00e1lis k\u00e9pz\u00e9s is, ezen bel\u00fcl egyr\u00e9szt a szakir\u00e1ny\u00fa szakk\u00e9pz\u00e9s (gy\u00f3gyszertechnol\u00f3gia), tov\u00e1bbk\u00e9pz\u00e9s, illet\u00f5leg akkredit\u00e1lt t\u00e9m\u00e1kkal val\u00f3 r\u00e9szv\u00e9tel a PhD-k\u00e9pz\u00e9sben. <a href=\"https:\/\/semmelweis.hu\/gyogyszereszeti-intezet\/files\/2019\/07\/RS22504__ZZS9727-scr.jpg\"><\/a> Kutat\u00e1si ter\u00fcleteink k\u00f6z\u00f6tt els\u0151sorban a gy\u00f3gyszerforma-tervez\u00e9s technol\u00f3giai &hellip;<\/p>\n","protected":false},"author":8,"featured_media":994,"parent":0,"menu_order":0,"comment_status":"open","ping_status":"open","template":"","meta":{"_acf_changed":false,"footnotes":""},"categories":[],"tags":[],"class_list":["post-6","page","type-page","status-publish","has-post-thumbnail","hentry"],"acf":[],"_links":{"self":[{"href":"https:\/\/semmelweis.hu\/gyogyszereszeti-intezet\/wp-json\/wp\/v2\/pages\/6","targetHints":{"allow":["GET"]}}],"collection":[{"href":"https:\/\/semmelweis.hu\/gyogyszereszeti-intezet\/wp-json\/wp\/v2\/pages"}],"about":[{"href":"https:\/\/semmelweis.hu\/gyogyszereszeti-intezet\/wp-json\/wp\/v2\/types\/page"}],"author":[{"embeddable":true,"href":"https:\/\/semmelweis.hu\/gyogyszereszeti-intezet\/wp-json\/wp\/v2\/users\/8"}],"replies":[{"embeddable":true,"href":"https:\/\/semmelweis.hu\/gyogyszereszeti-intezet\/wp-json\/wp\/v2\/comments?post=6"}],"version-history":[{"count":10,"href":"https:\/\/semmelweis.hu\/gyogyszereszeti-intezet\/wp-json\/wp\/v2\/pages\/6\/revisions"}],"predecessor-version":[{"id":968,"href":"https:\/\/semmelweis.hu\/gyogyszereszeti-intezet\/wp-json\/wp\/v2\/pages\/6\/revisions\/968"}],"wp:featuredmedia":[{"embeddable":true,"href":"https:\/\/semmelweis.hu\/gyogyszereszeti-intezet\/wp-json\/wp\/v2\/media\/994"}],"wp:attachment":[{"href":"https:\/\/semmelweis.hu\/gyogyszereszeti-intezet\/wp-json\/wp\/v2\/media?parent=6"}],"wp:term":[{"taxonomy":"category","embeddable":true,"href":"https:\/\/semmelweis.hu\/gyogyszereszeti-intezet\/wp-json\/wp\/v2\/categories?post=6"},{"taxonomy":"post_tag","embeddable":true,"href":"https:\/\/semmelweis.hu\/gyogyszereszeti-intezet\/wp-json\/wp\/v2\/tags?post=6"}],"curies":[{"name":"wp","href":"https:\/\/api.w.org\/{rel}","templated":true}]}}