{"id":1505,"date":"2022-10-25T11:13:21","date_gmt":"2022-10-25T09:13:21","guid":{"rendered":"https:\/\/semmelweis.hu\/gyogyszereszeti-intezet\/?page_id=1505"},"modified":"2022-10-25T11:44:18","modified_gmt":"2022-10-25T09:44:18","slug":"biologiai-gyogyszerek","status":"publish","type":"page","link":"https:\/\/semmelweis.hu\/gyogyszereszeti-intezet\/oktatas\/biologiai-gyogyszerek\/","title":{"rendered":"Biol\u00f3giai Gy\u00f3gyszerek"},"content":{"rendered":"<p>A \u201eBiol\u00f3giai gy\u00f3gyszerek\u201d t\u00e1rgy oktat\u00e1s\u00e1nak c\u00e9lja, hogy a hallgat\u00f3 \u00e1ttekint\u00e9st kapjon a biol\u00f3giai ter\u00e1pi\u00e1ban jelent\u0151s makromolekul\u00e1kr\u00f3l, el\u0151\u00e1ll\u00edt\u00e1sukr\u00f3l, a forgalomba hozatal hat\u00f3s\u00e1gi szab\u00e1lyoz\u00e1s\u00e1r\u00f3l \u00e9s a\u00a0 min\u0151s\u00e9gi \u00e9s mennyis\u00e9gi meghat\u00e1roz\u00e1s\u00e1ra leggyakrabban alkalmazott analitikai technik\u00e1kr\u00f3l, k\u00fcl\u00f6n\u00f6s tekintettel a biol\u00f3giai k\u00e9sz\u00edtm\u00e9nyek fejleszt\u00e9se ill. gy\u00e1rt\u00e1sa (min\u0151s\u00e9gellen\u0151rz\u00e9s) sor\u00e1n haszn\u00e1lt m\u00f3dszerekre.<\/p>\n<p>&nbsp;<\/p>\n<p><strong>Elm\u00e9leti \u00f3r\u00e1k tematik\u00e1ja<\/strong><\/p>\n<ol>\n<li>Defin\u00edci\u00f3k, szerkezet, tulajdons\u00e1gok (biologikumok, bioszimil\u00e1rs gy\u00f3gyszerek).<\/li>\n<li>Biol\u00f3gia gy\u00f3gyszerek feloszt\u00e1sa, ter\u00e1pi\u00e1s vonatkoz\u00e1sai.<\/li>\n<li>Biol\u00f3giai gy\u00f3gyszerek farmakokinetikai jellemz\u0151i.<\/li>\n<li>Biol\u00f3giai gy\u00f3gyszerek szervezetbe juttat\u00e1s\u00e1nak lehet\u0151s\u00e9gei, formul\u00e1l\u00e1s szempontjai.<\/li>\n<li>Biol\u00f3giai gy\u00f3gyszerek el\u0151\u00e1ll\u00edt\u00e1sa \u00e9s a min\u0151s\u00e9g technol\u00f3giai vonatkoz\u00e1sai.<\/li>\n<li>Fejlett ter\u00e1pi\u00e1s gy\u00f3gyszerek: g\u00e9nter\u00e1pi\u00e1s, sejtter\u00e1pi\u00e1s, m\u00f3dos\u00edtott sz\u00f6vetalap\u00fa k\u00e9sz\u00edtm\u00e9nyek.<\/li>\n<li>Rekombin\u00e1ns technol\u00f3gi\u00e1val el\u0151\u00e1ll\u00edtott feh\u00e9rj\u00e9k, monoklon\u00e1lis antitestek.<\/li>\n<li>Biol\u00f3giai gy\u00f3gyszerek enged\u00e9lyez\u00e9s\u00e9nek szab\u00e1lyoz\u00e1sa.<\/li>\n<li>Biol\u00f3giai gy\u00f3gyszerek min\u0151s\u00e9gi jellemz\u00e9se: Mintael\u0151k\u00e9sz\u00edt\u00e9s; Elv\u00e1laszt\u00e1stechnikai m\u00f3dszerek; Spektroszk\u00f3pi\u00e1s m\u00f3dszerek.<\/li>\n<li>Biol\u00f3giai gy\u00f3gyszerek min\u0151s\u00e9gi jellemz\u00e9se: T\u00f6megspektrometria.<\/li>\n<li>Biol\u00f3giai gy\u00f3gyszerek min\u0151s\u00e9gi jellemz\u00e9se: M\u00e1gneses magrezonancia anal\u00edzis.<\/li>\n<li>Biol\u00f3giai gy\u00f3gyszerek min\u0151s\u00e9gi jellemz\u00e9se: Molekul\u00e1ris biol\u00f3giai technik\u00e1k; Mikroszk\u00f3pos m\u00f3dszerek.<\/li>\n<li>Szerkezet meghat\u00e1roz\u00e1s feh\u00e9rjekrisztallog\u00e1fi\u00e1s technik\u00e1val, feh\u00e9rj\u00e9k kvantitat\u00edv jellemz\u00e9se.<\/li>\n<li>Bioinformatika, Feh\u00e9rje h\u00e1l\u00f3zatok.<\/li>\n<\/ol>\n","protected":false},"excerpt":{"rendered":"<p>A \u201eBiol\u00f3giai gy\u00f3gyszerek\u201d t\u00e1rgy oktat\u00e1s\u00e1nak c\u00e9lja, hogy a hallgat\u00f3 \u00e1ttekint\u00e9st kapjon a biol\u00f3giai ter\u00e1pi\u00e1ban jelent\u0151s makromolekul\u00e1kr\u00f3l, el\u0151\u00e1ll\u00edt\u00e1sukr\u00f3l, a forgalomba hozatal hat\u00f3s\u00e1gi szab\u00e1lyoz\u00e1s\u00e1r\u00f3l \u00e9s a\u00a0 min\u0151s\u00e9gi \u00e9s mennyis\u00e9gi meghat\u00e1roz\u00e1s\u00e1ra leggyakrabban alkalmazott analitikai technik\u00e1kr\u00f3l, k\u00fcl\u00f6n\u00f6s tekintettel a biol\u00f3giai k\u00e9sz\u00edtm\u00e9nyek fejleszt\u00e9se ill. gy\u00e1rt\u00e1sa (min\u0151s\u00e9gellen\u0151rz\u00e9s) sor\u00e1n haszn\u00e1lt m\u00f3dszerekre. &nbsp; Elm\u00e9leti \u00f3r\u00e1k tematik\u00e1ja Defin\u00edci\u00f3k, szerkezet, tulajdons\u00e1gok (biologikumok, bioszimil\u00e1rs gy\u00f3gyszerek). Biol\u00f3gia &hellip;<\/p>\n","protected":false},"author":114,"featured_media":0,"parent":7,"menu_order":9,"comment_status":"closed","ping_status":"closed","template":"","meta":{"_acf_changed":false,"footnotes":""},"categories":[],"tags":[],"class_list":["post-1505","page","type-page","status-publish","hentry"],"acf":[],"_links":{"self":[{"href":"https:\/\/semmelweis.hu\/gyogyszereszeti-intezet\/wp-json\/wp\/v2\/pages\/1505","targetHints":{"allow":["GET"]}}],"collection":[{"href":"https:\/\/semmelweis.hu\/gyogyszereszeti-intezet\/wp-json\/wp\/v2\/pages"}],"about":[{"href":"https:\/\/semmelweis.hu\/gyogyszereszeti-intezet\/wp-json\/wp\/v2\/types\/page"}],"author":[{"embeddable":true,"href":"https:\/\/semmelweis.hu\/gyogyszereszeti-intezet\/wp-json\/wp\/v2\/users\/114"}],"replies":[{"embeddable":true,"href":"https:\/\/semmelweis.hu\/gyogyszereszeti-intezet\/wp-json\/wp\/v2\/comments?post=1505"}],"version-history":[{"count":1,"href":"https:\/\/semmelweis.hu\/gyogyszereszeti-intezet\/wp-json\/wp\/v2\/pages\/1505\/revisions"}],"predecessor-version":[{"id":1506,"href":"https:\/\/semmelweis.hu\/gyogyszereszeti-intezet\/wp-json\/wp\/v2\/pages\/1505\/revisions\/1506"}],"up":[{"embeddable":true,"href":"https:\/\/semmelweis.hu\/gyogyszereszeti-intezet\/wp-json\/wp\/v2\/pages\/7"}],"wp:attachment":[{"href":"https:\/\/semmelweis.hu\/gyogyszereszeti-intezet\/wp-json\/wp\/v2\/media?parent=1505"}],"wp:term":[{"taxonomy":"category","embeddable":true,"href":"https:\/\/semmelweis.hu\/gyogyszereszeti-intezet\/wp-json\/wp\/v2\/categories?post=1505"},{"taxonomy":"post_tag","embeddable":true,"href":"https:\/\/semmelweis.hu\/gyogyszereszeti-intezet\/wp-json\/wp\/v2\/tags?post=1505"}],"curies":[{"name":"wp","href":"https:\/\/api.w.org\/{rel}","templated":true}]}}

Biológiai Gyógyszerek

<p>A „Biológiai gyógyszerek” tárgy oktatásának célja, hogy a hallgató áttekintést kapjon a biológiai terápiában jelentős makromolekulákról, előállításukról, a forgalomba hozatal hatósági szabályozásáról és a  minőségi és mennyiségi meghatározására leggyakrabban alkalmazott analitikai technikákról, különös tekintettel a biológiai készítmények fejlesztése ill. gyártása (minőségellenőrzés) során használt módszerekre.</p>
<p>&nbsp;</p>
<p><strong>Elméleti órák tematikája</strong></p>
<ol>
<li>Definíciók, szerkezet, tulajdonságok (biologikumok, bioszimilárs gyógyszerek).</li>
<li>Biológia gyógyszerek felosztása, terápiás vonatkozásai.</li>
<li>Biológiai gyógyszerek farmakokinetikai jellemzői.</li>
<li>Biológiai gyógyszerek szervezetbe juttatásának lehetőségei, formulálás szempontjai.</li>
<li>Biológiai gyógyszerek előállítása és a minőség technológiai vonatkozásai.</li>
<li>Fejlett terápiás gyógyszerek: génterápiás, sejtterápiás, módosított szövetalapú készítmények.</li>
<li>Rekombináns technológiával előállított fehérjék, monoklonális antitestek.</li>
<li>Biológiai gyógyszerek engedélyezésének szabályozása.</li>
<li>Biológiai gyógyszerek minőségi jellemzése: Mintaelőkészítés; Elválasztástechnikai módszerek; Spektroszkópiás módszerek.</li>
<li>Biológiai gyógyszerek minőségi jellemzése: Tömegspektrometria.</li>
<li>Biológiai gyógyszerek minőségi jellemzése: Mágneses magrezonancia analízis.</li>
<li>Biológiai gyógyszerek minőségi jellemzése: Molekuláris biológiai technikák; Mikroszkópos módszerek.</li>
<li>Szerkezet meghatározás fehérjekrisztallogáfiás technikával, fehérjék kvantitatív jellemzése.</li>
<li>Bioinformatika, Fehérje hálózatok.</li>
</ol>

<p>A „Biológiai gyógyszerek” tárgy oktatásának célja, hogy a hallgató áttekintést kapjon a biológiai terápiában jelentős makromolekulákról, előállításukról, a forgalomba hozatal hatósági szabályozásáról és a  minőségi és mennyiségi meghatározására leggyakrabban alkalmazott analitikai technikákról, különös tekintettel a biológiai készítmények fejlesztése ill. gyártása (minőségellenőrzés) során használt módszerekre. &nbsp; Elméleti órák tematikája Definíciók, szerkezet, tulajdonságok (biologikumok, bioszimilárs gyógyszerek). Biológia &hellip;</p>
